-- Table structure for table `ec_product_attributes`
--

CREATE TABLE `ec_product_attributes` (
  `id` bigint(20) UNSIGNED NOT NULL,
  `attribute_set_id` int(10) UNSIGNED NOT NULL,
  `title` varchar(120) COLLATE utf8mb4_unicode_ci NOT NULL,
  `slug` varchar(120) COLLATE utf8mb4_unicode_ci DEFAULT NULL,
  `color` varchar(50) COLLATE utf8mb4_unicode_ci DEFAULT NULL,
  `image` varchar(191) COLLATE utf8mb4_unicode_ci DEFAULT NULL,
  `is_default` tinyint(3) UNSIGNED NOT NULL DEFAULT '0',
  `order` tinyint(3) UNSIGNED NOT NULL DEFAULT '0',
  `status` varchar(60) COLLATE utf8mb4_unicode_ci NOT NULL DEFAULT 'published',
  `created_at` timestamp NULL DEFAULT NULL,
  `updated_at` timestamp NULL DEFAULT NULL
) ENGINE=InnoDB DEFAULT CHARSET=utf8mb4 COLLATE=utf8mb4_unicode_ci;

--
-- Dumping data for table `ec_product_attributes`
--

INSERT INTO `ec_product_attributes` (`id`, `attribute_set_id`, `title`, `slug`, `color`, `image`, `is_default`, `order`, `status`, `created_at`, `updated_at`) VALUES
(1, 1, 'Green', 'green', '#5FB7D4', NULL, 1, 1, 'published', '2021-09-15 18:44:43', '2021-09-15 18:44:43'),
(2, 1, 'Blue', 'blue', '#333333', NULL, 0, 2, 'published', '2021-09-15 18:44:43', '2021-09-15 18:44:43'),
(3, 1, 'Red', 'red', '#DA323F', NULL, 0, 3, 'published', '2021-09-15 18:44:43', '2021-09-15 18:44:43'),
(4, 1, 'Black', 'back', '#2F366C', NULL, 0, 4, 'published', '2021-09-15 18:44:43', '2021-09-15 18:44:43'),
(5, 1, 'Brown', 'brown', '#87554B', NULL, 0, 5, 'published', '2021-09-15 18:44:43', '2021-09-15 18:44:43'),
(12, 2, '115 ML', '115 ml', '', '', 0, 0, 'published', '2022-01-10 05:27:34', '2022-01-10 10:46:11'),
(13, 2, '450 ML', '450 ml', '', '', 0, 1, 'published', '2022-01-10 05:27:34', '2022-01-10 10:46:11'),
(14, 2, '100 ML', '100 ml', '', '', 0, 2, 'published', '2022-01-10 09:30:25', '2022-01-10 10:46:11'),
(15, 2, '180 ML', '180 ml', '', '', 0, 3, 'published', '2022-01-10 09:30:25', '2022-01-10 10:46:11'),
(16, 2, '60 ML', '60 ml', '', '', 0, 4, 'published', '2022-01-10 10:46:11', '2022-01-10 11:45:29'),
(17, 2, '25  GM', '25 gm', '', '', 0, 5, 'published', '2022-01-10 11:45:29', '2022-01-24 05:11:12'),
(18, 2, '450 GM', '450 gm', '', '', 0, 6, 'published', '2022-01-10 11:45:29', '2022-01-10 11:45:29'),
(19, 2, '50 Tablets', '50 tablets', '', '', 0, 7, 'published', '2022-01-24 05:11:12', '2022-01-31 10:33:47'),
(20, 2, '1000 Tablets', '1000 tablets', '', '', 0, 8, 'published', '2022-01-24 05:11:12', '2022-01-24 05:11:12'),
(21, 2, '30 ML', '30ml', '', '', 0, 9, 'published', '2022-01-31 10:33:47', '2022-01-31 12:08:13'),
(22, 2, '60 Tablets', '60 tablets', '', '', 0, 10, 'published', '2022-01-31 12:08:13', '2022-02-06 15:34:24'),
(23, 2, '30 Tablets', '30 tablets', '', '', 0, 11, 'published', '2022-02-06 15:34:24', '2022-02-09 10:32:49'),
(24, 2, '200 ML', '200 ml', '', '', 0, 12, 'published', '2022-02-09 10:32:49', '2022-02-09 11:22:18'),
(25, 2, '150 GM', '150 gm', '', '', 0, 13, 'published', '2022-02-09 11:22:18', '2022-02-09 11:47:11'),
(26, 2, '55 GM', '55 gm', '', '', 0, 14, 'published', '2022-02-09 11:47:11', '2022-04-19 17:56:28'),
(27, 2, '12GM', '12gm', '', '', 0, 15, 'published', '2022-04-19 17:56:28', '2022-10-15 14:37:49'),
(28, 2, '200ML', '200ML', '', '', 1, 16, 'published', '2022-10-15 14:40:24', '2022-10-15 14:40:24');

-- --------------------------------------------------------

--
-- Table structure for table `ec_product_attributes_translations`
--

CREATE TABLE `ec_product_attributes_translations` (
  `lang_code` varchar(191) COLLATE utf8mb4_unicode_ci NOT NULL,
  `ec_product_attributes_id` int(11) NOT NULL,
  `title` varchar(191) COLLATE utf8mb4_unicode_ci DEFAULT NULL
) ENGINE=InnoDB DEFAULT CHARSET=utf8mb4 COLLATE=utf8mb4_unicode_ci;

--
-- Dumping data for table `ec_product_attributes_translations`
--

INSERT INTO `ec_product_attributes_translations` (`lang_code`, `ec_product_attributes_id`, `title`) VALUES
('vi', 1, 'Xanh lá cây'),
('vi', 2, 'Xanh da trời'),
('vi', 3, 'Đỏ'),
('vi', 4, 'Đen'),
('vi', 5, 'Nâu'),
('vi', 12, '115 ML'),
('vi', 13, '450 ML'),
('vi', 14, '100 ML'),
('vi', 15, '180 ML'),
('vi', 16, '60 ML'),
('vi', 17, '25  GM'),
('vi', 18, '450 GM');

-- --------------------------------------------------------

--
-- Table structure for table `ec_product_attribute_sets`
--

CREATE TABLE `ec_product_attribute_sets` (
  `id` bigint(20) UNSIGNED NOT NULL,
  `title` varchar(120) COLLATE utf8mb4_unicode_ci NOT NULL,
  `slug` varchar(120) COLLATE utf8mb4_unicode_ci DEFAULT NULL,
  `display_layout` varchar(191) COLLATE utf8mb4_unicode_ci NOT NULL DEFAULT 'swatch_dropdown',
  `is_searchable` tinyint(3) UNSIGNED NOT NULL DEFAULT '1',
  `is_comparable` tinyint(3) UNSIGNED NOT NULL DEFAULT '1',
  `is_use_in_product_listing` tinyint(3) UNSIGNED NOT NULL DEFAULT '0',
  `status` varchar(60) COLLATE utf8mb4_unicode_ci NOT NULL DEFAULT 'published',
  `order` tinyint(3) UNSIGNED NOT NULL DEFAULT '0',
  `created_at` timestamp NULL DEFAULT NULL,
  `updated_at` timestamp NULL DEFAULT NULL
) ENGINE=InnoDB DEFAULT CHARSET=utf8mb4 COLLATE=utf8mb4_unicode_ci;

--
-- Dumping data for table `ec_product_attribute_sets`
--

INSERT INTO `ec_product_attribute_sets` (`id`, `title`, `slug`, `display_layout`, `is_searchable`, `is_comparable`, `is_use_in_product_listing`, `status`, `order`, `created_at`, `updated_at`) VALUES
(1, 'Color', 'color', 'visual', 1, 1, 1, 'published', 0, '2021-09-15 18:44:43', '2021-09-15 18:44:43'),
(2, 'Size', 'size', 'text', 1, 1, 1, 'published', 1, '2021-09-15 18:44:43', '2021-09-15 18:44:43');

-- --------------------------------------------------------

--
-- Table structure for table `ec_product_attribute_sets_translations`
--

CREATE TABLE `ec_product_attribute_sets_translations` (
  `lang_code` varchar(191) COLLATE utf8mb4_unicode_ci NOT NULL,
  `ec_product_attribute_sets_id` int(11) NOT NULL,
  `title` varchar(191) COLLATE utf8mb4_unicode_ci DEFAULT NULL
) ENGINE=InnoDB DEFAULT CHARSET=utf8mb4 COLLATE=utf8mb4_unicode_ci;

--
-- Dumping data for table `ec_product_attribute_sets_translations`
--

INSERT INTO `ec_product_attribute_sets_translations` (`lang_code`, `ec_product_attribute_sets_id`, `title`) VALUES
('vi', 1, 'Màu sắc'),
('vi', 2, 'Kích thước');

-- --------------------------------------------------------

--
-- Table structure for table `ec_product_categories`
--

CREATE TABLE `ec_product_categories` (
  `id` bigint(20) UNSIGNED NOT NULL,
  `name` varchar(191) COLLATE utf8mb4_unicode_ci NOT NULL,
  `parent_id` int(10) UNSIGNED DEFAULT '0',
  `description` mediumtext COLLATE utf8mb4_unicode_ci,
  `status` varchar(60) COLLATE utf8mb4_unicode_ci NOT NULL DEFAULT 'published',
  `order` int(10) UNSIGNED NOT NULL DEFAULT '0',
  `image` varchar(255) COLLATE utf8mb4_unicode_ci DEFAULT NULL,
  `is_featured` tinyint(3) UNSIGNED NOT NULL DEFAULT '0',
  `icon` varchar(500) COLLATE utf8mb4_unicode_ci DEFAULT NULL,
  `icon_image` varchar(255) COLLATE utf8mb4_unicode_ci DEFAULT NULL,
  `created_at` timestamp NULL DEFAULT NULL,
  `updated_at` timestamp NULL DEFAULT NULL
) ENGINE=InnoDB DEFAULT CHARSET=utf8mb4 COLLATE=utf8mb4_unicode_ci;

--
-- Dumping data for table `ec_product_categories`
--

INSERT INTO `ec_product_categories` (`id`, `name`, `parent_id`, `description`, `status`, `order`, `image`, `is_featured`, `icon`, `icon_image`, `created_at`, `updated_at`) VALUES
(31, 'General Wellness', 0, NULL, 'published', 14, 'sliders/tlyetze7saxzypfgnfohfv283ci41jcvm5pgdkla.jpeg', 1, NULL, NULL, '2022-01-05 10:22:32', '2022-01-05 10:22:32'),
(32, 'Digestive Care', 0, NULL, 'published', 15, 'sliders/gechzpom83tm3ss8i0jbruyehnze1xyuvqkrdweu.jpeg', 1, NULL, NULL, '2022-01-05 10:27:34', '2022-01-05 10:27:34'),
(33, 'Skin Care', 0, NULL, 'published', 16, 'sliders/4u3qkcuowct427eihdoogbv0fh9nwdb9vwwnxv1p.jpeg', 1, NULL, NULL, '2022-01-05 10:29:10', '2022-01-05 10:29:10'),
(34, 'Joints/Muscles PainCare', 0, NULL, 'published', 17, 'sliders/j8mnx6aizrtnnb1lgrzyouhgrgyuu8dg1fuwbdmb.jpeg', 1, NULL, NULL, '2022-01-05 10:30:44', '2022-01-05 10:30:44'),
(35, 'Respiratory Care', 0, NULL, 'published', 18, 'sliders/vpkkqdqsrjt2m4opjoiezwduar8vw5k4pozzuqvn.jpeg', 1, NULL, NULL, '2022-01-05 10:31:49', '2022-01-05 10:31:49'),
(36, 'Female Wellness Product', 0, NULL, 'published', 19, 'sliders/ylmdaqmq6u1bmodnmkkodyjuuo1jn5xv0nzwzzvn.jpeg', 1, NULL, NULL, '2022-01-05 10:32:42', '2022-01-05 10:32:42'),
(37, 'Male Wellness Products', 0, NULL, 'published', 20, 'sliders/peem1blpwodtdupdqa2mz2ebirtzpljc4v1d7qhv.png', 1, NULL, NULL, '2022-01-05 10:33:31', '2022-01-05 10:33:31'),
(38, 'Holistic Wellness', 0, NULL, 'published', 21, 'sliders/cxu3ssswnprujrqpgfbitdzmpxkrc5tf2zono07g.png', 1, NULL, NULL, '2022-01-05 10:34:27', '2022-01-05 10:34:27'),
(39, 'Cardiac/Blood Vascular Care', 0, NULL, 'published', 22, 'sliders/edrzx5ctzna56slimxftkurbat3moonbaitg5x9a.png', 1, NULL, NULL, '2022-01-05 10:35:16', '2022-01-05 10:35:16'),
(40, 'Pediatric/Child Care', 0, NULL, 'published', 23, 'sliders/qg33fsr8nikll8p5otrymi2eg0ddojj7n3nlofjl.png', 1, NULL, NULL, '2022-01-05 10:36:18', '2022-01-05 10:36:18'),
(41, 'Homoeopathy', 0, NULL, 'published', 24, NULL, 0, NULL, NULL, '2022-01-10 05:22:19', '2022-01-10 05:22:19'),
(42, 'Liquid Specialities', 41, NULL, 'published', 25, NULL, 0, NULL, NULL, '2022-01-10 05:23:18', '2022-01-10 05:23:18'),
(43, 'Personal Care', 0, NULL, 'published', 26, NULL, 0, NULL, NULL, '2022-01-10 06:06:21', '2022-01-10 06:06:21'),
(44, 'Body Care', 43, NULL, 'published', 27, NULL, 0, NULL, NULL, '2022-01-10 06:10:44', '2022-01-10 06:10:44'),
(45, 'Face Care', 43, NULL, 'published', 28, NULL, 0, NULL, NULL, '2022-01-10 08:48:45', '2022-01-10 08:48:45'),
(46, 'Hair Care', 43, NULL, 'published', 29, NULL, 0, NULL, NULL, '2022-01-10 08:49:07', '2022-01-10 08:49:07'),
(47, 'Oil Care', 43, NULL, 'published', 30, NULL, 0, NULL, NULL, '2022-01-10 08:49:31', '2022-01-10 08:49:31'),
(48, 'Tablets Specialities', 41, NULL, 'published', 31, NULL, 0, NULL, NULL, '2022-01-10 10:55:07', '2022-01-10 10:55:07'),
(49, 'LD-Drops', 41, NULL, 'published', 32, NULL, 0, NULL, NULL, '2022-01-10 11:31:21', '2022-01-10 11:31:21'),
(50, 'Ointments', 41, NULL, 'published', 33, NULL, 0, NULL, NULL, '2022-01-10 11:32:20', '2022-01-10 11:32:20'),
(52, 'Nutraceuticals', 41, NULL, 'published', 34, 'ldd-bioscience-orthonip-tablet-60s-0-0.jpeg', 1, NULL, NULL, '2022-01-10 11:32:47', '2023-01-07 10:30:40'),
(53, 'Generic Tablets', 41, NULL, 'published', 35, NULL, 0, NULL, NULL, '2022-01-10 11:33:33', '2022-01-10 11:33:33'),
(54, 'Dilutions', 41, NULL, 'published', 36, NULL, 0, NULL, NULL, '2022-01-10 11:33:53', '2022-01-10 11:33:53'),
(55, 'Mother Tinctures', 41, NULL, 'published', 37, NULL, 0, NULL, NULL, '2022-01-10 11:34:32', '2022-01-10 11:34:32'),
(56, 'Capsule', 41, NULL, 'published', 38, NULL, 0, NULL, NULL, '2022-02-15 18:19:16', '2022-02-15 18:19:16'),
(57, 'New Launch', 43, NULL, 'published', 39, NULL, 0, NULL, NULL, '2022-04-29 10:57:31', '2022-05-09 15:33:15'),
(58, 'Homeopathic Tablets', 41, NULL, 'published', 40, 'sabal-serr-200-1.png', 0, NULL, NULL, '2023-01-09 11:32:57', '2023-01-09 11:32:57'),
(59, 'Export', 0, NULL, 'published', 41, NULL, 0, NULL, NULL, '2025-04-30 11:44:09', '2025-04-30 11:44:09');

-- --------------------------------------------------------

--
-- Table structure for table `ec_product_categories_translations`
--

CREATE TABLE `ec_product_categories_translations` (
  `lang_code` varchar(191) COLLATE utf8mb4_unicode_ci NOT NULL,
  `ec_product_categories_id` int(11) NOT NULL,
  `name` varchar(191) COLLATE utf8mb4_unicode_ci DEFAULT NULL,
  `description` text COLLATE utf8mb4_unicode_ci
) ENGINE=InnoDB DEFAULT CHARSET=utf8mb4 COLLATE=utf8mb4_unicode_ci;

--
-- Dumping data for table `ec_product_categories_translations`
--

INSERT INTO `ec_product_categories_translations` (`lang_code`, `ec_product_categories_id`, `name`, `description`) VALUES
('vi', 3, 'Âm thanh và hình ảnh', NULL),
('vi', 4, 'TV & Videos', NULL),
('vi', 5, 'Máy ảnh, Ảnh & Videos', NULL),
('vi', 6, 'Điện thoại & Phụ kiện', NULL),
('vi', 7, 'Tai nghe', NULL),
('vi', 8, 'Trò chơi', NULL),
('vi', 9, 'Tai nghe không dây', NULL),
('vi', 10, 'Điện tử văn phòng', NULL),
('vi', 13, 'Máy tính và máy tính bảng', NULL),
('vi', 14, 'Máy vi tính', NULL),
('vi', 15, 'Màn hình', NULL),
('vi', 16, 'Thiết bị máy tính', NULL),
('vi', 21, 'Thiết bị lưu trữ', NULL),
('vi', 22, 'Máy tính chơi game', NULL),
('vi', 23, 'Bảo mật', NULL),
('vi', 24, 'Phụ kiện', NULL),
('vi', 31, 'General Wellness', NULL),
('vi', 32, 'Digestive Care', NULL),
('vi', 33, 'Skin Care', NULL),
('vi', 34, 'Joints/Muscles PainCare', NULL),
('vi', 35, 'Respiratory Care', NULL),
('vi', 36, 'Female Wellness Product', NULL),
('vi', 37, 'Male Wellness Products', NULL),
('vi', 38, 'Holistic Wellness', NULL),
('vi', 39, 'Cardiac/Blood Vascular Care', NULL),
('vi', 40, 'Pediatric/Child Care', NULL),
('vi', 41, 'Homoeopathy', NULL),
('vi', 42, 'Liquid Specialities', NULL),
('vi', 43, 'Personal Care', NULL),
('vi', 44, 'Body Care', NULL),
('vi', 45, 'Face Care', NULL),
('vi', 46, 'Hair Care', NULL),
('vi', 47, 'Oil Care', NULL),
('vi', 48, 'Tablets Specialities', NULL),
('vi', 49, 'LD-Drops', NULL),
('vi', 50, 'Ointments', NULL),
('vi', 52, 'Nutraceuticals', NULL),
('vi', 53, 'Generic Tablets', NULL),
('vi', 54, 'Dilutions', NULL),
('vi', 55, 'Mother Tinctures', NULL);

-- --------------------------------------------------------

--
-- Table structure for table `ec_product_category_product`
--

CREATE TABLE `ec_product_category_product` (
  `id` bigint(20) UNSIGNED NOT NULL,
  `category_id` int(10) UNSIGNED NOT NULL,
  `product_id` int(10) UNSIGNED NOT NULL
) ENGINE=InnoDB DEFAULT CHARSET=utf8mb4 COLLATE=utf8mb4_unicode_ci;

--
-- Dumping data for table `ec_product_category_product`
--

INSERT INTO `ec_product_category_product` (`id`, `category_id`, `product_id`) VALUES
(25, 31, 82),
(26, 31, 83),
(28, 31, 85),
(29, 31, 86),
(30, 31, 87),
(31, 31, 88),
(32, 31, 89),
(34, 31, 91),
(35, 31, 92),
(36, 31, 93),
(37, 31, 94),
(39, 31, 96),
(40, 31, 97),
(41, 31, 98),
(42, 31, 99),
(43, 31, 100),
(44, 36, 106),
(45, 36, 107),
(46, 36, 108),
(47, 36, 109),
(48, 36, 110),
(49, 36, 111),
(50, 36, 112),
(51, 36, 113),
(52, 36, 114),
(53, 37, 115),
(54, 37, 116),
(56, 37, 118),
(58, 37, 120),
(59, 37, 121),
(60, 37, 122),
(62, 38, 124),
(63, 38, 125),
(65, 38, 127),
(66, 38, 128),
(67, 31, 129),
(69, 32, 131),
(70, 32, 132),
(71, 32, 133),
(72, 32, 134),
(73, 32, 135),
(74, 32, 136),
(75, 32, 137),
(76, 32, 138),
(77, 32, 139),
(78, 32, 140),
(79, 32, 141),
(81, 35, 143),
(82, 35, 144),
(83, 35, 145),
(84, 35, 146),
(86, 35, 148),
(91, 38, 153),
(96, 38, 158),
(99, 34, 161),
(101, 34, 163),
(102, 34, 164),
(105, 34, 167),
(106, 34, 168),
(107, 34, 169),
(108, 34, 170),
(109, 34, 171),
(112, 33, 175),
(113, 33, 176),
(114, 33, 177),
(116, 33, 179),
(117, 33, 180),
(119, 33, 182),
(120, 33, 183),
(121, 33, 184),
(122, 33, 185),
(123, 33, 186),
(124, 33, 187),
(125, 33, 188),
(126, 33, 189),
(127, 33, 190),
(128, 33, 191),
(129, 33, 192),
(130, 33, 193),
(133, 33, 196),
(134, 33, 197),
(135, 33, 198),
(137, 38, 200),
(139, 38, 202),
(140, 38, 203),
(141, 38, 204),
(142, 38, 205),
(143, 38, 206),
(144, 38, 207),
(145, 38, 208),
(146, 38, 209),
(147, 38, 210),
(148, 38, 211),
(149, 38, 212),
(150, 38, 213),
(151, 38, 214),
(152, 38, 215),
(153, 38, 216),
(154, 38, 217),
(155, 38, 218),
(156, 38, 219),
(159, 38, 222),
(160, 38, 223),
(161, 38, 224),
(162, 38, 225),
(163, 38, 226),
(164, 38, 227),
(165, 38, 228),
(166, 38, 229),
(167, 38, 230),
(168, 38, 231),
(169, 38, 232),
(170, 38, 233),
(171, 38, 234),
(172, 38, 235),
(173, 38, 236),
(174, 38, 237),
(176, 38, 239),
(177, 39, 240),
(178, 39, 241),
(179, 39, 242),
(180, 39, 243),
(181, 39, 244),
(182, 39, 245),
(183, 39, 246),
(184, 39, 247),
(185, 39, 248),
(186, 39, 249),
(187, 39, 250),
(188, 39, 251),
(190, 39, 253),
(194, 41, 264),
(195, 42, 264),
(216, 41, 281),
(217, 42, 281),
(238, 41, 292),
(239, 42, 292),
(240, 41, 293),
(241, 42, 293),
(302, 41, 359),
(308, 43, 362),
(309, 44, 362),
(310, 43, 363),
(311, 44, 363),
(314, 43, 365),
(315, 44, 365),
(318, 43, 367),
(319, 44, 367),
(320, 43, 368),
(321, 44, 368),
(322, 41, 369),
(323, 48, 369),
(324, 43, 370),
(325, 44, 370),
(328, 43, 372),
(329, 44, 372),
(336, 43, 376),
(337, 45, 376),
(338, 43, 377),
(339, 45, 377),
(342, 43, 379),
(343, 46, 379),
(346, 43, 381),
(347, 47, 381),
(350, 43, 384),
(351, 47, 384),
(356, 41, 388),
(357, 55, 388),
(358, 41, 391),
(359, 55, 391),
(362, 41, 393),
(363, 55, 393),
(364, 41, 394),
(365, 55, 394),
(368, 41, 396),
(369, 55, 396),
(372, 41, 398),
(373, 55, 398),
(374, 41, 399),
(375, 55, 399),
(376, 41, 400),
(377, 55, 400),
(380, 41, 402),
(381, 55, 402),
(382, 41, 403),
(383, 55, 403),
(384, 41, 404),
(385, 55, 404),
(388, 41, 406),
(389, 55, 406),
(392, 41, 408),
(393, 55, 408),
(394, 41, 409),
(395, 55, 409),
(396, 41, 410),
(397, 55, 410),
(398, 41, 411),
(399, 55, 411),
(402, 41, 413),
(403, 55, 413),
(404, 41, 414),
(405, 55, 414),
(408, 41, 416),
(409, 55, 416),
(410, 41, 417),
(411, 55, 417),
(414, 41, 419),
(415, 55, 419),
(416, 41, 420),
(417, 55, 420),
(418, 41, 421),
(419, 55, 421),
(426, 41, 425),
(427, 54, 425),
(428, 41, 426),
(429, 49, 426),
(430, 41, 427),
(431, 54, 427),
(432, 41, 428),
(433, 54, 428),
(436, 41, 430),
(437, 54, 430),
(438, 41, 431),
(439, 54, 431),
(442, 41, 433),
(443, 54, 433),
(444, 41, 434),
(445, 54, 434),
(448, 41, 436),
(449, 54, 436),
(450, 41, 437),
(451, 54, 437),
(454, 41, 439),
(455, 54, 439),
(456, 41, 440),
(457, 54, 440),
(460, 41, 442),
(461, 54, 442),
(462, 41, 443),
(463, 54, 443),
(466, 41, 445),
(467, 54, 445),
(468, 41, 446),
(469, 54, 446),
(472, 41, 448),
(473, 54, 448),
(474, 41, 449),
(475, 54, 449),
(476, 41, 450),
(477, 54, 450),
(482, 41, 453),
(483, 54, 453),
(486, 41, 455),
(487, 54, 455),
(488, 41, 456),
(489, 54, 456),
(490, 41, 457),
(491, 54, 457),
(496, 41, 460),
(497, 54, 460),
(498, 41, 461),
(499, 54, 461),
(500, 41, 462),
(501, 54, 462),
(504, 41, 464),
(505, 54, 464),
(506, 41, 465),
(507, 54, 465),
(510, 41, 467),
(511, 54, 467),
(512, 41, 468),
(513, 54, 468),
(536, 41, 480),
(537, 52, 480),
(574, 41, 500),
(575, 53, 500),
(576, 41, 501),
(577, 53, 501),
(580, 41, 503),
(581, 53, 503),
(582, 41, 505),
(583, 53, 505),
(586, 41, 506),
(587, 53, 506),
(588, 41, 507),
(589, 53, 507),
(592, 41, 509),
(593, 53, 509),
(594, 41, 510),
(595, 53, 510),
(598, 41, 512),
(599, 53, 512),
(600, 41, 513),
(601, 49, 513),
(602, 41, 514),
(603, 53, 514),
(604, 41, 515),
(605, 53, 515),
(608, 41, 517),
(609, 53, 517),
(610, 41, 518),
(611, 53, 518),
(614, 41, 520),
(615, 53, 520),
(616, 41, 521),
(617, 53, 521),
(622, 41, 524),
(623, 53, 524),
(638, 41, 532),
(639, 53, 532),
(652, 41, 539),
(653, 53, 539),
(654, 41, 540),
(655, 49, 540),
(656, 41, 541),
(657, 53, 541),
(660, 41, 543),
(661, 53, 543),
(664, 41, 545),
(665, 53, 545),
(668, 41, 547),
(669, 53, 547),
(670, 41, 548),
(671, 49, 548),
(672, 41, 549),
(673, 53, 549),
(674, 41, 550),
(675, 53, 550),
(680, 41, 553),
(681, 53, 553),
(686, 41, 556),
(687, 53, 556),
(690, 41, 558),
(691, 53, 558),
(694, 41, 560),
(695, 53, 560),
(698, 41, 562),
(699, 53, 562),
(702, 41, 564),
(703, 53, 564),
(704, 41, 565),
(705, 53, 565),
(708, 41, 567),
(709, 53, 567),
(710, 41, 568),
(711, 53, 568),
(714, 41, 570),
(715, 53, 570),
(718, 41, 572),
(719, 53, 572),
(722, 41, 574),
(723, 53, 574),
(726, 41, 576),
(727, 53, 576),
(730, 41, 578),
(731, 53, 578),
(734, 41, 580),
(735, 53, 580),
(738, 41, 582),
(739, 53, 582),
(742, 41, 584),
(743, 53, 584),
(744, 41, 585),
(745, 53, 585),
(746, 41, 586),
(747, 53, 586),
(748, 41, 587),
(749, 53, 587),
(750, 41, 588),
(751, 53, 588),
(752, 41, 589),
(753, 53, 589),
(754, 41, 590),
(755, 53, 590),
(756, 41, 591),
(757, 53, 591),
(758, 41, 592),
(759, 53, 592),
(760, 41, 593),
(761, 53, 593),
(762, 41, 594),
(763, 53, 594),
(764, 41, 595),
(765, 53, 595),
(766, 41, 596),
(767, 53, 596),
(768, 41, 597),
(769, 53, 597),
(770, 41, 598),
(771, 53, 598),
(772, 41, 599),
(773, 53, 599),
(774, 41, 600),
(775, 53, 600),
(776, 41, 601),
(777, 53, 601),
(778, 41, 602),
(779, 53, 602),
(780, 41, 603),
(781, 53, 603),
(782, 41, 604),
(783, 53, 604),
(784, 41, 605),
(785, 53, 605),
(786, 41, 606),
(787, 53, 606),
(788, 41, 607),
(789, 53, 607),
(790, 41, 608),
(791, 53, 608),
(792, 41, 609),
(793, 53, 609),
(794, 41, 610),
(795, 53, 610),
(796, 41, 611),
(797, 53, 611),
(798, 41, 612),
(799, 53, 612),
(800, 41, 613),
(801, 53, 613),
(802, 41, 614),
(803, 53, 614),
(804, 41, 615),
(805, 53, 615),
(806, 41, 616),
(807, 53, 616),
(808, 41, 617),
(809, 53, 617),
(810, 41, 618),
(811, 53, 618),
(812, 41, 619),
(813, 53, 619),
(814, 41, 620),
(815, 53, 620),
(816, 41, 621),
(817, 53, 621),
(818, 41, 622),
(819, 53, 622),
(820, 41, 623),
(821, 53, 623),
(822, 41, 624),
(823, 53, 624),
(824, 41, 625),
(825, 53, 625),
(826, 41, 626),
(827, 53, 626),
(828, 41, 627),
(829, 53, 627),
(830, 41, 628),
(831, 53, 628),
(832, 41, 629),
(833, 53, 629),
(836, 41, 631),
(837, 48, 631),
(838, 41, 138),
(839, 48, 138),
(840, 41, 139),
(841, 42, 139),
(842, 41, 140),
(843, 42, 140),
(844, 41, 141),
(845, 42, 141),
(846, 41, 143),
(847, 49, 143),
(848, 41, 144),
(849, 49, 144),
(850, 41, 145),
(851, 48, 145),
(852, 41, 146),
(853, 48, 146),
(854, 41, 157),
(855, 49, 157),
(856, 41, 158),
(857, 49, 158),
(858, 41, 251),
(859, 49, 251),
(860, 41, 250),
(861, 49, 250),
(862, 41, 249),
(863, 49, 249),
(864, 41, 248),
(865, 49, 248),
(866, 41, 247),
(867, 49, 247),
(868, 41, 246),
(869, 49, 246),
(870, 41, 244),
(871, 49, 244),
(872, 41, 242),
(873, 49, 242),
(874, 41, 241),
(876, 42, 241),
(877, 53, 359),
(878, 41, 240),
(879, 42, 240),
(880, 41, 239),
(881, 42, 239),
(882, 49, 239),
(883, 39, 237),
(884, 41, 237),
(885, 42, 237),
(886, 40, 236),
(887, 41, 236),
(888, 42, 236),
(889, 41, 253),
(890, 42, 253),
(891, 41, 235),
(892, 42, 235),
(893, 41, 234),
(894, 42, 234),
(895, 41, 233),
(896, 48, 233),
(897, 41, 232),
(898, 48, 232),
(899, 41, 231),
(900, 48, 231),
(901, 41, 252),
(902, 42, 252),
(903, 41, 230),
(904, 48, 230),
(905, 41, 148),
(906, 42, 148),
(907, 36, 634),
(908, 41, 634),
(909, 42, 634),
(910, 41, 229),
(911, 48, 229),
(912, 41, 228),
(913, 48, 228),
(914, 41, 227),
(915, 42, 227),
(916, 41, 226),
(917, 42, 226),
(918, 41, 225),
(919, 42, 225),
(920, 41, 224),
(921, 42, 224),
(922, 41, 223),
(923, 42, 223),
(924, 41, 222),
(925, 42, 222),
(928, 38, 293),
(929, 41, 219),
(930, 49, 219),
(931, 41, 218),
(932, 49, 218),
(933, 41, 217),
(934, 49, 217),
(935, 41, 216),
(936, 49, 216),
(937, 41, 215),
(938, 49, 215),
(939, 41, 214),
(940, 49, 214),
(941, 41, 213),
(942, 49, 213),
(943, 41, 211),
(944, 49, 211),
(945, 41, 210),
(946, 49, 210),
(947, 41, 209),
(948, 49, 209),
(949, 41, 208),
(950, 49, 208),
(951, 41, 207),
(952, 49, 207),
(953, 41, 206),
(954, 49, 206),
(955, 41, 205),
(956, 49, 205),
(959, 41, 204),
(960, 49, 204),
(961, 41, 203),
(962, 49, 203),
(963, 41, 202),
(964, 49, 202),
(965, 41, 200),
(966, 49, 200),
(967, 41, 198),
(968, 42, 198),
(969, 41, 197),
(970, 49, 197),
(971, 41, 196),
(972, 49, 196),
(975, 33, 548),
(976, 41, 193),
(977, 49, 193),
(978, 41, 192),
(979, 50, 192),
(980, 41, 191),
(981, 50, 191),
(982, 41, 190),
(983, 50, 190),
(984, 41, 189),
(985, 50, 189),
(986, 41, 188),
(987, 50, 188),
(988, 41, 187),
(989, 50, 187),
(990, 41, 186),
(991, 49, 186),
(992, 41, 185),
(993, 50, 185),
(994, 41, 184),
(995, 50, 184),
(996, 41, 183),
(997, 50, 183),
(998, 41, 182),
(999, 50, 182),
(1000, 41, 178),
(1001, 42, 178),
(1002, 41, 177),
(1003, 42, 177),
(1004, 41, 176),
(1005, 42, 176),
(1006, 41, 175),
(1007, 42, 175),
(1008, 34, 172),
(1009, 34, 637),
(1010, 41, 637),
(1011, 48, 637),
(1012, 41, 212),
(1013, 42, 212),
(1014, 32, 264),
(1015, 41, 85),
(1016, 48, 85),
(1017, 31, 639),
(1018, 41, 639),
(1019, 48, 639),
(1020, 42, 111),
(1021, 49, 111),
(1022, 41, 169),
(1023, 42, 169),
(1024, 49, 169),
(1025, 41, 168),
(1026, 42, 168),
(1027, 49, 168),
(1028, 41, 166),
(1029, 42, 166),
(1030, 49, 166),
(1031, 41, 165),
(1032, 42, 165),
(1033, 49, 165),
(1034, 41, 152),
(1035, 52, 152),
(1036, 41, 149),
(1037, 42, 149),
(1038, 41, 150),
(1039, 42, 150),
(1040, 41, 151),
(1041, 52, 151),
(1042, 35, 154),
(1043, 41, 154),
(1044, 42, 154),
(1045, 41, 155),
(1046, 49, 155),
(1047, 41, 156),
(1048, 49, 156),
(1049, 41, 160),
(1050, 49, 160),
(1051, 41, 245),
(1052, 49, 245),
(1053, 41, 243),
(1054, 49, 243),
(1055, 41, 164),
(1056, 49, 164),
(1057, 41, 163),
(1058, 49, 163),
(1059, 41, 170),
(1060, 48, 170),
(1061, 41, 171),
(1062, 42, 171),
(1066, 34, 126),
(1067, 41, 126),
(1068, 42, 126),
(1069, 41, 167),
(1070, 49, 167),
(1072, 36, 645),
(1073, 41, 645),
(1074, 42, 645),
(1075, 37, 292),
(1076, 34, 649),
(1077, 41, 649),
(1078, 42, 649),
(1079, 41, 651),
(1080, 45, 651),
(1081, 45, 181),
(1082, 41, 181),
(1083, 41, 123),
(1084, 46, 123),
(1085, 41, 95),
(1086, 42, 95),
(1087, 49, 95),
(1088, 38, 653),
(1089, 43, 178),
(1090, 46, 178),
(1091, 41, 179),
(1092, 42, 179),
(1093, 41, 106),
(1094, 41, 99),
(1095, 48, 99),
(1096, 43, 673),
(1097, 45, 673),
(1098, 31, 674),
(1099, 38, 674),
(1100, 41, 674),
(1101, 42, 674),
(1102, 41, 677),
(1103, 42, 677),
(1104, 35, 677),
(1105, 41, 679),
(1106, 41, 682),
(1107, 49, 682),
(1108, 41, 684),
(1109, 43, 684),
(1110, 45, 684),
(1111, 41, 131),
(1112, 42, 131),
(1113, 56, 480),
(1114, 41, 124),
(1115, 41, 122),
(1116, 41, 113),
(1117, 35, 89),
(1118, 56, 151),
(1119, 41, 707),
(1121, 41, 711),
(1122, 42, 711),
(1123, 40, 710),
(1124, 41, 710),
(1125, 41, 708),
(1126, 44, 708),
(1127, 41, 709),
(1128, 44, 709),
(1129, 43, 709),
(1130, 41, 712),
(1131, 33, 713),
(1132, 41, 713),
(1133, 41, 714),
(1134, 41, 715),
(1135, 41, 716),
(1136, 43, 707),
(1137, 45, 707),
(1138, 39, 715),
(1139, 42, 715),
(1140, 39, 714),
(1141, 42, 714),
(1142, 36, 713),
(1143, 42, 713),
(1144, 42, 712),
(1145, 42, 716),
(1146, 48, 710),
(1148, 43, 717),
(1150, 57, 717),
(1151, 41, 719),
(1152, 48, 719),
(1153, 32, 719),
(1154, 31, 716),
(1155, 52, 639),
(1156, 52, 637),
(1157, 52, 85),
(1158, 52, 88),
(1159, 58, 730),
(1160, 58, 731),
(1161, 58, 732),
(1162, 58, 733),
(1163, 58, 734),
(1164, 58, 735),
(1165, 58, 736),
(1166, 58, 737),
(1167, 58, 738),
(1168, 58, 739),
(1169, 55, 740),
(1170, 41, 741),
(1171, 55, 741),
(1172, 39, 746),
(1173, 46, 746),
(1174, 57, 746),
(1175, 55, 747),
(1176, 41, 748),
(1177, 55, 748),
(1178, 41, 753),
(1179, 55, 753),
(1182, 50, 761),
(1183, 33, 762),
(1184, 59, 780),
(1185, 59, 779),
(1186, 59, 778),
(1187, 59, 777),
(1188, 59, 776),
(1189, 59, 775),
(1190, 59, 774),
(1191, 59, 773),
(1192, 59, 772),
(1193, 59, 771),
(1194, 59, 770),
(1195, 59, 769),
(1196, 59, 768),
(1197, 59, 767),
(1198, 59, 766),
(1199, 59, 765),
(1200, 52, 781),
(1201, 52, 782),
(1202, 52, 783),
(1203, 50, 784);

-- --------------------------------------------------------

--
-- Table structure for table `ec_product_collections`
--

CREATE TABLE `ec_product_collections` (
  `id` bigint(20) UNSIGNED NOT NULL,
  `name` varchar(191) COLLATE utf8mb4_unicode_ci NOT NULL,
  `slug` varchar(191) COLLATE utf8mb4_unicode_ci NOT NULL,
  `description` varchar(400) COLLATE utf8mb4_unicode_ci DEFAULT NULL,
  `image` varchar(255) COLLATE utf8mb4_unicode_ci DEFAULT NULL,
  `status` varchar(60) COLLATE utf8mb4_unicode_ci NOT NULL DEFAULT 'published',
  `created_at` timestamp NULL DEFAULT NULL,
  `updated_at` timestamp NULL DEFAULT NULL,
  `is_featured` tinyint(3) UNSIGNED NOT NULL DEFAULT '0'
) ENGINE=InnoDB DEFAULT CHARSET=utf8mb4 COLLATE=utf8mb4_unicode_ci;

--
-- Dumping data for table `ec_product_collections`
--

INSERT INTO `ec_product_collections` (`id`, `name`, `slug`, `description`, `image`, `status`, `created_at`, `updated_at`, `is_featured`) VALUES
(1, 'Product Range', 'new-arrival', NULL, NULL, 'published', '2021-09-15 18:44:43', '2022-01-10 11:13:49', 0),
(2, 'Personal Care Products', 'best-sellers', NULL, NULL, 'published', '2021-09-15 18:44:43', '2022-01-10 11:15:09', 0),
(3, 'Homoeopathy Products', 'special-offer', NULL, NULL, 'published', '2021-09-15 18:44:43', '2022-01-10 11:14:53', 0);

-- --------------------------------------------------------

--
-- Table structure for table `ec_product_collections_translations`
--

CREATE TABLE `ec_product_collections_translations` (
  `lang_code` varchar(191) COLLATE utf8mb4_unicode_ci NOT NULL,
  `ec_product_collections_id` int(11) NOT NULL,
  `name` varchar(191) COLLATE utf8mb4_unicode_ci DEFAULT NULL,
  `description` varchar(191) COLLATE utf8mb4_unicode_ci DEFAULT NULL
) ENGINE=InnoDB DEFAULT CHARSET=utf8mb4 COLLATE=utf8mb4_unicode_ci;

--
-- Dumping data for table `ec_product_collections_translations`
--

INSERT INTO `ec_product_collections_translations` (`lang_code`, `ec_product_collections_id`, `name`, `description`) VALUES
('vi', 1, 'Hàng mới về', NULL),
('vi', 2, 'Bán chạy nhất', NULL),
('vi', 3, 'Khuyến mãi đặc biệt', NULL);

-- --------------------------------------------------------

--
-- Table structure for table `ec_product_collection_products`
--

CREATE TABLE `ec_product_collection_products` (
  `id` bigint(20) UNSIGNED NOT NULL,
  `product_collection_id` int(10) UNSIGNED NOT NULL,
  `product_id` int(10) UNSIGNED NOT NULL
) ENGINE=InnoDB DEFAULT CHARSET=utf8mb4 COLLATE=utf8mb4_unicode_ci;

--
-- Dumping data for table `ec_product_collection_products`
--

INSERT INTO `ec_product_collection_products` (`id`, `product_collection_id`, `product_id`) VALUES
(25, 1, 89),
(30, 1, 82),
(31, 1, 88),
(32, 1, 97),
(33, 1, 115),
(34, 1, 154),
(35, 1, 153),
(36, 1, 160),
(37, 1, 158),
(38, 2, 372),
(39, 2, 365),
(40, 2, 377),
(41, 2, 376),
(42, 2, 384),
(43, 2, 379),
(44, 2, 368),
(45, 2, 367),
(49, 3, 615),
(51, 3, 138),
(52, 3, 737),
(53, 3, 738),
(54, 3, 739),
(55, 3, 740),
(56, 3, 741),
(57, 2, 746),
(58, 3, 747),
(59, 3, 748),
(61, 3, 761),
(62, 1, 781),
(63, 1, 782),
(64, 1, 783),
(65, 1, 784);

-- --------------------------------------------------------

--
-- Table structure for table `ec_product_cross_sale_relations`
--

CREATE TABLE `ec_product_cross_sale_relations` (
  `id` bigint(20) UNSIGNED NOT NULL,
  `from_product_id` int(10) UNSIGNED NOT NULL,
  `to_product_id` int(10) UNSIGNED NOT NULL
) ENGINE=InnoDB DEFAULT CHARSET=utf8mb4 COLLATE=utf8mb4_unicode_ci;

--
-- Dumping data for table `ec_product_cross_sale_relations`
--

INSERT INTO `ec_product_cross_sale_relations` (`id`, `from_product_id`, `to_product_id`) VALUES
(1, 723, 85),
(2, 723, 639),
(3, 723, 376),
(4, 723, 176),
(32, 731, 106),
(33, 731, 107),
(34, 731, 113),
(35, 731, 122),
(36, 732, 155),
(37, 732, 152),
(38, 732, 151),
(39, 732, 154),
(40, 732, 153),
(41, 734, 191),
(42, 734, 190),
(43, 734, 192),
(44, 734, 200),
(45, 735, 123),
(46, 735, 125),
(47, 735, 124),
(48, 735, 127),
(61, 748, 747),
(62, 748, 639),
(63, 748, 746),
(64, 748, 717),
(65, 747, 86),
(66, 742, 83),
(67, 742, 86),
(68, 742, 87),
(69, 730, 88),
(70, 730, 89),
(71, 730, 98),
(72, 730, 99),
(73, 637, 86),
(74, 637, 87),
(75, 637, 379),
(76, 637, 384),
(77, 637, 376);

-- --------------------------------------------------------

--
-- Table structure for table `ec_product_labels`
--

CREATE TABLE `ec_product_labels` (
  `id` bigint(20) UNSIGNED NOT NULL,
  `name` varchar(255) COLLATE utf8mb4_unicode_ci NOT NULL,
  `color` varchar(120) COLLATE utf8mb4_unicode_ci DEFAULT NULL,
  `status` varchar(60) COLLATE utf8mb4_unicode_ci NOT NULL DEFAULT 'published',
  `created_at` timestamp NULL DEFAULT NULL,
  `updated_at` timestamp NULL DEFAULT NULL
) ENGINE=InnoDB DEFAULT CHARSET=utf8mb4 COLLATE=utf8mb4_unicode_ci;

--
-- Dumping data for table `ec_product_labels`
--

INSERT INTO `ec_product_labels` (`id`, `name`, `color`, `status`, `created_at`, `updated_at`) VALUES
(1, 'Hot', '#ec2434', 'published', '2021-09-15 18:44:43', '2021-09-15 18:44:43'),
(2, 'New', '#00c9a7', 'published', '2021-09-15 18:44:43', '2021-09-15 18:44:43'),
(3, 'Sale', '#fe9931', 'published', '2021-09-15 18:44:43', '2021-09-15 18:44:43');

-- --------------------------------------------------------

--
-- Table structure for table `ec_product_labels_translations`
--

CREATE TABLE `ec_product_labels_translations` (
  `lang_code` varchar(191) COLLATE utf8mb4_unicode_ci NOT NULL,
  `ec_product_labels_id` int(11) NOT NULL,
  `name` varchar(191) COLLATE utf8mb4_unicode_ci DEFAULT NULL,
  `description` varchar(191) COLLATE utf8mb4_unicode_ci DEFAULT NULL
) ENGINE=InnoDB DEFAULT CHARSET=utf8mb4 COLLATE=utf8mb4_unicode_ci;

--
-- Dumping data for table `ec_product_labels_translations`
--

INSERT INTO `ec_product_labels_translations` (`lang_code`, `ec_product_labels_id`, `name`, `description`) VALUES
('vi', 1, 'Nổi bật', NULL),
('vi', 2, 'Mới', NULL),
('vi', 3, 'Giảm giá', NULL);

-- --------------------------------------------------------

--
-- Table structure for table `ec_product_label_products`
--

CREATE TABLE `ec_product_label_products` (
  `product_label_id` int(10) UNSIGNED NOT NULL,
  `product_id` int(10) UNSIGNED NOT NULL
) ENGINE=InnoDB DEFAULT CHARSET=utf8mb4 COLLATE=utf8mb4_unicode_ci;

--
-- Dumping data for table `ec_product_label_products`
--

INSERT INTO `ec_product_label_products` (`product_label_id`, `product_id`) VALUES
(1, 7),
(1, 14),
(1, 89),
(1, 131),
(1, 139),
(1, 161),
(1, 176),
(1, 179),
(1, 198),
(1, 264),
(1, 393),
(1, 634),
(1, 639),
(1, 712),
(1, 729),
(1, 740),
(1, 761),
(2, 21),
(2, 370),
(2, 376),
(2, 377),
(2, 379),
(2, 381),
(2, 384),
(2, 732),
(2, 733),
(2, 736),
(2, 746),
(2, 753),
(2, 754),
(2, 756),
(2, 757),
(2, 762),
(2, 781),
(2, 782),
(2, 783),
(2, 784),
(3, 152),
(3, 184),
(3, 741);

-- --------------------------------------------------------

--
-- Table structure for table `ec_product_related_relations`
--

CREATE TABLE `ec_product_related_relations` (
  `id` bigint(20) UNSIGNED NOT NULL,
  `from_product_id` int(10) UNSIGNED NOT NULL,
  `to_product_id` int(10) UNSIGNED NOT NULL
) ENGINE=InnoDB DEFAULT CHARSET=utf8mb4 COLLATE=utf8mb4_unicode_ci;

--
-- Dumping data for table `ec_product_related_relations`
--

INSERT INTO `ec_product_related_relations` (`id`, `from_product_id`, `to_product_id`) VALUES
(9, 723, 82),
(10, 723, 85),
(11, 723, 83),
(12, 723, 86),
(83, 731, 131),
(84, 731, 134),
(85, 731, 140),
(86, 731, 139),
(87, 732, 82),
(88, 732, 83),
(89, 732, 85),
(90, 732, 86),
(91, 734, 98),
(92, 734, 94),
(93, 734, 99),
(94, 734, 104),
(95, 734, 107),
(96, 735, 106),
(97, 735, 107),
(98, 735, 113),
(99, 735, 114),
(175, 684, 181),
(176, 684, 198),
(180, 752, 740),
(181, 752, 741),
(182, 752, 747),
(183, 752, 748),
(184, 751, 740),
(185, 751, 741),
(186, 751, 747),
(187, 751, 748),
(188, 748, 747),
(189, 748, 746),
(190, 748, 717),
(191, 748, 639),
(192, 747, 746),
(193, 747, 717),
(194, 747, 740),
(195, 747, 741),
(196, 741, 740),
(197, 741, 86),
(198, 741, 419),
(201, 198, 131),
(202, 198, 716),
(203, 198, 712),
(204, 740, 393),
(205, 740, 95),
(206, 740, 393),
(207, 740, 95),
(242, 631, 719),
(243, 742, 729),
(244, 742, 639),
(245, 742, 86),
(246, 726, 85),
(247, 726, 88),
(248, 726, 89),
(249, 726, 106),
(250, 729, 639),
(251, 729, 85),
(252, 729, 88),
(253, 729, 152),
(254, 729, 131),
(255, 719, 631),
(256, 716, 131),
(257, 716, 198),
(258, 716, 712),
(259, 725, 82),
(260, 725, 83),
(261, 725, 85),
(262, 712, 131),
(263, 712, 716),
(264, 712, 198),
(265, 730, 82),
(266, 730, 83),
(267, 730, 87),
(268, 730, 86),
(269, 730, 85),
(270, 739, 106),
(271, 739, 634),
(272, 739, 107),
(273, 739, 113),
(274, 131, 198),
(275, 131, 712),
(276, 131, 716),
(277, 637, 639),
(278, 637, 85),
(279, 637, 88),
(280, 637, 152);

-- --------------------------------------------------------

--
-- Table structure for table `ec_product_tags`
--

CREATE TABLE `ec_product_tags` (
  `id` bigint(20) UNSIGNED NOT NULL,
  `name` varchar(120) COLLATE utf8mb4_unicode_ci NOT NULL,
  `description` varchar(400) COLLATE utf8mb4_unicode_ci DEFAULT NULL,
  `status` varchar(60) COLLATE utf8mb4_unicode_ci NOT NULL DEFAULT 'published',
  `created_at` timestamp NULL DEFAULT NULL,
  `updated_at` timestamp NULL DEFAULT NULL
) ENGINE=InnoDB DEFAULT CHARSET=utf8mb4 COLLATE=utf8mb4_unicode_ci;

--
-- Dumping data for table `ec_product_tags`
--

INSERT INTO `ec_product_tags` (`id`, `name`, `description`, `status`, `created_at`, `updated_at`) VALUES
(1, 'Wallet', NULL, 'published', '2021-09-15 18:44:43', '2021-09-15 18:44:43'),
(2, 'Bags', NULL, 'published', '2021-09-15 18:44:43', '2021-09-15 18:44:43'),
(3, 'Shoes', NULL, 'published', '2021-09-15 18:44:43', '2021-09-15 18:44:43'),
(4, 'Clothes', NULL, 'published', '2021-09-15 18:44:43', '2021-09-15 18:44:43'),
(5, 'Hand bag', NULL, 'published', '2021-09-15 18:44:43', '2021-09-15 18:44:43');

-- --------------------------------------------------------

--
-- Table structure for table `ec_product_tag_product`
--

CREATE TABLE `ec_product_tag_product` (
  `product_id` int(10) UNSIGNED NOT NULL,
  `tag_id` int(10) UNSIGNED NOT NULL
) ENGINE=InnoDB DEFAULT CHARSET=utf8mb4 COLLATE=utf8mb4_unicode_ci;

--
-- Dumping data for table `ec_product_tag_product`
--

INSERT INTO `ec_product_tag_product` (`product_id`, `tag_id`) VALUES
(1, 4),
(1, 6),
(2, 5),
(2, 6),
(3, 1),
(3, 5),
(4, 2),
(4, 3),
(4, 5),
(5, 1),
(5, 2),
(5, 5),
(6, 3),
(6, 4),
(6, 6),
(7, 3),
(7, 4),
(7, 6),
(8, 2),
(8, 3),
(8, 4),
(9, 1),
(9, 2),
(9, 6),
(11, 3),
(11, 6),
(12, 3),
(12, 5),
(12, 6),
(13, 1),
(13, 3),
(13, 5),
(14, 2),
(14, 5),
(15, 4),
(15, 5),
(16, 2),
(16, 5),
(17, 1),
(17, 4),
(18, 3),
(18, 4),
(18, 5),
(19, 2),
(19, 3),
(19, 4),
(20, 3),
(20, 6),
(21, 1),
(21, 2),
(22, 3),
(22, 5),
(23, 1),
(23, 2),
(23, 3),
(24, 4),
(24, 5);

-- --------------------------------------------------------

--
-- Table structure for table `ec_product_up_sale_relations`
--

CREATE TABLE `ec_product_up_sale_relations` (
  `id` bigint(20) UNSIGNED NOT NULL,
  `from_product_id` int(10) UNSIGNED NOT NULL,
  `to_product_id` int(10) UNSIGNED NOT NULL
) ENGINE=InnoDB DEFAULT CHARSET=utf8mb4 COLLATE=utf8mb4_unicode_ci;

-- --------------------------------------------------------

--
-- Table structure for table `ec_product_variations`
--

CREATE TABLE `ec_product_variations` (
  `id` bigint(20) UNSIGNED NOT NULL,
  `product_id` int(10) UNSIGNED DEFAULT NULL,
  `configurable_product_id` int(10) UNSIGNED NOT NULL,
  `is_default` tinyint(4) NOT NULL DEFAULT '0'
) ENGINE=InnoDB DEFAULT CHARSET=utf8mb4 COLLATE=utf8mb4_unicode_ci;

--
-- Dumping data for table `ec_product_variations`
--

INSERT INTO `ec_product_variations` (`id`, `product_id`, `configurable_product_id`, `is_default`) VALUES
(58, 105, 104, 1),
(66, 265, 264, 1),
(67, 266, 264, 0),
(108, 385, 384, 1),
(113, 632, 631, 0),
(114, 633, 631, 1),
(116, 638, 637, 1),
(121, 646, 645, 1),
(123, 647, 176, 1),
(124, 648, 176, 0),
(126, 650, 649, 1),
(127, 652, 651, 1),
(128, 654, 126, 1),
(129, 655, 126, 0),
(130, 656, 106, 1),
(131, 657, 106, 0),
(132, 658, 639, 0),
(133, 659, 639, 1),
(136, 660, 171, 1),
(137, 661, 171, 0),
(138, 662, 113, 1),
(139, 663, 113, 0),
(140, 664, 234, 1),
(141, 665, 234, 0),
(142, 666, 148, 1),
(143, 667, 148, 0),
(144, 668, 148, 0),
(145, 669, 120, 1),
(146, 670, 120, 0),
(147, 671, 99, 1),
(148, 672, 99, 0),
(150, 676, 674, 1),
(151, 678, 677, 1),
(153, 681, 679, 1),
(154, 683, 682, 1),
(156, 686, 684, 1),
(157, 687, 129, 0),
(159, 688, 129, 1),
(160, 689, 114, 1),
(161, 690, 114, 0),
(162, 691, 121, 1),
(163, 692, 121, 0),
(164, 693, 141, 1),
(165, 694, 141, 0),
(166, 695, 140, 1),
(167, 696, 140, 0),
(168, 697, 239, 1),
(169, 698, 239, 0),
(170, 699, 103, 1),
(171, 700, 103, 0),
(172, 701, 139, 1),
(173, 702, 139, 0),
(174, 703, 231, 1),
(175, 704, 231, 0),
(177, 705, 104, 0),
(180, 718, 717, 1),
(182, 721, 719, 1),
(183, 722, 384, 0);

-- --------------------------------------------------------

--
-- Table structure for table `ec_product_variation_items`
--

CREATE TABLE `ec_product_variation_items` (
  `id` bigint(20) UNSIGNED NOT NULL,
  `attribute_id` int(10) UNSIGNED NOT NULL,
  `variation_id` int(10) UNSIGNED NOT NULL
) ENGINE=InnoDB DEFAULT CHARSET=utf8mb4 COLLATE=utf8mb4_unicode_ci;

--
-- Dumping data for table `ec_product_variation_items`
--

INSERT INTO `ec_product_variation_items` (`id`, `attribute_id`, `variation_id`) VALUES
(123, 12, 66),
(124, 13, 67),
(170, 14, 108),
(176, 19, 113),
(177, 20, 114),
(187, 21, 121),
(188, 12, 123),
(189, 13, 124),
(191, 22, 116),
(192, 21, 126),
(193, 17, 127),
(194, 12, 128),
(195, 13, 129),
(196, 12, 130),
(197, 13, 131),
(201, 23, 132),
(203, 22, 133),
(204, 12, 136),
(205, 12, 136),
(206, 13, 137),
(207, 12, 138),
(208, 13, 139),
(209, 12, 140),
(210, 13, 141),
(211, 16, 142),
(212, 15, 143),
(213, 13, 144),
(214, 17, 145),
(215, 18, 146),
(216, 17, 147),
(217, 18, 148),
(221, 14, 151),
(223, 25, 153),
(224, 25, 153),
(225, 21, 154),
(227, 26, 156),
(228, 26, 156),
(229, 1, 157),
(233, 13, 157),
(234, 1, 159),
(235, 15, 159),
(236, 1, 160),
(237, 14, 160),
(238, 1, 161),
(239, 13, 161),
(240, 1, 162),
(241, 12, 162),
(242, 1, 163),
(243, 13, 163),
(244, 1, 164),
(245, 12, 164),
(246, 1, 165),
(247, 13, 165),
(248, 1, 166),
(249, 12, 166),
(250, 1, 167),
(251, 13, 167),
(252, 1, 168),
(253, 15, 168),
(254, 1, 169),
(255, 13, 169),
(256, 1, 170),
(257, 12, 170),
(258, 1, 171),
(259, 13, 171),
(260, 1, 172),
(261, 12, 172),
(262, 1, 173),
(263, 13, 173),
(264, 1, 174),
(265, 27, 174),
(266, 1, 175),
(267, 17, 175),
(269, 12, 58),
(270, 13, 177),
(274, 1, 180),
(275, 24, 180),
(279, 24, 150),
(280, 12, 182),
(281, 28, 183);

-- --------------------------------------------------------

--
-- Table structure for table `ec_product_with_attribute`
--

CREATE TABLE `ec_product_with_attribute` (
  `id` bigint(20) UNSIGNED NOT NULL,
  `attribute_id` int(10) UNSIGNED NOT NULL,
  `product_id` int(10) UNSIGNED NOT NULL
) ENGINE=InnoDB DEFAULT CHARSET=utf8mb4 COLLATE=utf8mb4_unicode_ci;

--
-- Dumping data for table `ec_product_with_attribute`
--

INSERT INTO `ec_product_with_attribute` (`id`, `attribute_id`, `product_id`) VALUES
(49, 6, 104),
(50, 7, 104),
(51, 8, 104),
(52, 9, 104),
(53, 10, 104),
(54, 11, 104),
(61, 6, 264),
(62, 7, 264),
(63, 8, 264),
(64, 9, 264),
(65, 10, 264),
(66, 11, 264),
(67, 12, 264),
(68, 13, 264),
(249, 12, 384),
(250, 13, 384),
(251, 14, 384),
(252, 15, 384),
(253, 16, 384),
(268, 12, 631),
(269, 13, 631),
(270, 14, 631),
(271, 15, 631),
(272, 16, 631),
(273, 17, 631),
(274, 18, 631),
(275, 19, 631),
(276, 20, 631),
(286, 12, 637),
(287, 13, 637),
(288, 14, 637),
(289, 15, 637),
(290, 16, 637),
(291, 17, 637),
(292, 18, 637),
(293, 19, 637),
(294, 20, 637),
(327, 12, 645),
(328, 13, 645),
(329, 14, 645),
(330, 15, 645),
(331, 16, 645),
(332, 17, 645),
(333, 18, 645),
(334, 19, 645),
(335, 20, 645),
(336, 21, 645),
(337, 12, 176),
(338, 13, 176),
(339, 14, 176),
(340, 15, 176),
(341, 16, 176),
(342, 17, 176),
(343, 18, 176),
(344, 19, 176),
(345, 20, 176),
(346, 21, 176),
(347, 12, 649),
(348, 13, 649),
(349, 14, 649),
(350, 15, 649),
(351, 16, 649),
(352, 17, 649),
(353, 18, 649),
(354, 19, 649),
(355, 20, 649),
(356, 21, 649),
(357, 22, 649),
(358, 12, 651),
(359, 13, 651),
(360, 14, 651),
(361, 15, 651),
(362, 16, 651),
(363, 17, 651),
(364, 18, 651),
(365, 19, 651),
(366, 20, 651),
(367, 21, 651),
(368, 22, 651),
(369, 12, 126),
(370, 13, 126),
(371, 14, 126),
(372, 15, 126),
(373, 16, 126),
(374, 17, 126),
(375, 18, 126),
(376, 19, 126),
(377, 20, 126),
(378, 21, 126),
(379, 22, 126),
(380, 12, 106),
(381, 13, 106),
(382, 14, 106),
(383, 15, 106),
(384, 16, 106),
(385, 17, 106),
(386, 18, 106),
(387, 19, 106),
(388, 20, 106),
(389, 21, 106),
(390, 22, 106),
(391, 12, 639),
(392, 13, 639),
(393, 14, 639),
(394, 15, 639),
(395, 16, 639),
(396, 17, 639),
(397, 18, 639),
(398, 19, 639),
(399, 20, 639),
(400, 21, 639),
(401, 22, 639),
(402, 12, 113),
(403, 13, 113),
(404, 14, 113),
(405, 15, 113),
(406, 16, 113),
(407, 17, 113),
(408, 18, 113),
(409, 19, 113),
(410, 20, 113),
(411, 21, 113),
(412, 22, 113),
(413, 23, 113),
(414, 12, 234),
(415, 13, 234),
(416, 14, 234),
(417, 15, 234),
(418, 16, 234),
(419, 17, 234),
(420, 18, 234),
(421, 19, 234),
(422, 20, 234),
(423, 21, 234),
(424, 22, 234),
(425, 23, 234),
(426, 12, 148),
(427, 13, 148),
(428, 14, 148),
(429, 15, 148),
(430, 16, 148),
(431, 17, 148),
(432, 18, 148),
(433, 19, 148),
(434, 20, 148),
(435, 21, 148),
(436, 22, 148),
(437, 23, 148),
(438, 12, 120),
(439, 13, 120),
(440, 14, 120),
(441, 15, 120),
(442, 16, 120),
(443, 17, 120),
(444, 18, 120),
(445, 19, 120),
(446, 20, 120),
(447, 21, 120),
(448, 22, 120),
(449, 23, 120),
(450, 12, 99),
(451, 13, 99),
(452, 14, 99),
(453, 15, 99),
(454, 16, 99),
(455, 17, 99),
(456, 18, 99),
(457, 19, 99),
(458, 20, 99),
(459, 21, 99),
(460, 22, 99),
(461, 23, 99),
(474, 12, 677),
(475, 13, 677),
(476, 14, 677),
(477, 15, 677),
(478, 16, 677),
(479, 17, 677),
(480, 18, 677),
(481, 19, 677),
(482, 20, 677),
(483, 21, 677),
(484, 22, 677),
(485, 23, 677),
(486, 24, 677),
(500, 12, 682),
(501, 13, 682),
(502, 14, 682),
(503, 15, 682),
(504, 16, 682),
(505, 17, 682),
(506, 18, 682),
(507, 19, 682),
(508, 20, 682),
(509, 21, 682),
(510, 22, 682),
(511, 23, 682),
(512, 24, 682),
(513, 25, 682),
(514, 1, 129),
(515, 2, 129),
(516, 3, 129),
(517, 4, 129),
(518, 5, 129),
(519, 12, 129),
(520, 13, 129),
(521, 14, 129),
(522, 15, 129),
(523, 16, 129),
(524, 17, 129),
(525, 18, 129),
(526, 19, 129),
(527, 20, 129),
(528, 21, 129),
(529, 22, 129),
(530, 23, 129),
(531, 24, 129),
(532, 25, 129),
(533, 26, 129),
(534, 1, 114),
(535, 2, 114),
(536, 3, 114),
(537, 4, 114),
(538, 5, 114),
(539, 12, 114),
(540, 13, 114),
(541, 14, 114),
(542, 15, 114),
(543, 16, 114),
(544, 17, 114),
(545, 18, 114),
(546, 19, 114),
(547, 20, 114),
(548, 21, 114),
(549, 22, 114),
(550, 23, 114),
(551, 24, 114),
(552, 25, 114),
(553, 26, 114),
(554, 1, 121),
(555, 2, 121),
(556, 3, 121),
(557, 4, 121),
(558, 5, 121),
(559, 12, 121),
(560, 13, 121),
(561, 14, 121),
(562, 15, 121),
(563, 16, 121),
(564, 17, 121),
(565, 18, 121),
(566, 19, 121),
(567, 20, 121),
(568, 21, 121),
(569, 22, 121),
(570, 23, 121),
(571, 24, 121),
(572, 25, 121),
(573, 26, 121),
(574, 1, 141),
(575, 2, 141),
(576, 3, 141),
(577, 4, 141),
(578, 5, 141),
(579, 12, 141),
(580, 13, 141),
(581, 14, 141),
(582, 15, 141),
(583, 16, 141),
(584, 17, 141),
(585, 18, 141),
(586, 19, 141),
(587, 20, 141),
(588, 21, 141),
(589, 22, 141),
(590, 23, 141),
(591, 24, 141),
(592, 25, 141),
(593, 26, 141),
(594, 1, 140),
(595, 2, 140),
(596, 3, 140),
(597, 4, 140),
(598, 5, 140),
(599, 12, 140),
(600, 13, 140),
(601, 14, 140),
(602, 15, 140),
(603, 16, 140),
(604, 17, 140),
(605, 18, 140),
(606, 19, 140),
(607, 20, 140),
(608, 21, 140),
(609, 22, 140),
(610, 23, 140),
(611, 24, 140),
(612, 25, 140),
(613, 26, 140),
(614, 1, 239),
(615, 2, 239),
(616, 3, 239),
(617, 4, 239),
(618, 5, 239),
(619, 12, 239),
(620, 13, 239),
(621, 14, 239),
(622, 15, 239),
(623, 16, 239),
(624, 17, 239),
(625, 18, 239),
(626, 19, 239),
(627, 20, 239),
(628, 21, 239),
(629, 22, 239),
(630, 23, 239),
(631, 24, 239),
(632, 25, 239),
(633, 26, 239),
(634, 1, 103),
(635, 2, 103),
(636, 3, 103),
(637, 4, 103),
(638, 5, 103),
(639, 12, 103),
(640, 13, 103),
(641, 14, 103),
(642, 15, 103),
(643, 16, 103),
(644, 17, 103),
(645, 18, 103),
(646, 19, 103),
(647, 20, 103),
(648, 21, 103),
(649, 22, 103),
(650, 23, 103),
(651, 24, 103),
(652, 25, 103),
(653, 26, 103),
(654, 1, 139),
(655, 2, 139),
(656, 3, 139),
(657, 4, 139),
(658, 5, 139),
(659, 12, 139),
(660, 13, 139),
(661, 14, 139),
(662, 15, 139),
(663, 16, 139),
(664, 17, 139),
(665, 18, 139),
(666, 19, 139),
(667, 20, 139),
(668, 21, 139),
(669, 22, 139),
(670, 23, 139),
(671, 24, 139),
(672, 25, 139),
(673, 26, 139),
(674, 1, 231),
(675, 2, 231),
(676, 3, 231),
(677, 4, 231),
(678, 5, 231),
(679, 12, 231),
(680, 13, 231),
(681, 14, 231),
(682, 15, 231),
(683, 16, 231),
(684, 17, 231),
(685, 18, 231),
(686, 19, 231),
(687, 20, 231),
(688, 21, 231),
(689, 22, 231),
(690, 23, 231),
(691, 24, 231),
(692, 25, 231),
(693, 26, 231),
(694, 27, 231),
(695, 1, 717),
(696, 2, 717),
(697, 3, 717),
(698, 4, 717),
(699, 5, 717),
(700, 12, 717),
(701, 13, 717),
(702, 14, 717),
(703, 15, 717),
(704, 16, 717),
(705, 17, 717),
(706, 18, 717),
(707, 19, 717),
(708, 20, 717),
(709, 21, 717),
(710, 22, 717),
(711, 23, 717),
(712, 24, 717),
(713, 25, 717),
(714, 26, 717),
(715, 27, 717),
(716, 12, 719),
(717, 13, 719),
(718, 14, 719),
(719, 15, 719),
(720, 16, 719),
(721, 17, 719),
(722, 18, 719),
(723, 19, 719),
(724, 20, 719),
(725, 21, 719),
(726, 22, 719),
(727, 23, 719),
(728, 24, 719),
(729, 25, 719),
(730, 26, 719),
(731, 27, 719),
(732, 28, 719);

-- --------------------------------------------------------

--
-- Table structure for table `ec_product_with_attribute_set`
--

CREATE TABLE `ec_product_with_attribute_set` (
  `id` bigint(20) UNSIGNED NOT NULL,
  `attribute_set_id` int(10) UNSIGNED NOT NULL,
  `product_id` int(10) UNSIGNED NOT NULL,
  `order` tinyint(3) UNSIGNED NOT NULL DEFAULT '0'
) ENGINE=InnoDB DEFAULT CHARSET=utf8mb4 COLLATE=utf8mb4_unicode_ci;

--
-- Dumping data for table `ec_product_with_attribute_set`
--

INSERT INTO `ec_product_with_attribute_set` (`id`, `attribute_set_id`, `product_id`, `order`) VALUES
(49, 2, 104, 0),
(51, 2, 264, 0),
(73, 2, 384, 0),
(76, 2, 631, 0),
(78, 2, 637, 0),
(83, 2, 645, 0),
(84, 2, 176, 0),
(85, 2, 649, 0),
(86, 2, 651, 0),
(87, 2, 126, 0),
(88, 2, 106, 0),
(89, 2, 639, 0),
(90, 2, 171, 0),
(91, 2, 113, 0),
(92, 2, 234, 0),
(93, 2, 148, 0),
(94, 2, 120, 0),
(95, 2, 99, 0),
(97, 2, 674, 0),
(98, 2, 677, 0),
(100, 2, 679, 0),
(101, 2, 682, 0),
(103, 2, 684, 0),
(104, 1, 129, 0),
(105, 2, 129, 0),
(106, 1, 114, 0),
(107, 2, 114, 0),
(108, 1, 121, 0),
(109, 2, 121, 0),
(110, 1, 141, 0),
(111, 2, 141, 0),
(112, 1, 140, 0),
(113, 2, 140, 0),
(114, 1, 239, 0),
(115, 2, 239, 0),
(116, 1, 103, 0),
(117, 2, 103, 0),
(118, 1, 139, 0),
(119, 2, 139, 0),
(120, 1, 231, 0),
(121, 2, 231, 0),
(122, 1, 717, 0),
(123, 2, 717, 0),
(125, 2, 719, 0);

-- --------------------------------------------------------

--
-- Table structure for table `ec_reviews`
--

CREATE TABLE `ec_reviews` (
  `id` bigint(20) UNSIGNED NOT NULL,
  `customer_id` int(10) UNSIGNED NOT NULL,
  `product_id` int(10) UNSIGNED NOT NULL,
  `star` double(8,2) NOT NULL,
  `comment` text COLLATE utf8mb4_unicode_ci NOT NULL,
  `status` varchar(60) COLLATE utf8mb4_unicode_ci NOT NULL DEFAULT 'published',
  `created_at` timestamp NULL DEFAULT NULL,
  `updated_at` timestamp NULL DEFAULT NULL,
  `images` text COLLATE utf8mb4_unicode_ci
) ENGINE=InnoDB DEFAULT CHARSET=utf8mb4 COLLATE=utf8mb4_unicode_ci;

-- --------------------------------------------------------

--
-- Table structure for table `ec_shipments`
--

CREATE TABLE `ec_shipments` (
  `id` bigint(20) UNSIGNED NOT NULL,
  `order_id` int(10) UNSIGNED NOT NULL,
  `user_id` int(10) UNSIGNED DEFAULT NULL,
  `weight` double(8,2) DEFAULT '0.00',
  `shipment_id` varchar(120) COLLATE utf8mb4_unicode_ci DEFAULT NULL,
  `note` varchar(120) COLLATE utf8mb4_unicode_ci DEFAULT NULL,
  `status` varchar(120) COLLATE utf8mb4_unicode_ci NOT NULL DEFAULT 'pending',
  `cod_amount` decimal(15,2) DEFAULT '0.00',
  `cod_status` varchar(60) COLLATE utf8mb4_unicode_ci NOT NULL DEFAULT 'pending',
  `cross_checking_status` varchar(60) COLLATE utf8mb4_unicode_ci NOT NULL DEFAULT 'pending',
  `price` decimal(15,2) DEFAULT '0.00',
  `store_id` int(10) UNSIGNED DEFAULT NULL,
  `created_at` timestamp NULL DEFAULT NULL,
  `updated_at` timestamp NULL DEFAULT NULL
) ENGINE=InnoDB DEFAULT CHARSET=utf8mb4 COLLATE=utf8mb4_unicode_ci;

--
-- Dumping data for table `ec_shipments`
--

INSERT INTO `ec_shipments` (`id`, `order_id`, `user_id`, `weight`, `shipment_id`, `note`, `status`, `cod_amount`, `cod_status`, `cross_checking_status`, `price`, `store_id`, `created_at`, `updated_at`) VALUES
(1, 1, NULL, 3242.00, NULL, '', 'approved', 874.20, 'pending', 'pending', 0.00, 0, '2021-09-15 18:45:40', '2021-09-15 18:45:40'),
(2, 2, NULL, 3812.00, NULL, '', 'delivered', 0.00, 'completed', 'pending', 0.00, 0, '2021-09-15 18:45:40', '2021-09-15 18:45:40'),
(3, 3, NULL, 5790.00, NULL, '', 'delivered', 1093.30, 'completed', 'pending', 0.00, 0, '2021-09-15 18:45:40', '2021-09-15 18:45:40'),
(4, 4, NULL, 2373.00, NULL, '', 'delivered', 374.00, 'completed', 'pending', 0.00, 0, '2021-09-15 18:45:40', '2021-09-15 18:45:40'),
(5, 5, NULL, 4225.00, NULL, '', 'approved', 0.00, 'completed', 'pending', 0.00, 0, '2021-09-15 18:45:40', '2021-09-15 18:45:40'),
(6, 6, NULL, 3627.00, NULL, '', 'approved', 0.00, 'completed', 'pending', 0.00, 0, '2021-09-15 18:45:40', '2021-09-15 18:45:40'),
(7, 7, NULL, 4475.00, NULL, '', 'delivered', 0.00, 'completed', 'pending', 0.00, 0, '2021-09-15 18:45:40', '2021-09-15 18:45:40'),
(8, 8, NULL, 6011.00, NULL, '', 'approved', 0.00, 'completed', 'pending', 0.00, 0, '2021-09-15 18:45:40', '2021-09-15 18:45:40'),
(9, 9, NULL, 5609.00, NULL, '', 'delivered', 0.00, 'completed', 'pending', 0.00, 0, '2021-09-15 18:45:40', '2021-09-15 18:45:40'),
(10, 10, NULL, 4876.00, NULL, '', 'approved', 0.00, 'completed', 'pending', 0.00, 0, '2021-09-15 18:45:40', '2021-09-15 18:45:40'),
(11, 11, NULL, 4548.00, NULL, '', 'approved', 0.00, 'completed', 'pending', 0.00, 0, '2021-09-15 18:45:40', '2021-09-15 18:45:40'),
(12, 12, NULL, 2804.00, NULL, '', 'delivered', 0.00, 'completed', 'pending', 0.00, 0, '2021-09-15 18:45:40', '2021-09-15 18:45:40'),
(13, 13, NULL, 3420.00, NULL, '', 'delivered', 0.00, 'completed', 'pending', 0.00, 0, '2021-09-15 18:45:40', '2021-09-15 18:45:40'),
(14, 14, NULL, 1508.00, NULL, '', 'approved', 0.00, 'completed', 'pending', 0.00, 0, '2021-09-15 18:45:40', '2021-09-15 18:45:40'),
(15, 15, NULL, 5048.00, NULL, '', 'delivered', 2283.40, 'completed', 'pending', 0.00, 0, '2021-09-15 18:45:40', '2021-09-15 18:45:40'),
(16, 16, NULL, 5963.00, NULL, '', 'approved', 0.00, 'completed', 'pending', 0.00, 0, '2021-09-15 18:45:40', '2021-09-15 18:45:40'),
(17, 17, NULL, 7285.00, NULL, '', 'approved', 0.00, 'completed', 'pending', 0.00, 0, '2021-09-15 18:45:40', '2021-09-15 18:45:40'),
(18, 18, NULL, 1372.00, NULL, '', 'approved', 0.00, 'completed', 'pending', 0.00, 0, '2021-09-15 18:45:40', '2021-09-15 18:45:40'),
(19, 19, NULL, 3757.00, NULL, '', 'approved', 0.00, 'completed', 'pending', 0.00, 0, '2021-09-15 18:45:40', '2021-09-15 18:45:40'),
(20, 20, NULL, 5370.00, NULL, '', 'approved', 0.00, 'completed', 'pending', 0.00, 0, '2021-09-15 18:45:40', '2021-09-15 18:45:40'),
(21, 33, 1, 0.20, NULL, NULL, 'delivering', 650.00, 'pending', 'pending', 80.00, 1, '2022-02-08 09:07:16', '2022-02-08 09:07:16'),
(22, 28, 1, 0.10, NULL, NULL, 'delivering', 160.00, 'pending', 'pending', 80.00, 1, '2022-02-08 09:09:44', '2022-02-08 09:09:44'),
(23, 51, 1, 0.10, NULL, NULL, 'delivering', 0.00, 'pending', 'pending', 80.00, 1, '2022-03-09 12:22:43', '2022-03-09 12:22:43'),
(24, 60, 1, 0.10, NULL, NULL, 'delivering', 225.00, 'pending', 'pending', 80.00, 1, '2022-03-30 17:20:28', '2022-03-30 17:20:28'),
(25, 72, 1, 0.10, NULL, NULL, 'delivering', 370.00, 'pending', 'pending', 80.00, 1, '2022-04-20 12:53:49', '2022-04-20 12:53:49'),
(26, 87, 1, 0.20, NULL, NULL, 'delivering', 0.00, 'pending', 'pending', 80.00, 1, '2022-05-02 12:47:00', '2022-05-02 12:47:00'),
(27, 97, 1, 0.10, NULL, NULL, 'delivering', 380.00, 'pending', 'pending', 80.00, 1, '2022-05-18 11:50:45', '2022-05-18 11:50:45'),
(28, 106, 1, 0.20, NULL, NULL, 'delivering', 0.00, 'pending', 'pending', 80.00, 1, '2022-06-01 17:37:24', '2022-06-01 17:37:24'),
(29, 108, 1, 0.20, NULL, NULL, 'delivering', 0.00, 'pending', 'pending', 0.00, 1, '2022-06-02 13:05:07', '2022-06-02 13:05:07'),
(30, 117, 1, 400.00, NULL, NULL, 'delivering', 0.00, 'pending', 'pending', 0.00, 1, '2022-06-14 14:00:37', '2022-06-14 14:00:37'),
(31, 124, 1, 0.10, NULL, NULL, 'delivering', 0.00, 'pending', 'pending', 0.00, 1, '2022-06-23 13:04:26', '2022-06-23 13:04:26'),
(32, 133, 1, 0.20, NULL, NULL, 'delivering', 0.00, 'pending', 'pending', 0.00, 1, '2022-07-08 12:08:57', '2022-07-08 12:08:57'),
(33, 136, 1, 0.50, NULL, NULL, 'delivering', 0.00, 'pending', 'pending', 0.00, 1, '2022-07-14 13:10:26', '2022-07-14 13:10:26'),
(34, 145, 1, 0.10, NULL, NULL, 'delivering', 240.00, 'pending', 'pending', 80.00, 1, '2022-07-20 11:28:02', '2022-07-20 11:28:02'),
(35, 153, 1, 0.10, NULL, NULL, 'delivering', 0.00, 'pending', 'pending', 0.00, 1, '2022-08-05 16:14:32', '2022-08-05 16:14:32'),
(36, 154, 1, 0.10, NULL, NULL, 'delivering', 0.00, 'pending', 'pending', 80.00, 1, '2022-08-16 07:44:26', '2022-08-16 07:44:26'),
(37, 167, 1, 0.10, NULL, NULL, 'delivering', 0.00, 'pending', 'pending', 80.00, 1, '2022-08-30 14:53:10', '2022-08-30 14:53:10'),
(38, 184, 1, 0.10, NULL, NULL, 'delivering', 600.00, 'pending', 'pending', 0.00, 1, '2022-09-19 09:55:12', '2022-09-19 09:55:12'),
(39, 198, 1, 0.10, NULL, NULL, 'delivering', 360.00, 'pending', 'pending', 80.00, 1, '2022-09-24 16:06:07', '2022-09-24 16:06:07'),
(40, 199, 1, 0.20, NULL, NULL, 'delivering', 370.00, 'pending', 'pending', 80.00, 1, '2022-09-26 13:50:21', '2022-09-26 13:50:21'),
(41, 200, 1, 0.10, NULL, NULL, 'delivering', 332.00, 'pending', 'pending', 80.00, 1, '2022-09-26 13:59:42', '2022-09-26 13:59:42'),
(42, 215, 1, 504.00, NULL, NULL, 'delivering', 1535.00, 'pending', 'pending', 0.00, 1, '2022-11-28 11:49:52', '2022-11-28 11:49:52'),
(43, 532, 1, 0.10, NULL, 'GASODROP  30 ML.- 1', 'picking', 0.00, 'pending', 'pending', 80.00, 1, '2023-08-05 05:52:16', '2023-08-05 05:53:34'),
(44, 3931, 1, 0.10, NULL, '671533', 'delivering', 0.00, 'pending', 'pending', 80.00, 1, '2025-01-18 07:59:08', '2025-01-18 07:59:08'),
(45, 3901, 1, 0.10, NULL, NULL, 'delivering', 0.00, 'pending', 'pending', 80.00, 1, '2025-01-18 07:59:34', '2025-01-18 07:59:34'),
(46, 3890, 1, 0.10, NULL, NULL, 'delivering', 0.00, 'pending', 'pending', 0.00, 1, '2025-01-18 07:59:57', '2025-01-18 07:59:57'),
(47, 3985, 1, 0.10, NULL, NULL, 'delivering', 0.00, 'pending', 'pending', 0.00, 1, '2025-01-24 05:07:20', '2025-01-24 05:07:20'),
(48, 3940, 1, 168.00, NULL, NULL, 'delivering', 0.00, 'pending', 'pending', 0.00, 1, '2025-01-25 08:06:51', '2025-01-25 08:06:51'),
(49, 4094, 1, 0.10, NULL, NULL, 'delivering', 0.00, 'pending', 'pending', 0.00, 1, '2025-02-05 04:53:57', '2025-02-05 04:53:57'),
(50, 4092, 1, 0.10, NULL, NULL, 'delivering', 0.00, 'pending', 'pending', 0.00, 1, '2025-02-05 04:54:18', '2025-02-05 04:54:18'),
(51, 4080, 1, 0.10, NULL, NULL, 'delivering', 0.00, 'pending', 'pending', 80.00, 1, '2025-02-05 04:59:19', '2025-02-05 04:59:19'),
(52, 4068, 1, 0.10, NULL, NULL, 'delivering', 0.00, 'pending', 'pending', 80.00, 1, '2025-02-05 05:04:30', '2025-02-05 05:04:30'),
(53, 4121, 1, 0.10, NULL, NULL, 'delivering', 0.00, 'pending', 'pending', 80.00, 1, '2025-02-07 09:35:48', '2025-02-07 09:35:48'),
(54, 4132, 1, 0.10, NULL, NULL, 'delivering', 0.00, 'pending', 'pending', 80.00, 1, '2025-02-10 05:18:57', '2025-02-10 05:18:57'),
(55, 4165, 1, 0.10, NULL, NULL, 'delivering', 0.00, 'pending', 'pending', 0.00, 1, '2025-02-13 05:21:29', '2025-02-13 05:21:29'),
(56, 4161, 1, 0.10, NULL, NULL, 'delivering', 0.00, 'pending', 'pending', 80.00, 1, '2025-02-14 05:43:48', '2025-02-14 05:43:48'),
(57, 4187, 1, 0.10, NULL, NULL, 'delivering', 580.00, 'pending', 'pending', 80.00, 1, '2025-02-14 05:47:26', '2025-02-14 05:47:26'),
(58, 4206, 1, 0.10, NULL, NULL, 'delivering', 0.00, 'pending', 'pending', 80.00, 1, '2025-02-18 03:37:25', '2025-02-18 03:37:25'),
(59, 4226, 1, 0.10, NULL, NULL, 'delivering', 0.00, 'pending', 'pending', 80.00, 1, '2025-02-18 03:48:06', '2025-02-18 03:48:06'),
(60, 4238, 1, 0.10, NULL, NULL, 'delivering', 0.00, 'pending', 'pending', 80.00, 1, '2025-02-18 03:52:13', '2025-02-18 03:52:13'),
(61, 4242, 1, 0.10, NULL, NULL, 'delivering', 0.00, 'pending', 'pending', 80.00, 1, '2025-02-18 04:08:19', '2025-02-18 04:08:19'),
(62, 4276, 1, 0.10, NULL, NULL, 'delivering', 0.00, 'pending', 'pending', 80.00, 1, '2025-02-18 06:39:15', '2025-02-18 06:39:15'),
(63, 4370, 1, 0.10, NULL, NULL, 'delivering', 0.00, 'pending', 'pending', 80.00, 1, '2025-02-19 03:29:31', '2025-02-19 03:29:31'),
(64, 4379, 1, 0.10, NULL, NULL, 'delivering', 0.00, 'pending', 'pending', 80.00, 1, '2025-02-20 04:33:30', '2025-02-20 04:33:30'),
(65, 4385, 1, 0.20, NULL, NULL, 'delivering', 0.00, 'pending', 'pending', 80.00, 1, '2025-02-20 04:36:20', '2025-02-20 04:36:20'),
(66, 4425, 1, 0.10, NULL, NULL, 'delivering', 0.00, 'pending', 'pending', 80.00, 1, '2025-02-20 05:06:35', '2025-02-20 05:06:35'),
(67, 4429, 1, 0.10, NULL, NULL, 'delivering', 0.00, 'pending', 'pending', 80.00, 1, '2025-02-20 05:07:25', '2025-02-20 05:07:25'),
(68, 4433, 1, 0.10, NULL, NULL, 'delivering', 0.00, 'pending', 'pending', 80.00, 1, '2025-02-20 05:11:37', '2025-02-20 05:11:37'),
(69, 4449, 1, 0.40, NULL, NULL, 'delivering', 0.00, 'pending', 'pending', 0.00, 1, '2025-02-20 05:17:36', '2025-02-20 05:17:36'),
(70, 4458, 1, 0.10, NULL, NULL, 'delivering', 0.00, 'pending', 'pending', 80.00, 1, '2025-02-20 05:21:36', '2025-02-20 05:21:36'),
(71, 4475, 1, 0.10, NULL, NULL, 'delivering', 0.00, 'pending', 'pending', 80.00, 1, '2025-02-20 05:26:11', '2025-02-20 05:26:11'),
(72, 4481, 1, 0.10, NULL, NULL, 'delivering', 0.00, 'pending', 'pending', 80.00, 1, '2025-02-20 05:28:36', '2025-02-20 05:28:36'),
(73, 4524, 1, 0.10, NULL, NULL, 'delivering', 0.00, 'pending', 'pending', 80.00, 1, '2025-02-24 07:17:43', '2025-02-24 07:17:43'),
(74, 4529, 1, 0.10, NULL, NULL, 'delivering', 0.00, 'pending', 'pending', 80.00, 1, '2025-02-24 07:21:38', '2025-02-24 07:21:38'),
(75, 4514, 1, 0.10, NULL, NULL, 'delivering', 0.00, 'pending', 'pending', 80.00, 1, '2025-02-24 07:30:04', '2025-02-24 07:30:04'),
(76, 4539, 1, 0.10, NULL, NULL, 'delivering', 0.00, 'pending', 'pending', 80.00, 1, '2025-02-24 08:06:06', '2025-02-24 08:06:06'),
(77, 4541, 1, 0.10, NULL, NULL, 'delivering', 0.00, 'pending', 'pending', 0.00, 1, '2025-02-24 08:19:57', '2025-02-24 08:19:57'),
(78, 4545, 1, 0.10, NULL, NULL, 'delivering', 0.00, 'pending', 'pending', 80.00, 1, '2025-02-24 09:09:29', '2025-02-24 09:09:29'),
(79, 4559, 1, 0.10, NULL, NULL, 'delivering', 0.00, 'pending', 'pending', 80.00, 1, '2025-02-24 09:15:48', '2025-02-24 09:15:48'),
(80, 4562, 1, 0.10, NULL, NULL, 'delivering', 0.00, 'pending', 'pending', 80.00, 1, '2025-02-24 09:21:37', '2025-02-24 09:21:37'),
(81, 4563, 1, 0.10, NULL, NULL, 'delivering', 0.00, 'pending', 'pending', 80.00, 1, '2025-02-24 09:28:55', '2025-02-24 09:28:55'),
(82, 4590, 1, 0.10, NULL, NULL, 'delivering', 0.00, 'pending', 'pending', 80.00, 1, '2025-02-24 09:36:31', '2025-02-24 09:36:31'),
(83, 4597, 1, 0.10, NULL, NULL, 'delivering', 0.00, 'pending', 'pending', 80.00, 1, '2025-02-24 09:42:48', '2025-02-24 09:42:48'),
(84, 4616, 1, 0.10, NULL, NULL, 'delivering', 0.00, 'pending', 'pending', 80.00, 1, '2025-02-24 10:02:03', '2025-02-24 10:02:03'),
(85, 4659, 1, 0.10, NULL, NULL, 'delivering', 0.00, 'pending', 'pending', 80.00, 1, '2025-02-25 11:38:53', '2025-02-25 11:38:53'),
(86, 4662, 1, 0.10, NULL, NULL, 'delivering', 0.00, 'pending', 'pending', 80.00, 1, '2025-02-26 04:46:21', '2025-02-26 04:46:21'),
(87, 4694, 1, 0.10, NULL, NULL, 'delivering', 330.00, 'pending', 'pending', 80.00, 1, '2025-02-26 11:27:35', '2025-02-26 11:27:35'),
(88, 4707, 1, 0.10, NULL, NULL, 'delivering', 430.00, 'pending', 'pending', 80.00, 1, '2025-02-27 05:41:57', '2025-02-27 05:41:57'),
(89, 4697, 1, 0.10, NULL, NULL, 'delivering', 0.00, 'pending', 'pending', 80.00, 1, '2025-02-28 03:44:47', '2025-02-28 03:44:47'),
(90, 4700, 1, 0.10, NULL, NULL, 'delivering', 0.00, 'pending', 'pending', 80.00, 1, '2025-02-28 03:45:18', '2025-02-28 03:45:18'),
(91, 4719, 1, 200.00, NULL, NULL, 'delivering', 0.00, 'pending', 'pending', 80.00, 1, '2025-02-28 03:45:51', '2025-02-28 03:45:51'),
(92, 4753, 1, 0.10, NULL, NULL, 'delivering', 0.00, 'pending', 'pending', 80.00, 1, '2025-03-01 05:08:31', '2025-03-01 05:08:31'),
(93, 4770, 1, 0.10, NULL, NULL, 'delivering', 0.00, 'pending', 'pending', 80.00, 1, '2025-03-03 03:39:00', '2025-03-03 03:39:00'),
(94, 4814, 1, 0.10, NULL, NULL, 'delivering', 0.00, 'pending', 'pending', 80.00, 1, '2025-03-06 03:59:56', '2025-03-06 03:59:56'),
(95, 4820, 1, 0.10, NULL, NULL, 'delivering', 0.00, 'pending', 'pending', 0.00, 1, '2025-03-06 04:08:31', '2025-03-06 04:08:31'),
(96, 4821, 1, 0.10, NULL, NULL, 'delivering', 0.00, 'pending', 'pending', 80.00, 1, '2025-03-06 04:17:37', '2025-03-06 04:17:37'),
(97, 4837, 1, 0.10, NULL, NULL, 'delivering', 0.00, 'pending', 'pending', 80.00, 1, '2025-03-08 03:30:45', '2025-03-08 03:30:45'),
(98, 4853, 1, 0.10, NULL, NULL, 'delivering', 0.00, 'pending', 'pending', 80.00, 1, '2025-03-08 03:38:39', '2025-03-08 03:38:39'),
(99, 4881, 1, 0.10, NULL, NULL, 'delivering', 0.00, 'pending', 'pending', 80.00, 1, '2025-03-12 03:38:28', '2025-03-12 03:38:28'),
(100, 4871, 1, 0.10, NULL, NULL, 'delivering', 0.00, 'pending', 'pending', 80.00, 1, '2025-03-12 03:38:44', '2025-03-12 03:38:44'),
(101, 4355, 1, 0.10, NULL, NULL, 'delivering', 0.00, 'pending', 'pending', 80.00, 1, '2025-03-13 05:11:37', '2025-03-13 05:11:37'),
(102, 4974, 1, 0.10, NULL, NULL, 'delivering', 0.00, 'pending', 'pending', 80.00, 1, '2025-03-20 03:53:51', '2025-03-20 03:53:51'),
(103, 4969, 1, 0.10, NULL, NULL, 'delivering', 0.00, 'pending', 'pending', 0.00, 1, '2025-03-20 03:57:25', '2025-03-20 03:57:25'),
(104, 4895, 1, 0.10, NULL, NULL, 'delivering', 0.00, 'pending', 'pending', 80.00, 1, '2025-03-20 03:58:10', '2025-03-20 03:58:10'),
(105, 4962, 1, 0.10, NULL, NULL, 'delivering', 0.00, 'pending', 'pending', 80.00, 1, '2025-03-20 04:03:06', '2025-03-20 04:03:06'),
(106, 4957, 1, 0.70, NULL, NULL, 'delivering', 0.00, 'pending', 'pending', 0.00, 1, '2025-03-20 04:15:36', '2025-03-20 04:15:36'),
(107, 4946, 1, 0.10, NULL, NULL, 'delivering', 0.00, 'pending', 'pending', 80.00, 1, '2025-03-20 05:15:33', '2025-03-20 05:15:33'),
(108, 4937, 1, 200.00, NULL, NULL, 'delivering', 0.00, 'pending', 'pending', 80.00, 1, '2025-03-20 05:15:52', '2025-03-20 05:15:52'),
(109, 5037, 1, 0.10, NULL, NULL, 'delivering', 0.00, 'pending', 'pending', 80.00, 1, '2025-03-25 04:00:04', '2025-03-25 04:00:04'),
(110, 5043, 1, 0.10, NULL, NULL, 'delivering', 0.00, 'pending', 'pending', 80.00, 1, '2025-03-25 06:32:47', '2025-03-25 06:32:47'),
(111, 5050, 1, 0.20, NULL, NULL, 'delivering', 0.00, 'pending', 'pending', 80.00, 1, '2025-03-25 06:38:43', '2025-03-25 06:38:43'),
(112, 5047, 1, 0.20, NULL, NULL, 'delivering', 0.00, 'pending', 'pending', 80.00, 1, '2025-03-25 06:47:23', '2025-03-25 06:47:23'),
(113, 5084, 1, 0.10, NULL, NULL, 'delivering', 0.00, 'pending', 'pending', 80.00, 1, '2025-03-31 04:01:41', '2025-03-31 04:01:41'),
(114, 5084, 1, 0.10, NULL, NULL, 'delivering', 0.00, 'pending', 'pending', 80.00, 1, '2025-03-31 04:01:41', '2025-03-31 04:01:41'),
(115, 5087, 1, 0.20, NULL, NULL, 'delivering', 0.00, 'pending', 'pending', 80.00, 1, '2025-04-01 03:47:33', '2025-04-01 03:47:33'),
(116, 5116, 1, 0.10, NULL, NULL, 'delivering', 0.00, 'pending', 'pending', 80.00, 1, '2025-04-04 03:46:06', '2025-04-04 03:46:06'),
(117, 5144, 1, 0.10, NULL, NULL, 'delivering', 0.00, 'pending', 'pending', 80.00, 1, '2025-04-08 04:50:53', '2025-04-08 04:50:53'),
(118, 5146, 1, 0.10, NULL, NULL, 'delivering', 0.00, 'pending', 'pending', 80.00, 1, '2025-04-08 05:18:59', '2025-04-08 05:18:59'),
(119, 5155, 1, 0.20, NULL, NULL, 'delivering', 0.00, 'pending', 'pending', 0.00, 1, '2025-04-08 05:25:15', '2025-04-08 05:25:15'),
(120, 5184, 1, 0.10, NULL, NULL, 'delivering', 0.00, 'pending', 'pending', 80.00, 1, '2025-04-11 03:48:03', '2025-04-11 03:48:03'),
(121, 5192, 1, 0.10, NULL, NULL, 'delivering', 0.00, 'pending', 'pending', 80.00, 1, '2025-04-11 03:53:09', '2025-04-11 03:53:09'),
(122, 5214, 1, 0.20, NULL, NULL, 'delivering', 0.00, 'pending', 'pending', 80.00, 1, '2025-04-15 04:14:39', '2025-04-15 04:14:39'),
(123, 5335, 1, 0.10, NULL, NULL, 'delivering', 0.00, 'pending', 'pending', 80.00, 1, '2025-04-28 04:15:47', '2025-04-28 04:15:47'),
(124, 5337, 1, 0.10, NULL, NULL, 'delivering', 0.00, 'pending', 'pending', 80.00, 1, '2025-04-29 05:59:01', '2025-04-29 05:59:01'),
(125, 5367, 1, 0.30, NULL, NULL, 'delivering', 0.00, 'pending', 'pending', 0.00, 1, '2025-05-02 04:02:28', '2025-05-02 04:02:28'),
(126, 5382, 1, 0.10, NULL, NULL, 'delivering', 0.00, 'pending', 'pending', 80.00, 1, '2025-05-03 03:44:16', '2025-05-03 03:44:16'),
(127, 5384, 1, 0.10, NULL, NULL, 'delivering', 0.00, 'pending', 'pending', 80.00, 1, '2025-05-03 03:49:55', '2025-05-03 03:49:55'),
(128, 5483, 1, 0.10, NULL, NULL, 'delivering', 0.00, 'pending', 'pending', 80.00, 1, '2025-05-17 09:46:19', '2025-05-17 09:46:19'),
(129, 5483, 1, 0.10, NULL, NULL, 'delivering', 0.00, 'pending', 'pending', 80.00, 1, '2025-05-17 09:46:19', '2025-05-17 09:46:19'),
(130, 5486, 1, 0.10, NULL, NULL, 'delivering', 0.00, 'pending', 'pending', 80.00, 1, '2025-05-17 09:49:33', '2025-05-17 09:49:33'),
(131, 5510, 1, 0.10, NULL, NULL, 'delivering', 0.00, 'pending', 'pending', 0.00, 1, '2025-05-19 08:27:49', '2025-05-19 08:27:49'),
(132, 5516, 1, 0.10, NULL, NULL, 'delivering', 0.00, 'pending', 'pending', 80.00, 1, '2025-05-19 09:12:34', '2025-05-19 09:12:34'),
(133, 5526, 1, 0.10, NULL, NULL, 'delivering', 0.00, 'pending', 'pending', 0.00, 1, '2025-05-19 09:18:32', '2025-05-19 09:18:32'),
(134, 5522, 1, 400.00, NULL, NULL, 'delivering', 0.00, 'pending', 'pending', 80.00, 1, '2025-05-19 09:22:30', '2025-05-19 09:22:30'),
(135, 5539, 1, 0.10, NULL, NULL, 'delivering', 0.00, 'pending', 'pending', 0.00, 1, '2025-05-21 03:59:08', '2025-05-21 03:59:08'),
(136, 5551, 1, 0.30, NULL, NULL, 'delivering', 0.00, 'pending', 'pending', 0.00, 1, '2025-05-23 04:00:04', '2025-05-23 04:00:04'),
(137, 5559, 1, 168.00, NULL, NULL, 'delivering', 0.00, 'pending', 'pending', 0.00, 1, '2025-05-23 04:03:33', '2025-05-23 04:03:33'),
(138, 5805, 1, 0.10, NULL, NULL, 'delivering', 0.00, 'pending', 'pending', 80.00, 1, '2025-06-12 05:56:46', '2025-06-12 05:56:46'),
(139, 5785, 1, 0.10, NULL, NULL, 'delivering', 0.00, 'pending', 'pending', 80.00, 1, '2025-06-12 06:19:34', '2025-06-12 06:19:34'),
(140, 5659, 1, 0.10, NULL, NULL, 'delivering', 0.00, 'pending', 'pending', 80.00, 1, '2025-06-12 06:51:08', '2025-06-12 06:51:08'),
(141, 5869, 1, 450.00, NULL, NULL, 'delivering', 0.00, 'pending', 'pending', 0.00, 1, '2025-06-17 04:03:38', '2025-06-17 04:03:38'),
(142, 6027, 1, 400.00, NULL, NULL, 'delivering', 0.00, 'pending', 'pending', 80.00, 1, '2025-06-26 03:41:00', '2025-06-26 03:41:00'),
(143, 6062, 1, 0.10, NULL, NULL, 'delivering', 0.00, 'pending', 'pending', 80.00, 1, '2025-06-30 09:42:37', '2025-06-30 09:42:37'),
(144, 6055, 1, 252.00, NULL, NULL, 'delivering', 0.00, 'pending', 'pending', 0.00, 1, '2025-06-30 09:47:45', '2025-06-30 09:47:45'),
(145, 6074, 1, 0.10, NULL, NULL, 'delivering', 0.00, 'pending', 'pending', 0.00, 1, '2025-07-02 06:07:05', '2025-07-02 06:07:05'),
(146, 6074, 1, 0.10, NULL, NULL, 'delivering', 0.00, 'pending', 'pending', 0.00, 1, '2025-07-02 06:07:05', '2025-07-02 06:07:05'),
(147, 6071, 1, 80.00, NULL, NULL, 'delivering', 0.00, 'pending', 'pending', 0.00, 1, '2025-07-02 06:13:14', '2025-07-02 06:13:14'),
(148, 6064, 1, 0.10, NULL, NULL, 'delivering', 0.00, 'pending', 'pending', 80.00, 1, '2025-07-02 06:17:40', '2025-07-02 06:17:40'),
(149, 6041, 1, 0.20, NULL, NULL, 'delivering', 0.00, 'pending', 'pending', 0.00, 1, '2025-07-05 06:11:27', '2025-07-05 06:11:27'),
(150, 6138, 1, 90.00, NULL, NULL, 'delivering', 0.00, 'pending', 'pending', 0.00, 1, '2025-07-14 07:04:10', '2025-07-14 07:04:10'),
(151, 6151, 1, 0.10, NULL, NULL, 'delivering', 0.00, 'pending', 'pending', 80.00, 1, '2025-07-14 07:08:02', '2025-07-14 07:08:02'),
(152, 6162, 1, 25.00, NULL, NULL, 'delivering', 0.00, 'pending', 'pending', 80.00, 1, '2025-07-14 07:11:54', '2025-07-14 07:11:54'),
(153, 6176, 1, 0.10, NULL, NULL, 'delivering', 0.00, 'pending', 'pending', 80.00, 1, '2025-07-17 05:39:56', '2025-07-17 05:39:56'),
(154, 6177, 1, 0.10, NULL, NULL, 'delivering', 0.00, 'pending', 'pending', 80.00, 1, '2025-07-17 05:43:24', '2025-07-17 05:43:24'),
(155, 6193, 1, 0.10, NULL, NULL, 'delivering', 0.00, 'pending', 'pending', 80.00, 1, '2025-07-18 11:47:25', '2025-07-18 11:47:25'),
(156, 6193, 1, 0.10, NULL, NULL, 'delivering', 0.00, 'pending', 'pending', 80.00, 1, '2025-07-18 11:47:25', '2025-07-18 11:47:25'),
(157, 6323, 1, 0.10, NULL, NULL, 'delivering', 0.00, 'pending', 'pending', 80.00, 1, '2025-08-05 03:53:26', '2025-08-05 03:53:26'),
(158, 6326, 1, 70.00, NULL, NULL, 'delivering', 0.00, 'pending', 'pending', 0.00, 1, '2025-08-05 04:01:52', '2025-08-05 04:01:52'),
(159, 6437, 1, 0.10, NULL, NULL, 'delivering', 0.00, 'pending', 'pending', 0.00, 1, '2025-08-12 06:08:29', '2025-08-12 06:08:29'),
(160, 6440, 1, 0.10, NULL, NULL, 'delivering', 0.00, 'pending', 'pending', 80.00, 1, '2025-08-12 06:19:27', '2025-08-12 06:19:27'),
(161, 6468, 1, 0.10, NULL, NULL, 'delivering', 0.00, 'pending', 'pending', 80.00, 1, '2025-08-14 03:57:38', '2025-08-14 03:57:38'),
(162, 6486, 1, 0.10, NULL, NULL, 'delivering', 0.00, 'pending', 'pending', 80.00, 1, '2025-08-18 07:37:28', '2025-08-18 07:37:28'),
(163, 6490, 1, 0.30, NULL, NULL, 'delivering', 0.00, 'pending', 'pending', 0.00, 1, '2025-08-18 07:43:35', '2025-08-18 07:43:35'),
(164, 6496, 1, 0.20, NULL, NULL, 'delivering', 0.00, 'pending', 'pending', 80.00, 1, '2025-08-18 07:53:20', '2025-08-18 07:53:20'),
(165, 6498, 1, 0.10, NULL, NULL, 'delivering', 0.00, 'pending', 'pending', 80.00, 1, '2025-08-19 06:05:18', '2025-08-19 06:05:18'),
(166, 6499, 1, 20.00, NULL, NULL, 'delivering', 0.00, 'pending', 'pending', 0.00, 1, '2025-08-19 06:13:27', '2025-08-19 06:13:27'),
(167, 6500, 1, 0.70, NULL, NULL, 'delivering', 0.00, 'pending', 'pending', 0.00, 1, '2025-08-19 06:28:00', '2025-08-19 06:28:00'),
(168, 6508, 1, 0.10, NULL, NULL, 'delivering', 0.00, 'pending', 'pending', 80.00, 1, '2025-08-20 06:54:06', '2025-08-20 06:54:06'),
(169, 6519, 1, 0.10, NULL, NULL, 'delivering', 0.00, 'pending', 'pending', 80.00, 1, '2025-08-23 04:58:37', '2025-08-23 04:58:37'),
(170, 6522, 1, 0.10, NULL, NULL, 'delivering', 0.00, 'pending', 'pending', 80.00, 1, '2025-08-23 09:34:19', '2025-08-23 09:34:19'),
(171, 6557, 1, 168.00, NULL, NULL, 'delivering', 0.00, 'pending', 'pending', 0.00, 1, '2025-08-30 09:02:24', '2025-08-30 09:02:24'),
(172, 6555, 1, 0.10, NULL, NULL, 'delivering', 0.00, 'pending', 'pending', 80.00, 1, '2025-08-30 09:03:55', '2025-08-30 09:03:55'),
(173, 6562, 1, 0.10, NULL, NULL, 'delivering', 0.00, 'pending', 'pending', 80.00, 1, '2025-09-02 03:19:15', '2025-09-02 03:19:15'),
(174, 6578, 1, 0.10, NULL, NULL, 'delivering', 0.00, 'pending', 'pending', 0.00, 1, '2025-09-03 11:40:17', '2025-09-03 11:40:17'),
(175, 6576, 1, 0.10, NULL, NULL, 'delivering', 0.00, 'pending', 'pending', 80.00, 1, '2025-09-03 12:12:00', '2025-09-03 12:12:00'),
(176, 6575, 1, 165.00, NULL, NULL, 'delivering', 0.00, 'pending', 'pending', 0.00, 1, '2025-09-04 03:41:42', '2025-09-04 03:41:42'),
(177, 6579, 1, 0.10, NULL, NULL, 'delivering', 0.00, 'pending', 'pending', 0.00, 1, '2025-09-04 03:46:37', '2025-09-04 03:46:37'),
(178, 6583, 1, 0.20, NULL, NULL, 'delivering', 0.00, 'pending', 'pending', 80.00, 1, '2025-09-05 03:36:18', '2025-09-05 03:36:18'),
(179, 6610, 1, 0.10, NULL, NULL, 'delivering', 0.00, 'pending', 'pending', 0.00, 1, '2025-09-11 03:38:11', '2025-09-11 03:38:11'),
(180, 6623, 1, 400.00, NULL, NULL, 'delivering', 0.00, 'pending', 'pending', 0.00, 1, '2025-09-15 05:58:18', '2025-09-15 05:58:18'),
(181, 6627, 1, 0.10, NULL, NULL, 'delivering', 0.00, 'pending', 'pending', 80.00, 1, '2025-09-15 11:04:50', '2025-09-15 11:04:50'),
(182, 6634, 1, 0.10, NULL, NULL, 'delivering', 0.00, 'pending', 'pending', 80.00, 1, '2025-09-18 03:35:04', '2025-09-18 03:35:04'),
(183, 6643, 1, 50.00, NULL, NULL, 'delivering', 0.00, 'pending', 'pending', 0.00, 1, '2025-09-20 05:48:30', '2025-09-20 05:48:30'),
(184, 6663, 1, 0.10, NULL, NULL, 'delivering', 0.00, 'pending', 'pending', 80.00, 1, '2025-10-01 03:49:04', '2025-10-01 03:49:04'),
(185, 6674, 1, 0.20, NULL, NULL, 'delivering', 0.00, 'pending', 'pending', 80.00, 1, '2025-10-03 03:42:42', '2025-10-03 03:42:42'),
(186, 6675, 1, 0.10, NULL, NULL, 'delivering', 0.00, 'pending', 'pending', 0.00, 1, '2025-10-03 09:01:44', '2025-10-03 09:01:44'),
(187, 6683, 1, 0.10, NULL, NULL, 'delivering', 0.00, 'pending', 'pending', 80.00, 1, '2025-10-06 04:10:35', '2025-10-06 04:10:35'),
(188, 6689, 1, 0.10, NULL, NULL, 'delivering', 0.00, 'pending', 'pending', 80.00, 1, '2025-10-07 04:16:08', '2025-10-07 04:16:08'),
(189, 6703, 1, 0.10, NULL, NULL, 'delivering', 0.00, 'pending', 'pending', 0.00, 1, '2025-10-11 08:42:44', '2025-10-11 08:42:44'),
(190, 6693, 1, 10.00, NULL, NULL, 'delivering', 260.00, 'pending', 'pending', 80.00, 1, '2025-10-11 11:10:21', '2025-10-11 11:10:21');

-- --------------------------------------------------------

--
-- Table structure for table `ec_shipment_histories`
--

CREATE TABLE `ec_shipment_histories` (
  `id` bigint(20) UNSIGNED NOT NULL,
  `action` varchar(120) COLLATE utf8mb4_unicode_ci NOT NULL,
  `description` varchar(255) COLLATE utf8mb4_unicode_ci NOT NULL,
  `user_id` int(10) UNSIGNED DEFAULT NULL,
  `shipment_id` int(10) UNSIGNED NOT NULL,
  `order_id` int(10) UNSIGNED NOT NULL,
  `created_at` timestamp NULL DEFAULT NULL,
  `updated_at` timestamp NULL DEFAULT NULL
) ENGINE=InnoDB DEFAULT CHARSET=utf8mb4 COLLATE=utf8mb4_unicode_ci;

--
-- Dumping data for table `ec_shipment_histories`
--

INSERT INTO `ec_shipment_histories` (`id`, `action`, `description`, `user_id`, `shipment_id`, `order_id`, `created_at`, `updated_at`) VALUES
(1, 'create_from_order', 'Shipping was created from order %order_id%', 0, 1, 1, '2021-09-05 18:45:40', '2021-09-05 18:45:40'),
(2, 'update_status', 'Changed status of shipping to : Approved . Updated by: %user_name%', 0, 1, 1, '2021-09-14 02:45:40', '2021-09-15 18:45:40'),
(3, 'create_from_order', 'Shipping was created from order %order_id%', 0, 2, 2, '2021-09-07 20:45:40', '2021-09-07 20:45:40'),
(4, 'update_status', 'Changed status of shipping to : Approved . Updated by: %user_name%', 0, 2, 2, '2021-09-14 04:45:40', '2021-09-15 18:45:40'),
(5, 'update_status', 'Changed status of shipping to : Delivered . Updated by: %user_name%', 0, 2, 2, '2021-09-15 18:45:40', '2021-09-15 18:45:40'),
(6, 'create_from_order', 'Shipping was created from order %order_id%', 0, 3, 3, '2021-09-14 06:45:40', '2021-09-14 06:45:40'),
(7, 'update_status', 'Changed status of shipping to : Approved . Updated by: %user_name%', 0, 3, 3, '2021-09-14 06:45:40', '2021-09-15 18:45:40'),
(8, 'update_cod_status', 'Updated COD status to Completed . Updated by: %user_name%', 0, 3, 3, '2021-09-15 18:45:40', '2021-09-15 18:45:40'),
(9, 'update_status', 'Changed status of shipping to : Delivered . Updated by: %user_name%', 0, 3, 3, '2021-09-15 18:45:40', '2021-09-15 18:45:40'),
(10, 'create_from_order', 'Shipping was created from order %order_id%', 0, 4, 4, '2021-09-07 06:45:40', '2021-09-07 06:45:40'),
(11, 'update_status', 'Changed status of shipping to : Approved . Updated by: %user_name%', 0, 4, 4, '2021-09-14 08:45:40', '2021-09-15 18:45:40'),
(12, 'update_cod_status', 'Updated COD status to Completed . Updated by: %user_name%', 0, 4, 4, '2021-09-15 18:45:40', '2021-09-15 18:45:40'),
(13, 'update_status', 'Changed status of shipping to : Delivered . Updated by: %user_name%', 0, 4, 4, '2021-09-15 18:45:40', '2021-09-15 18:45:40'),
(14, 'create_from_order', 'Shipping was created from order %order_id%', 0, 5, 5, '2021-09-07 18:45:40', '2021-09-07 18:45:40'),
(15, 'update_status', 'Changed status of shipping to : Approved . Updated by: %user_name%', 0, 5, 5, '2021-09-14 10:45:40', '2021-09-15 18:45:40'),
(16, 'create_from_order', 'Shipping was created from order %order_id%', 0, 6, 6, '2021-09-13 06:45:40', '2021-09-13 06:45:40'),
(17, 'update_status', 'Changed status of shipping to : Approved . Updated by: %user_name%', 0, 6, 6, '2021-09-14 12:45:40', '2021-09-15 18:45:40'),
(18, 'create_from_order', 'Shipping was created from order %order_id%', 0, 7, 7, '2021-09-07 14:45:40', '2021-09-07 14:45:40'),
(19, 'update_status', 'Changed status of shipping to : Approved . Updated by: %user_name%', 0, 7, 7, '2021-09-14 14:45:40', '2021-09-15 18:45:40'),
(20, 'update_status', 'Changed status of shipping to : Delivered . Updated by: %user_name%', 0, 7, 7, '2021-09-15 18:45:40', '2021-09-15 18:45:40'),
(21, 'create_from_order', 'Shipping was created from order %order_id%', 0, 8, 8, '2021-09-10 08:45:40', '2021-09-10 08:45:40'),
(22, 'update_status', 'Changed status of shipping to : Approved . Updated by: %user_name%', 0, 8, 8, '2021-09-14 16:45:40', '2021-09-15 18:45:40'),
(23, 'create_from_order', 'Shipping was created from order %order_id%', 0, 9, 9, '2021-09-10 18:45:40', '2021-09-10 18:45:40'),
(24, 'update_status', 'Changed status of shipping to : Approved . Updated by: %user_name%', 0, 9, 9, '2021-09-14 18:45:40', '2021-09-15 18:45:40'),
(25, 'update_status', 'Changed status of shipping to : Delivered . Updated by: %user_name%', 0, 9, 9, '2021-09-15 18:45:40', '2021-09-15 18:45:40'),
(26, 'create_from_order', 'Shipping was created from order %order_id%', 0, 10, 10, '2021-09-07 12:45:40', '2021-09-07 12:45:40'),
(27, 'update_status', 'Changed status of shipping to : Approved . Updated by: %user_name%', 0, 10, 10, '2021-09-14 20:45:40', '2021-09-15 18:45:40'),
(28, 'create_from_order', 'Shipping was created from order %order_id%', 0, 11, 11, '2021-09-11 14:45:40', '2021-09-11 14:45:40'),
(29, 'update_status', 'Changed status of shipping to : Approved . Updated by: %user_name%', 0, 11, 11, '2021-09-14 22:45:40', '2021-09-15 18:45:40'),
(30, 'create_from_order', 'Shipping was created from order %order_id%', 0, 12, 12, '2021-09-15 00:45:40', '2021-09-15 00:45:40'),
(31, 'update_status', 'Changed status of shipping to : Approved . Updated by: %user_name%', 0, 12, 12, '2021-09-15 00:45:40', '2021-09-15 18:45:40'),
(32, 'update_status', 'Changed status of shipping to : Delivered . Updated by: %user_name%', 0, 12, 12, '2021-09-15 18:45:40', '2021-09-15 18:45:40'),
(33, 'create_from_order', 'Shipping was created from order %order_id%', 0, 13, 13, '2021-09-14 10:45:40', '2021-09-14 10:45:40'),
(34, 'update_status', 'Changed status of shipping to : Approved . Updated by: %user_name%', 0, 13, 13, '2021-09-15 02:45:40', '2021-09-15 18:45:40'),
(35, 'update_status', 'Changed status of shipping to : Delivered . Updated by: %user_name%', 0, 13, 13, '2021-09-15 18:45:40', '2021-09-15 18:45:40'),
(36, 'create_from_order', 'Shipping was created from order %order_id%', 0, 14, 14, '2021-09-09 22:45:40', '2021-09-09 22:45:40'),
(37, 'update_status', 'Changed status of shipping to : Approved . Updated by: %user_name%', 0, 14, 14, '2021-09-15 04:45:40', '2021-09-15 18:45:40'),
(38, 'create_from_order', 'Shipping was created from order %order_id%', 0, 15, 15, '2021-09-12 06:45:40', '2021-09-12 06:45:40'),
(39, 'update_status', 'Changed status of shipping to : Approved . Updated by: %user_name%', 0, 15, 15, '2021-09-15 06:45:40', '2021-09-15 18:45:40'),
(40, 'update_cod_status', 'Updated COD status to Completed . Updated by: %user_name%', 0, 15, 15, '2021-09-15 18:45:40', '2021-09-15 18:45:40'),
(41, 'update_status', 'Changed status of shipping to : Delivered . Updated by: %user_name%', 0, 15, 15, '2021-09-15 18:45:40', '2021-09-15 18:45:40'),
(42, 'create_from_order', 'Shipping was created from order %order_id%', 0, 16, 16, '2021-09-13 06:45:40', '2021-09-13 06:45:40'),
(43, 'update_status', 'Changed status of shipping to : Approved . Updated by: %user_name%', 0, 16, 16, '2021-09-15 08:45:40', '2021-09-15 18:45:40'),
(44, 'create_from_order', 'Shipping was created from order %order_id%', 0, 17, 17, '2021-09-12 18:45:40', '2021-09-12 18:45:40'),
(45, 'update_status', 'Changed status of shipping to : Approved . Updated by: %user_name%', 0, 17, 17, '2021-09-15 10:45:40', '2021-09-15 18:45:40'),
(46, 'create_from_order', 'Shipping was created from order %order_id%', 0, 18, 18, '2021-09-13 18:45:40', '2021-09-13 18:45:40'),
(47, 'update_status', 'Changed status of shipping to : Approved . Updated by: %user_name%', 0, 18, 18, '2021-09-15 12:45:40', '2021-09-15 18:45:40'),
(48, 'create_from_order', 'Shipping was created from order %order_id%', 0, 19, 19, '2021-09-15 10:45:40', '2021-09-15 10:45:40'),
(49, 'update_status', 'Changed status of shipping to : Approved . Updated by: %user_name%', 0, 19, 19, '2021-09-15 14:45:40', '2021-09-15 18:45:40'),
(50, 'create_from_order', 'Shipping was created from order %order_id%', 0, 20, 20, '2021-09-15 10:45:40', '2021-09-15 10:45:40'),
(51, 'update_status', 'Changed status of shipping to : Approved . Updated by: %user_name%', 0, 20, 20, '2021-09-15 16:45:40', '2021-09-15 18:45:40'),
(52, 'create_from_order', 'Shipping was created from order %order_id%', 1, 21, 33, '2022-02-08 09:07:17', '2022-02-08 09:07:17'),
(53, 'create_from_order', 'Shipping was created from order %order_id%', 1, 22, 28, '2022-02-08 09:09:44', '2022-02-08 09:09:44'),
(54, 'create_from_order', 'Shipping was created from order %order_id%', 1, 23, 51, '2022-03-09 12:22:44', '2022-03-09 12:22:44'),
(55, 'create_from_order', 'Shipping was created from order %order_id%', 1, 24, 60, '2022-03-30 17:20:28', '2022-03-30 17:20:28'),
(56, 'create_from_order', 'Shipping was created from order %order_id%', 1, 25, 72, '2022-04-20 12:53:50', '2022-04-20 12:53:50'),
(57, 'create_from_order', 'Shipping was created from order %order_id%', 1, 26, 87, '2022-05-02 12:47:01', '2022-05-02 12:47:01'),
(58, 'create_from_order', 'Shipping was created from order %order_id%', 1, 27, 97, '2022-05-18 11:50:49', '2022-05-18 11:50:49'),
(59, 'create_from_order', 'Shipping was created from order %order_id%', 1, 28, 106, '2022-06-01 17:37:24', '2022-06-01 17:37:24'),
(60, 'create_from_order', 'Shipping was created from order %order_id%', 1, 29, 108, '2022-06-02 13:05:07', '2022-06-02 13:05:07'),
(61, 'create_from_order', 'Shipping was created from order %order_id%', 1, 30, 117, '2022-06-14 14:00:37', '2022-06-14 14:00:37'),
(62, 'create_from_order', 'Shipping was created from order %order_id%', 1, 31, 124, '2022-06-23 13:04:26', '2022-06-23 13:04:26'),
(63, 'create_from_order', 'Shipping was created from order %order_id%', 1, 32, 133, '2022-07-08 12:08:58', '2022-07-08 12:08:58'),
(64, 'create_from_order', 'Shipping was created from order %order_id%', 1, 33, 136, '2022-07-14 13:10:27', '2022-07-14 13:10:27'),
(65, 'create_from_order', 'Shipping was created from order %order_id%', 1, 34, 145, '2022-07-20 11:28:03', '2022-07-20 11:28:03'),
(66, 'create_from_order', 'Shipping was created from order %order_id%', 1, 35, 153, '2022-08-05 16:14:32', '2022-08-05 16:14:32'),
(67, 'create_from_order', 'Shipping was created from order %order_id%', 1, 36, 154, '2022-08-16 07:44:26', '2022-08-16 07:44:26'),
(68, 'create_from_order', 'Shipping was created from order %order_id%', 1, 37, 167, '2022-08-30 14:53:11', '2022-08-30 14:53:11'),
(69, 'create_from_order', 'Shipping was created from order %order_id%', 1, 38, 184, '2022-09-19 09:55:12', '2022-09-19 09:55:12'),
(70, 'create_from_order', 'Shipping was created from order %order_id%', 1, 39, 198, '2022-09-24 16:06:07', '2022-09-24 16:06:07'),
(71, 'create_from_order', 'Shipping was created from order %order_id%', 1, 40, 199, '2022-09-26 13:50:22', '2022-09-26 13:50:22'),
(72, 'create_from_order', 'Shipping was created from order %order_id%', 1, 41, 200, '2022-09-26 13:59:43', '2022-09-26 13:59:43'),
(73, 'create_from_order', 'Shipping was created from order %order_id%', 1, 42, 215, '2022-11-28 11:49:52', '2022-11-28 11:49:52'),
(74, 'create_from_order', 'Shipping was created from order %order_id%', 1, 43, 532, '2023-08-05 05:52:16', '2023-08-05 05:52:16'),
(75, 'update_status', 'Changed status of shipping to : Picking . Updated by: %user_name%', 1, 43, 532, '2023-08-05 05:53:34', '2023-08-05 05:53:34'),
(76, 'create_from_order', 'Shipping was created from order %order_id%', 1, 44, 3931, '2025-01-18 07:59:08', '2025-01-18 07:59:08'),
(77, 'create_from_order', 'Shipping was created from order %order_id%', 1, 45, 3901, '2025-01-18 07:59:34', '2025-01-18 07:59:34'),
(78, 'create_from_order', 'Shipping was created from order %order_id%', 1, 46, 3890, '2025-01-18 07:59:57', '2025-01-18 07:59:57'),
(79, 'create_from_order', 'Shipping was created from order %order_id%', 1, 47, 3985, '2025-01-24 05:07:21', '2025-01-24 05:07:21'),
(80, 'create_from_order', 'Shipping was created from order %order_id%', 1, 48, 3940, '2025-01-25 08:06:51', '2025-01-25 08:06:51'),
(81, 'create_from_order', 'Shipping was created from order %order_id%', 1, 49, 4094, '2025-02-05 04:53:58', '2025-02-05 04:53:58'),
(82, 'create_from_order', 'Shipping was created from order %order_id%', 1, 50, 4092, '2025-02-05 04:54:18', '2025-02-05 04:54:18'),
(83, 'create_from_order', 'Shipping was created from order %order_id%', 1, 51, 4080, '2025-02-05 04:59:19', '2025-02-05 04:59:19'),
(84, 'create_from_order', 'Shipping was created from order %order_id%', 1, 52, 4068, '2025-02-05 05:04:30', '2025-02-05 05:04:30'),
(85, 'create_from_order', 'Shipping was created from order %order_id%', 1, 53, 4121, '2025-02-07 09:35:48', '2025-02-07 09:35:48'),
(86, 'create_from_order', 'Shipping was created from order %order_id%', 1, 54, 4132, '2025-02-10 05:18:57', '2025-02-10 05:18:57'),
(87, 'create_from_order', 'Shipping was created from order %order_id%', 1, 55, 4165, '2025-02-13 05:21:29', '2025-02-13 05:21:29'),
(88, 'create_from_order', 'Shipping was created from order %order_id%', 1, 56, 4161, '2025-02-14 05:43:48', '2025-02-14 05:43:48'),
(89, 'create_from_order', 'Shipping was created from order %order_id%', 1, 57, 4187, '2025-02-14 05:47:26', '2025-02-14 05:47:26'),
(90, 'create_from_order', 'Shipping was created from order %order_id%', 1, 58, 4206, '2025-02-18 03:37:26', '2025-02-18 03:37:26'),
(91, 'create_from_order', 'Shipping was created from order %order_id%', 1, 59, 4226, '2025-02-18 03:48:07', '2025-02-18 03:48:07'),
(92, 'create_from_order', 'Shipping was created from order %order_id%', 1, 60, 4238, '2025-02-18 03:52:13', '2025-02-18 03:52:13'),
(93, 'create_from_order', 'Shipping was created from order %order_id%', 1, 61, 4242, '2025-02-18 04:08:19', '2025-02-18 04:08:19'),
(94, 'create_from_order', 'Shipping was created from order %order_id%', 1, 62, 4276, '2025-02-18 06:39:15', '2025-02-18 06:39:15'),
(95, 'create_from_order', 'Shipping was created from order %order_id%', 1, 63, 4370, '2025-02-19 03:29:31', '2025-02-19 03:29:31'),
(96, 'create_from_order', 'Shipping was created from order %order_id%', 1, 64, 4379, '2025-02-20 04:33:31', '2025-02-20 04:33:31'),
(97, 'create_from_order', 'Shipping was created from order %order_id%', 1, 65, 4385, '2025-02-20 04:36:20', '2025-02-20 04:36:20'),
(98, 'create_from_order', 'Shipping was created from order %order_id%', 1, 66, 4425, '2025-02-20 05:06:35', '2025-02-20 05:06:35'),
(99, 'create_from_order', 'Shipping was created from order %order_id%', 1, 67, 4429, '2025-02-20 05:07:25', '2025-02-20 05:07:25'),
(100, 'create_from_order', 'Shipping was created from order %order_id%', 1, 68, 4433, '2025-02-20 05:11:38', '2025-02-20 05:11:38'),
(101, 'create_from_order', 'Shipping was created from order %order_id%', 1, 69, 4449, '2025-02-20 05:17:36', '2025-02-20 05:17:36'),
(102, 'create_from_order', 'Shipping was created from order %order_id%', 1, 70, 4458, '2025-02-20 05:21:36', '2025-02-20 05:21:36'),
(103, 'create_from_order', 'Shipping was created from order %order_id%', 1, 71, 4475, '2025-02-20 05:26:11', '2025-02-20 05:26:11'),
(104, 'create_from_order', 'Shipping was created from order %order_id%', 1, 72, 4481, '2025-02-20 05:28:36', '2025-02-20 05:28:36'),
(105, 'create_from_order', 'Shipping was created from order %order_id%', 1, 73, 4524, '2025-02-24 07:17:46', '2025-02-24 07:17:46'),
(106, 'create_from_order', 'Shipping was created from order %order_id%', 1, 74, 4529, '2025-02-24 07:21:41', '2025-02-24 07:21:41'),
(107, 'create_from_order', 'Shipping was created from order %order_id%', 1, 75, 4514, '2025-02-24 07:30:08', '2025-02-24 07:30:08'),
(108, 'create_from_order', 'Shipping was created from order %order_id%', 1, 76, 4539, '2025-02-24 08:06:09', '2025-02-24 08:06:09'),
(109, 'create_from_order', 'Shipping was created from order %order_id%', 1, 77, 4541, '2025-02-24 08:19:59', '2025-02-24 08:19:59'),
(110, 'create_from_order', 'Shipping was created from order %order_id%', 1, 78, 4545, '2025-02-24 09:09:33', '2025-02-24 09:09:33'),
(111, 'create_from_order', 'Shipping was created from order %order_id%', 1, 79, 4559, '2025-02-24 09:15:52', '2025-02-24 09:15:52'),
(112, 'create_from_order', 'Shipping was created from order %order_id%', 1, 80, 4562, '2025-02-24 09:21:40', '2025-02-24 09:21:40'),
(113, 'create_from_order', 'Shipping was created from order %order_id%', 1, 81, 4563, '2025-02-24 09:28:58', '2025-02-24 09:28:58'),
(114, 'create_from_order', 'Shipping was created from order %order_id%', 1, 82, 4590, '2025-02-24 09:36:35', '2025-02-24 09:36:35'),
(115, 'create_from_order', 'Shipping was created from order %order_id%', 1, 83, 4597, '2025-02-24 09:42:51', '2025-02-24 09:42:51'),
(116, 'create_from_order', 'Shipping was created from order %order_id%', 1, 84, 4616, '2025-02-24 10:02:06', '2025-02-24 10:02:06'),
(117, 'create_from_order', 'Shipping was created from order %order_id%', 1, 85, 4659, '2025-02-25 11:38:57', '2025-02-25 11:38:57'),
(118, 'create_from_order', 'Shipping was created from order %order_id%', 1, 86, 4662, '2025-02-26 04:46:23', '2025-02-26 04:46:23'),
(119, 'create_from_order', 'Shipping was created from order %order_id%', 1, 87, 4694, '2025-02-26 11:27:38', '2025-02-26 11:27:38'),
(120, 'create_from_order', 'Shipping was created from order %order_id%', 1, 88, 4707, '2025-02-27 05:42:00', '2025-02-27 05:42:00'),
(121, 'create_from_order', 'Shipping was created from order %order_id%', 1, 89, 4697, '2025-02-28 03:44:50', '2025-02-28 03:44:50'),
(122, 'create_from_order', 'Shipping was created from order %order_id%', 1, 90, 4700, '2025-02-28 03:45:21', '2025-02-28 03:45:21'),
(123, 'create_from_order', 'Shipping was created from order %order_id%', 1, 91, 4719, '2025-02-28 03:45:55', '2025-02-28 03:45:55'),
(124, 'create_from_order', 'Shipping was created from order %order_id%', 1, 92, 4753, '2025-03-01 05:08:34', '2025-03-01 05:08:34'),
(125, 'create_from_order', 'Shipping was created from order %order_id%', 1, 93, 4770, '2025-03-03 03:39:03', '2025-03-03 03:39:03'),
(126, 'create_from_order', 'Shipping was created from order %order_id%', 1, 94, 4814, '2025-03-06 03:59:59', '2025-03-06 03:59:59'),
(127, 'create_from_order', 'Shipping was created from order %order_id%', 1, 95, 4820, '2025-03-06 04:08:35', '2025-03-06 04:08:35'),
(128, 'create_from_order', 'Shipping was created from order %order_id%', 1, 96, 4821, '2025-03-06 04:17:40', '2025-03-06 04:17:40'),
(129, 'create_from_order', 'Shipping was created from order %order_id%', 1, 97, 4837, '2025-03-08 03:30:48', '2025-03-08 03:30:48'),
(130, 'create_from_order', 'Shipping was created from order %order_id%', 1, 98, 4853, '2025-03-08 03:38:43', '2025-03-08 03:38:43'),
(131, 'create_from_order', 'Shipping was created from order %order_id%', 1, 99, 4881, '2025-03-12 03:38:31', '2025-03-12 03:38:31'),
(132, 'create_from_order', 'Shipping was created from order %order_id%', 1, 100, 4871, '2025-03-12 03:38:48', '2025-03-12 03:38:48'),
(133, 'create_from_order', 'Shipping was created from order %order_id%', 1, 101, 4355, '2025-03-13 05:11:41', '2025-03-13 05:11:41'),
(134, 'create_from_order', 'Shipping was created from order %order_id%', 1, 102, 4974, '2025-03-20 03:53:54', '2025-03-20 03:53:54'),
(135, 'create_from_order', 'Shipping was created from order %order_id%', 1, 103, 4969, '2025-03-20 03:57:28', '2025-03-20 03:57:28'),
(136, 'create_from_order', 'Shipping was created from order %order_id%', 1, 104, 4895, '2025-03-20 03:58:14', '2025-03-20 03:58:14'),
(137, 'create_from_order', 'Shipping was created from order %order_id%', 1, 105, 4962, '2025-03-20 04:03:09', '2025-03-20 04:03:09'),
(138, 'create_from_order', 'Shipping was created from order %order_id%', 1, 106, 4957, '2025-03-20 04:15:40', '2025-03-20 04:15:40'),
(139, 'create_from_order', 'Shipping was created from order %order_id%', 1, 107, 4946, '2025-03-20 05:15:36', '2025-03-20 05:15:36'),
(140, 'create_from_order', 'Shipping was created from order %order_id%', 1, 108, 4937, '2025-03-20 05:15:56', '2025-03-20 05:15:56'),
(141, 'create_from_order', 'Shipping was created from order %order_id%', 1, 109, 5037, '2025-03-25 04:00:08', '2025-03-25 04:00:08'),
(142, 'create_from_order', 'Shipping was created from order %order_id%', 1, 110, 5043, '2025-03-25 06:32:50', '2025-03-25 06:32:50'),
(143, 'create_from_order', 'Shipping was created from order %order_id%', 1, 111, 5050, '2025-03-25 06:38:46', '2025-03-25 06:38:46'),
(144, 'create_from_order', 'Shipping was created from order %order_id%', 1, 112, 5047, '2025-03-25 06:47:26', '2025-03-25 06:47:26'),
(145, 'create_from_order', 'Shipping was created from order %order_id%', 1, 113, 5084, '2025-03-31 04:01:44', '2025-03-31 04:01:44'),
(146, 'create_from_order', 'Shipping was created from order %order_id%', 1, 114, 5084, '2025-03-31 04:01:44', '2025-03-31 04:01:44'),
(147, 'create_from_order', 'Shipping was created from order %order_id%', 1, 115, 5087, '2025-04-01 03:47:36', '2025-04-01 03:47:36'),
(148, 'create_from_order', 'Shipping was created from order %order_id%', 1, 116, 5116, '2025-04-04 03:46:08', '2025-04-04 03:46:08'),
(149, 'create_from_order', 'Shipping was created from order %order_id%', 1, 117, 5144, '2025-04-08 04:50:56', '2025-04-08 04:50:56'),
(150, 'create_from_order', 'Shipping was created from order %order_id%', 1, 118, 5146, '2025-04-08 05:19:02', '2025-04-08 05:19:02'),
(151, 'create_from_order', 'Shipping was created from order %order_id%', 1, 119, 5155, '2025-04-08 05:25:18', '2025-04-08 05:25:18'),
(152, 'create_from_order', 'Shipping was created from order %order_id%', 1, 120, 5184, '2025-04-11 03:48:06', '2025-04-11 03:48:06'),
(153, 'create_from_order', 'Shipping was created from order %order_id%', 1, 121, 5192, '2025-04-11 03:53:11', '2025-04-11 03:53:11'),
(154, 'create_from_order', 'Shipping was created from order %order_id%', 1, 122, 5214, '2025-04-15 04:14:42', '2025-04-15 04:14:42'),
(155, 'create_from_order', 'Shipping was created from order %order_id%', 1, 123, 5335, '2025-04-28 04:15:49', '2025-04-28 04:15:49'),
(156, 'create_from_order', 'Shipping was created from order %order_id%', 1, 124, 5337, '2025-04-29 05:59:04', '2025-04-29 05:59:04'),
(157, 'create_from_order', 'Shipping was created from order %order_id%', 1, 125, 5367, '2025-05-02 04:02:30', '2025-05-02 04:02:30'),
(158, 'create_from_order', 'Shipping was created from order %order_id%', 1, 126, 5382, '2025-05-03 03:44:20', '2025-05-03 03:44:20'),
(159, 'create_from_order', 'Shipping was created from order %order_id%', 1, 127, 5384, '2025-05-03 03:49:59', '2025-05-03 03:49:59'),
(160, 'create_from_order', 'Shipping was created from order %order_id%', 1, 129, 5483, '2025-05-17 09:46:22', '2025-05-17 09:46:22'),
(161, 'create_from_order', 'Shipping was created from order %order_id%', 1, 128, 5483, '2025-05-17 09:46:22', '2025-05-17 09:46:22'),
(162, 'create_from_order', 'Shipping was created from order %order_id%', 1, 130, 5486, '2025-05-17 09:49:36', '2025-05-17 09:49:36'),
(163, 'create_from_order', 'Shipping was created from order %order_id%', 1, 131, 5510, '2025-05-19 08:27:52', '2025-05-19 08:27:52'),
(164, 'create_from_order', 'Shipping was created from order %order_id%', 1, 132, 5516, '2025-05-19 09:12:36', '2025-05-19 09:12:36'),
(165, 'create_from_order', 'Shipping was created from order %order_id%', 1, 133, 5526, '2025-05-19 09:18:35', '2025-05-19 09:18:35'),
(166, 'create_from_order', 'Shipping was created from order %order_id%', 1, 134, 5522, '2025-05-19 09:22:33', '2025-05-19 09:22:33'),
(167, 'create_from_order', 'Shipping was created from order %order_id%', 1, 135, 5539, '2025-05-21 03:59:11', '2025-05-21 03:59:11'),
(168, 'create_from_order', 'Shipping was created from order %order_id%', 1, 136, 5551, '2025-05-23 04:00:06', '2025-05-23 04:00:06'),
(169, 'create_from_order', 'Shipping was created from order %order_id%', 1, 137, 5559, '2025-05-23 04:03:36', '2025-05-23 04:03:36'),
(170, 'create_from_order', 'Shipping was created from order %order_id%', 1, 138, 5805, '2025-06-12 05:56:50', '2025-06-12 05:56:50'),
(171, 'create_from_order', 'Shipping was created from order %order_id%', 1, 139, 5785, '2025-06-12 06:19:37', '2025-06-12 06:19:37'),
(172, 'create_from_order', 'Shipping was created from order %order_id%', 1, 140, 5659, '2025-06-12 06:51:11', '2025-06-12 06:51:11'),
(173, 'create_from_order', 'Shipping was created from order %order_id%', 1, 141, 5869, '2025-06-17 04:03:40', '2025-06-17 04:03:40'),
(174, 'create_from_order', 'Shipping was created from order %order_id%', 1, 142, 6027, '2025-06-26 03:41:04', '2025-06-26 03:41:04'),
(175, 'create_from_order', 'Shipping was created from order %order_id%', 1, 143, 6062, '2025-06-30 09:42:39', '2025-06-30 09:42:39'),
(176, 'create_from_order', 'Shipping was created from order %order_id%', 1, 144, 6055, '2025-06-30 09:47:48', '2025-06-30 09:47:48'),
(177, 'create_from_order', 'Shipping was created from order %order_id%', 1, 146, 6074, '2025-07-02 06:07:08', '2025-07-02 06:07:08'),
(178, 'create_from_order', 'Shipping was created from order %order_id%', 1, 145, 6074, '2025-07-02 06:07:08', '2025-07-02 06:07:08'),
(179, 'create_from_order', 'Shipping was created from order %order_id%', 1, 147, 6071, '2025-07-02 06:13:17', '2025-07-02 06:13:17'),
(180, 'create_from_order', 'Shipping was created from order %order_id%', 1, 148, 6064, '2025-07-02 06:17:42', '2025-07-02 06:17:42'),
(181, 'create_from_order', 'Shipping was created from order %order_id%', 1, 149, 6041, '2025-07-05 06:11:30', '2025-07-05 06:11:30'),
(182, 'create_from_order', 'Shipping was created from order %order_id%', 1, 150, 6138, '2025-07-14 07:04:13', '2025-07-14 07:04:13'),
(183, 'create_from_order', 'Shipping was created from order %order_id%', 1, 151, 6151, '2025-07-14 07:08:05', '2025-07-14 07:08:05'),
(184, 'create_from_order', 'Shipping was created from order %order_id%', 1, 152, 6162, '2025-07-14 07:11:57', '2025-07-14 07:11:57'),
(185, 'create_from_order', 'Shipping was created from order %order_id%', 1, 153, 6176, '2025-07-17 05:40:00', '2025-07-17 05:40:00'),
(186, 'create_from_order', 'Shipping was created from order %order_id%', 1, 154, 6177, '2025-07-17 05:43:27', '2025-07-17 05:43:27'),
(187, 'create_from_order', 'Shipping was created from order %order_id%', 1, 155, 6193, '2025-07-18 11:47:28', '2025-07-18 11:47:28'),
(188, 'create_from_order', 'Shipping was created from order %order_id%', 1, 156, 6193, '2025-07-18 11:47:28', '2025-07-18 11:47:28'),
(189, 'create_from_order', 'Shipping was created from order %order_id%', 1, 157, 6323, '2025-08-05 03:53:28', '2025-08-05 03:53:28'),
(190, 'create_from_order', 'Shipping was created from order %order_id%', 1, 158, 6326, '2025-08-05 04:01:55', '2025-08-05 04:01:55'),
(191, 'create_from_order', 'Shipping was created from order %order_id%', 1, 159, 6437, '2025-08-12 06:08:32', '2025-08-12 06:08:32'),
(192, 'create_from_order', 'Shipping was created from order %order_id%', 1, 160, 6440, '2025-08-12 06:19:30', '2025-08-12 06:19:30'),
(193, 'create_from_order', 'Shipping was created from order %order_id%', 1, 161, 6468, '2025-08-14 03:57:41', '2025-08-14 03:57:41'),
(194, 'create_from_order', 'Shipping was created from order %order_id%', 1, 162, 6486, '2025-08-18 07:37:32', '2025-08-18 07:37:32'),
(195, 'create_from_order', 'Shipping was created from order %order_id%', 1, 163, 6490, '2025-08-18 07:43:39', '2025-08-18 07:43:39'),
(196, 'create_from_order', 'Shipping was created from order %order_id%', 1, 164, 6496, '2025-08-18 07:53:24', '2025-08-18 07:53:24'),
(197, 'create_from_order', 'Shipping was created from order %order_id%', 1, 165, 6498, '2025-08-19 06:05:21', '2025-08-19 06:05:21'),
(198, 'create_from_order', 'Shipping was created from order %order_id%', 1, 166, 6499, '2025-08-19 06:13:31', '2025-08-19 06:13:31'),
(199, 'create_from_order', 'Shipping was created from order %order_id%', 1, 167, 6500, '2025-08-19 06:28:04', '2025-08-19 06:28:04'),
(200, 'create_from_order', 'Shipping was created from order %order_id%', 1, 168, 6508, '2025-08-20 06:54:10', '2025-08-20 06:54:10'),
(201, 'create_from_order', 'Shipping was created from order %order_id%', 1, 169, 6519, '2025-08-23 04:58:40', '2025-08-23 04:58:40'),
(202, 'create_from_order', 'Shipping was created from order %order_id%', 1, 170, 6522, '2025-08-23 09:34:22', '2025-08-23 09:34:22'),
(203, 'create_from_order', 'Shipping was created from order %order_id%', 1, 171, 6557, '2025-08-30 09:02:28', '2025-08-30 09:02:28'),
(204, 'create_from_order', 'Shipping was created from order %order_id%', 1, 172, 6555, '2025-08-30 09:03:59', '2025-08-30 09:03:59'),
(205, 'create_from_order', 'Shipping was created from order %order_id%', 1, 173, 6562, '2025-09-02 03:19:18', '2025-09-02 03:19:18'),
(206, 'create_from_order', 'Shipping was created from order %order_id%', 1, 174, 6578, '2025-09-03 11:40:20', '2025-09-03 11:40:20'),
(207, 'create_from_order', 'Shipping was created from order %order_id%', 1, 175, 6576, '2025-09-03 12:12:04', '2025-09-03 12:12:04'),
(208, 'create_from_order', 'Shipping was created from order %order_id%', 1, 176, 6575, '2025-09-04 03:41:45', '2025-09-04 03:41:45'),
(209, 'create_from_order', 'Shipping was created from order %order_id%', 1, 177, 6579, '2025-09-04 03:46:39', '2025-09-04 03:46:39'),
(210, 'create_from_order', 'Shipping was created from order %order_id%', 1, 178, 6583, '2025-09-05 03:36:21', '2025-09-05 03:36:21'),
(211, 'create_from_order', 'Shipping was created from order %order_id%', 1, 179, 6610, '2025-09-11 03:38:15', '2025-09-11 03:38:15'),
(212, 'create_from_order', 'Shipping was created from order %order_id%', 1, 180, 6623, '2025-09-15 05:58:21', '2025-09-15 05:58:21'),
(213, 'create_from_order', 'Shipping was created from order %order_id%', 1, 181, 6627, '2025-09-15 11:04:53', '2025-09-15 11:04:53'),
(214, 'create_from_order', 'Shipping was created from order %order_id%', 1, 182, 6634, '2025-09-18 03:35:07', '2025-09-18 03:35:07'),
(215, 'create_from_order', 'Shipping was created from order %order_id%', 1, 183, 6643, '2025-09-20 05:48:33', '2025-09-20 05:48:33'),
(216, 'create_from_order', 'Shipping was created from order %order_id%', 1, 184, 6663, '2025-10-01 03:49:07', '2025-10-01 03:49:07'),
(217, 'create_from_order', 'Shipping was created from order %order_id%', 1, 185, 6674, '2025-10-03 03:42:45', '2025-10-03 03:42:45'),
(218, 'create_from_order', 'Shipping was created from order %order_id%', 1, 186, 6675, '2025-10-03 09:01:47', '2025-10-03 09:01:47'),
(219, 'create_from_order', 'Shipping was created from order %order_id%', 1, 187, 6683, '2025-10-06 04:10:38', '2025-10-06 04:10:38'),
(220, 'create_from_order', 'Shipping was created from order %order_id%', 1, 188, 6689, '2025-10-07 04:16:11', '2025-10-07 04:16:11'),
(221, 'create_from_order', 'Shipping was created from order %order_id%', 1, 189, 6703, '2025-10-11 08:42:47', '2025-10-11 08:42:47'),
(222, 'create_from_order', 'Shipping was created from order %order_id%', 1, 190, 6693, '2025-10-11 11:10:25', '2025-10-11 11:10:25');

-- --------------------------------------------------------

--
-- Table structure for table `ec_shipping`
--

CREATE TABLE `ec_shipping` (
  `id` bigint(20) UNSIGNED NOT NULL,
  `title` varchar(191) COLLATE utf8mb4_unicode_ci DEFAULT NULL,
  `country` varchar(120) COLLATE utf8mb4_unicode_ci DEFAULT NULL,
  `created_at` timestamp NULL DEFAULT NULL,
  `updated_at` timestamp NULL DEFAULT NULL
) ENGINE=InnoDB DEFAULT CHARSET=utf8mb4 COLLATE=utf8mb4_unicode_ci;

--
-- Dumping data for table `ec_shipping`
--

INSERT INTO `ec_shipping` (`id`, `title`, `country`, `created_at`, `updated_at`) VALUES
(1, 'All', NULL, '2021-09-15 18:45:39', '2021-09-15 18:45:39'),
(2, 'GB', 'GB', '2022-05-21 13:04:42', '2022-05-21 13:04:42'),
(4, 'US', 'US', '2022-05-21 14:31:04', '2022-05-21 14:31:04'),
(5, 'AU', 'AU', '2022-05-24 11:37:16', '2022-05-24 11:37:16'),
(6, 'IN', 'IN', '2022-12-23 14:16:42', '2022-12-23 14:16:42');

-- --------------------------------------------------------

--
-- Table structure for table `ec_shipping_rules`
--

CREATE TABLE `ec_shipping_rules` (
  `id` bigint(20) UNSIGNED NOT NULL,
  `name` varchar(120) COLLATE utf8mb4_unicode_ci NOT NULL,
  `shipping_id` int(10) UNSIGNED NOT NULL,
  `type` enum('base_on_price','base_on_weight') COLLATE utf8mb4_unicode_ci DEFAULT 'base_on_price',
  `from` decimal(15,2) DEFAULT '0.00',
  `to` decimal(15,2) DEFAULT '0.00',
  `price` decimal(15,2) DEFAULT '0.00',
  `created_at` timestamp NULL DEFAULT NULL,
  `updated_at` timestamp NULL DEFAULT NULL
) ENGINE=InnoDB DEFAULT CHARSET=utf8mb4 COLLATE=utf8mb4_unicode_ci;

--
-- Dumping data for table `ec_shipping_rules`
--

INSERT INTO `ec_shipping_rules` (`id`, `name`, `shipping_id`, `type`, `from`, `to`, `price`, `created_at`, `updated_at`) VALUES
(3, 'Flat Rate', 1, 'base_on_price', 1.00, 499.00, 80.00, '2021-09-15 18:45:39', '2023-07-12 09:26:07'),
(7, 'Default', 1, 'base_on_price', 499.00, NULL, 0.00, '2022-03-02 23:50:04', '2023-07-12 09:25:35'),
(8, 'UK', 2, 'base_on_price', 30.00, NULL, 30.00, '2022-05-21 13:04:42', '2022-05-21 14:31:42'),
(11, 'US', 4, 'base_on_price', 50.00, NULL, 50.00, '2022-05-21 14:31:04', '2022-05-21 14:31:23'),
(12, 'Delivery', 5, 'base_on_price', 30.00, NULL, 30.00, '2022-05-24 11:37:16', '2022-05-24 11:37:50'),
(14, 'Delivery', 6, 'base_on_price', 10.00, 500.00, 80.00, '2022-12-23 14:16:42', '2022-12-23 14:16:42');

-- --------------------------------------------------------

--
-- Table structure for table `ec_shipping_rule_items`
--

CREATE TABLE `ec_shipping_rule_items` (
  `id` bigint(20) UNSIGNED NOT NULL,
  `shipping_rule_id` int(10) UNSIGNED NOT NULL,
  `country` varchar(120) COLLATE utf8mb4_unicode_ci DEFAULT NULL,
  `state` varchar(120) COLLATE utf8mb4_unicode_ci DEFAULT NULL,
  `city` varchar(120) COLLATE utf8mb4_unicode_ci DEFAULT NULL,
  `adjustment_price` decimal(15,2) DEFAULT '0.00',
  `is_enabled` tinyint(1) NOT NULL DEFAULT '1',
  `created_at` timestamp NULL DEFAULT NULL,
  `updated_at` timestamp NULL DEFAULT NULL
) ENGINE=InnoDB DEFAULT CHARSET=utf8mb4 COLLATE=utf8mb4_unicode_ci;

-- --------------------------------------------------------

--
-- Table structure for table `ec_store_locators`
--

CREATE TABLE `ec_store_locators` (
  `id` bigint(20) UNSIGNED NOT NULL,
  `name` varchar(60) COLLATE utf8mb4_unicode_ci NOT NULL,
  `email` varchar(60) COLLATE utf8mb4_unicode_ci DEFAULT NULL,
  `phone` varchar(20) COLLATE utf8mb4_unicode_ci NOT NULL,
  `address` varchar(255) COLLATE utf8mb4_unicode_ci NOT NULL,
  `country` varchar(120) COLLATE utf8mb4_unicode_ci DEFAULT NULL,
  `state` varchar(120) COLLATE utf8mb4_unicode_ci DEFAULT NULL,
  `city` varchar(120) COLLATE utf8mb4_unicode_ci DEFAULT NULL,
  `is_primary` tinyint(1) DEFAULT '0',
  `is_shipping_location` tinyint(1) DEFAULT '1',
  `created_at` timestamp NULL DEFAULT NULL,
  `updated_at` timestamp NULL DEFAULT NULL
) ENGINE=InnoDB DEFAULT CHARSET=utf8mb4 COLLATE=utf8mb4_unicode_ci;

--
-- Dumping data for table `ec_store_locators`
--

INSERT INTO `ec_store_locators` (`id`, `name`, `email`, `phone`, `address`, `country`, `state`, `city`, `is_primary`, `is_shipping_location`, `created_at`, `updated_at`) VALUES
(1, 'LDD BIOSCIENCE', 'keshav@lddbioscience.com', '01244550555', 'Plot No.146sector-5,IMT Manesar, Gurugram-122051(Haryana) - INDIA', 'IN', 'Haryana', 'Haryana', 1, 1, '2021-09-15 18:45:39', '2024-06-03 08:31:48');

-- --------------------------------------------------------

--
-- Table structure for table `ec_taxes`
--

CREATE TABLE `ec_taxes` (
  `id` bigint(20) UNSIGNED NOT NULL,
  `title` varchar(191) COLLATE utf8mb4_unicode_ci DEFAULT NULL,
  `percentage` double(8,6) DEFAULT NULL,
  `priority` int(11) DEFAULT NULL,
  `status` varchar(60) COLLATE utf8mb4_unicode_ci NOT NULL DEFAULT 'published',
  `created_at` timestamp NULL DEFAULT NULL,
  `updated_at` timestamp NULL DEFAULT NULL
) ENGINE=InnoDB DEFAULT CHARSET=utf8mb4 COLLATE=utf8mb4_unicode_ci;

--
-- Dumping data for table `ec_taxes`
--

INSERT INTO `ec_taxes` (`id`, `title`, `percentage`, `priority`, `status`, `created_at`, `updated_at`) VALUES
(1, 'VAT', 10.000000, 1, 'published', '2021-09-15 18:45:33', '2021-09-15 18:45:33'),
(2, 'None', 0.000000, 2, 'published', '2021-09-15 18:45:33', '2021-09-15 18:45:33');

-- --------------------------------------------------------

--
-- Table structure for table `ec_wish_lists`
--

CREATE TABLE `ec_wish_lists` (
  `id` bigint(20) UNSIGNED NOT NULL,
  `customer_id` int(10) UNSIGNED NOT NULL,
  `product_id` int(10) UNSIGNED NOT NULL,
  `created_at` timestamp NULL DEFAULT NULL,
  `updated_at` timestamp NULL DEFAULT NULL
) ENGINE=InnoDB DEFAULT CHARSET=utf8mb4 COLLATE=utf8mb4_unicode_ci;

--
-- Dumping data for table `ec_wish_lists`
--

INSERT INTO `ec_wish_lists` (`id`, `customer_id`, `product_id`, `created_at`, `updated_at`) VALUES
(1, 11, 180, '2022-02-02 20:43:53', '2022-02-02 20:43:53'),
(2, 11, 179, '2022-02-02 20:44:35', '2022-02-02 20:44:35'),
(3, 24, 682, '2022-03-05 21:38:12', '2022-03-05 21:38:12'),
(4, 32, 377, '2022-03-17 23:30:45', '2022-03-17 23:30:45'),
(5, 32, 118, '2022-04-11 09:56:34', '2022-04-11 09:56:34'),
(6, 52, 400, '2022-04-30 16:46:28', '2022-04-30 16:46:28'),
(7, 120, 545, '2022-10-31 10:40:33', '2022-10-31 10:40:33'),
(9, 128, 684, '2022-11-17 20:03:10', '2022-11-17 20:03:10'),
(10, 188, 97, '2023-01-16 13:17:36', '2023-01-16 13:17:36'),
(11, 205, 198, '2023-03-12 15:27:10', '2023-03-12 15:27:10'),
(12, 205, 684, '2023-03-12 15:30:51', '2023-03-12 15:30:51'),
(13, 348, 753, '2023-11-10 09:41:05', '2023-11-10 09:41:05'),
(15, 475, 138, '2024-05-22 03:55:31', '2024-05-22 03:55:31'),
(16, 548, 122, '2024-09-12 00:17:55', '2024-09-12 00:17:55'),
(17, 548, 292, '2024-09-12 00:20:08', '2024-09-12 00:20:08'),
(18, 634, 740, '2024-12-20 07:53:05', '2024-12-20 07:53:05'),
(19, 660, 172, '2025-01-30 13:47:14', '2025-01-30 13:47:14'),
(20, 786, 637, '2025-06-30 09:29:13', '2025-06-30 09:29:13'),
(21, 812, 123, '2025-09-04 16:01:50', '2025-09-04 16:01:50'),
(22, 812, 178, '2025-09-16 17:42:50', '2025-09-16 17:42:50');

-- --------------------------------------------------------

--
-- Table structure for table `failed_jobs`
--

CREATE TABLE `failed_jobs` (
  `id` bigint(20) UNSIGNED NOT NULL,
  `uuid` varchar(191) COLLATE utf8mb4_unicode_ci NOT NULL,
  `connection` text COLLATE utf8mb4_unicode_ci NOT NULL,
  `queue` text COLLATE utf8mb4_unicode_ci NOT NULL,
  `payload` longtext COLLATE utf8mb4_unicode_ci NOT NULL,
  `exception` longtext COLLATE utf8mb4_unicode_ci NOT NULL,
  `failed_at` timestamp NOT NULL DEFAULT CURRENT_TIMESTAMP
) ENGINE=InnoDB DEFAULT CHARSET=utf8mb4 COLLATE=utf8mb4_unicode_ci;

-- --------------------------------------------------------

--
-- Table structure for table `faqs`
--

CREATE TABLE `faqs` (
  `id` bigint(20) UNSIGNED NOT NULL,
  `question` text COLLATE utf8mb4_unicode_ci NOT NULL,
  `answer` text COLLATE utf8mb4_unicode_ci NOT NULL,
  `category_id` int(10) UNSIGNED NOT NULL,
  `status` varchar(60) COLLATE utf8mb4_unicode_ci NOT NULL DEFAULT 'published',
  `created_at` timestamp NULL DEFAULT NULL,
  `updated_at` timestamp NULL DEFAULT NULL
) ENGINE=InnoDB DEFAULT CHARSET=utf8mb4 COLLATE=utf8mb4_unicode_ci;

--
-- Dumping data for table `faqs`
--

INSERT INTO `faqs` (`id`, `question`, `answer`, `category_id`, `status`, `created_at`, `updated_at`) VALUES
(1, 'Where I can get Homoeopathic medicines?', '<p><span style=\"background-color:rgb(255,255,255);color:rgb(64,64,64);\"><span>You can get LDD’s medicines at all leading homoeopathic counters. You can also purchase them online either through the website or through various homoeopathic e-commerce platforms.&nbsp;</span></span></p>', 1, 'published', '2022-02-02 17:36:43', '2024-03-19 11:59:56'),
(2, 'What precautions should I take while taking homoeopathic medicines?', '<p><span style=\"background-color:rgb(255,255,255);color:rgb(64,64,64);\">There are not much precautions required while taking homoeopathic medicines but it is better to take the medicines on empty stomach with some water,if in liquid form while the tablets can be swallowed with water or dissolved in mouth.</span></p>', 1, 'published', '2022-02-02 17:39:08', '2022-02-02 17:39:08'),
(3, 'Are Homoeopathic Medicines Safe?', '<p><span style=\"background-color:rgb(255,255,255);color:rgb(64,64,64);\"><span>Yes, medicines are mostly considered safe for consumption in recommended therapeutic doses.</span></span></p>', 1, 'published', '2022-02-02 17:40:03', '2022-02-02 17:40:03'),
(4, 'Is a prescription required for homoeopathic medicines?', '<p><span style=\"background-color:rgb(255,255,255);color:rgb(64,64,64);\"><span>All these medicines are over the counter medicines and no prescription is necessary for them. However, treatment under a homoeopathic practioner is always recommended.</span></span></p>', 1, 'published', '2022-02-02 17:40:58', '2022-02-02 17:40:58'),
(5, 'Which is  the best company of homoeopathy medicine.', '<p><span style=\"font-family:\'Times New Roman\', Times, serif;font-size:17px;\"><span>LDD Bioscience Pvt Ltd homeopathic healthcare solutions in IMT Manesar, Gurugram, Haryana.There</span></span> <span style=\"background-color:rgb(255,255,255);color:rgb(34,34,34);\"><span>products cater to diverse requirements. Specializing in homeopathic medicines, LDD Bioscience takes pride in its state-of-the-art facility at Plot No: 146, Sector 5, IMT Manesar&nbsp;</span></span><span style=\"font-family:\'Times New Roman\', Times, serif;font-size:17px;\"><span> &nbsp;</span></span>&nbsp;<br>&nbsp;</p>', 1, 'published', '2024-03-19 11:59:30', '2024-05-30 10:59:28');

-- --------------------------------------------------------

--
-- Table structure for table `faq_categories`
--

CREATE TABLE `faq_categories` (
  `id` bigint(20) UNSIGNED NOT NULL,
  `name` varchar(120) COLLATE utf8mb4_unicode_ci NOT NULL,
  `order` tinyint(4) NOT NULL DEFAULT '0',
  `status` varchar(60) COLLATE utf8mb4_unicode_ci NOT NULL DEFAULT 'published',
  `created_at` timestamp NULL DEFAULT NULL,
  `updated_at` timestamp NULL DEFAULT NULL
) ENGINE=InnoDB DEFAULT CHARSET=utf8mb4 COLLATE=utf8mb4_unicode_ci;

--
-- Dumping data for table `faq_categories`
--

INSERT INTO `faq_categories` (`id`, `name`, `order`, `status`, `created_at`, `updated_at`) VALUES
(1, 'Homoeopathic', 1, 'published', '2022-02-02 17:35:38', '2022-02-02 17:37:28'),
(2, 'blog', 0, 'published', '2025-09-11 05:42:39', '2025-09-11 05:42:39');

-- --------------------------------------------------------

--
-- Table structure for table `jobs`
--

CREATE TABLE `jobs` (
  `id` bigint(20) UNSIGNED NOT NULL,
  `queue` varchar(191) COLLATE utf8mb4_unicode_ci NOT NULL,
  `payload` longtext COLLATE utf8mb4_unicode_ci NOT NULL,
  `attempts` tinyint(3) UNSIGNED NOT NULL,
  `reserved_at` int(10) UNSIGNED DEFAULT NULL,
  `available_at` int(10) UNSIGNED NOT NULL,
  `created_at` int(10) UNSIGNED NOT NULL
) ENGINE=InnoDB DEFAULT CHARSET=utf8mb4 COLLATE=utf8mb4_unicode_ci;

-- --------------------------------------------------------

--
-- Table structure for table `languages`
--

CREATE TABLE `languages` (
  `lang_id` int(10) UNSIGNED NOT NULL,
  `lang_name` varchar(120) COLLATE utf8mb4_unicode_ci NOT NULL,
  `lang_locale` varchar(20) COLLATE utf8mb4_unicode_ci NOT NULL,
  `lang_code` varchar(20) COLLATE utf8mb4_unicode_ci NOT NULL,
  `lang_flag` varchar(20) COLLATE utf8mb4_unicode_ci DEFAULT NULL,
  `lang_is_default` tinyint(3) UNSIGNED NOT NULL DEFAULT '0',
  `lang_order` int(11) NOT NULL DEFAULT '0',
  `lang_is_rtl` tinyint(3) UNSIGNED NOT NULL DEFAULT '0'
) ENGINE=InnoDB DEFAULT CHARSET=utf8mb4 COLLATE=utf8mb4_unicode_ci;

--
-- Dumping data for table `languages`
--

INSERT INTO `languages` (`lang_id`, `lang_name`, `lang_locale`, `lang_code`, `lang_flag`, `lang_is_default`, `lang_order`, `lang_is_rtl`) VALUES
(1, 'English', 'en', 'en_US', 'us', 1, 0, 0);

-- --------------------------------------------------------

--
-- Table structure for table `language_meta`
--

CREATE TABLE `language_meta` (
  `lang_meta_id` int(10) UNSIGNED NOT NULL,
  `lang_meta_code` text COLLATE utf8mb4_unicode_ci,
  `lang_meta_origin` varchar(255) COLLATE utf8mb4_unicode_ci NOT NULL,
  `reference_id` int(10) UNSIGNED NOT NULL,
  `reference_type` varchar(120) COLLATE utf8mb4_unicode_ci NOT NULL
) ENGINE=InnoDB DEFAULT CHARSET=utf8mb4 COLLATE=utf8mb4_unicode_ci;

--
-- Dumping data for table `language_meta`
--

INSERT INTO `language_meta` (`lang_meta_id`, `lang_meta_code`, `lang_meta_origin`, `reference_id`, `reference_type`) VALUES
(1, 'en_US', 'd78aafbe310bd149393adb75b353462a', 1, 'Botble\\SimpleSlider\\Models\\SimpleSlider'),
(2, 'en_US', '35c32e6fd76e04601ae49a33e7f2f5db', 2, 'Botble\\SimpleSlider\\Models\\SimpleSlider'),
(3, 'en_US', 'cdf84654d0f611c69d4d8336659f3c74', 3, 'Botble\\SimpleSlider\\Models\\SimpleSlider'),
(4, 'en_US', 'aafaa7e586eabf0e695681ef43480f8e', 4, 'Botble\\SimpleSlider\\Models\\SimpleSlider'),
(5, 'en_US', 'd78aafbe310bd149393adb75b353462a', 5, 'Botble\\SimpleSlider\\Models\\SimpleSlider'),
(9, 'en_US', 'cfbb3b181f79f426c07aeaba13ef76fe', 1, 'Botble\\Blog\\Models\\Category'),
(27, 'en_US', '49b52abfffacfad88e2171b09eb097b6', 2, 'Botble\\Blog\\Models\\Post'),
(28, 'en_US', 'f5cdab801654876a78f2b81ed39031e2', 1, 'Botble\\Blog\\Models\\Post'),
(49, 'en_US', 'bc37fd4d0f97fc5ec6236ce48a340ff4', 1, 'Botble\\Page\\Models\\Page'),
(53, 'en_US', '58bcba19002c1e048b6396c43ac024db', 5, 'Botble\\Page\\Models\\Page'),
(54, 'en_US', '3a24b30a468da2e426388f4772f120c9', 6, 'Botble\\Page\\Models\\Page'),
(55, 'en_US', '45c33eae8a3bd1d781c11fabef4fa7ce', 7, 'Botble\\Page\\Models\\Page'),
(56, 'en_US', 'c0088c6d00ab09f352c9b71894124ca1', 8, 'Botble\\Page\\Models\\Page'),
(57, 'en_US', '35bb54f3c76655313a2b915bb37f5871', 9, 'Botble\\Page\\Models\\Page'),
(58, 'en_US', '9dc1c68e7b1e994f9a793e4d9352cb20', 10, 'Botble\\Page\\Models\\Page'),
(60, 'en_US', '7f59c04a8d5c46e724913730970f757e', 12, 'Botble\\Page\\Models\\Page'),
(61, 'en_US', '6a72a91f98065d30a2b4ca8902f87556', 13, 'Botble\\Page\\Models\\Page'),
(75, 'en_US', '75d5f77b0de1e4fa5cb5647cec6d9141', 1, 'Botble\\Menu\\Models\\MenuLocation'),
(76, 'en_US', 'd3318bd68bb793ca0fb28a2aa1e9d3b7', 1, 'Botble\\Menu\\Models\\Menu'),
(77, 'en_US', '56fb60bcfc2f43026dc89d5e08534b7e', 2, 'Botble\\Menu\\Models\\Menu'),
(78, 'en_US', 'cbd7ed4e4bbd71369b27ef920d664bd2', 3, 'Botble\\Menu\\Models\\Menu'),
(83, 'en_US', '065f39dc7c2ea5f7621cd2eeb3aaba4f', 9, 'Botble\\SimpleSlider\\Models\\SimpleSlider'),
(84, 'en_US', '467c5fe7bd1c3232034f70234ed451cf', 27, 'Botble\\Page\\Models\\Page'),
(85, 'en_US', 'a700c4521ad10bdf019c58d143c5a6f2', 28, 'Botble\\Page\\Models\\Page'),
(86, 'en_US', '75bc35d1925d642c1e0fd7da11b01674', 29, 'Botble\\Page\\Models\\Page'),
(87, 'en_US', 'df799ce3a9698d343825e21a3d310f31', 10, 'Botble\\SimpleSlider\\Models\\SimpleSlider'),
(88, 'en_US', 'ddc20b726c0c86d1122bf93c152cc6b8', 9, 'Botble\\Blog\\Models\\Category'),
(89, 'en_US', '3dd6ff1ad0ddd4218496d7a0ecaa0351', 30, 'Botble\\Page\\Models\\Page'),
(91, 'en_US', 'a3f22670fae0b299100bfbc19b0049dd', 31, 'Botble\\Page\\Models\\Page'),
(96, 'en_US', 'c46e2b4946961e06e18c6b2c7fe3f64b', 1, 'Botble\\Faq\\Models\\FaqCategory'),
(97, 'en_US', '950b1dc16a28db45cd081109a7b79636', 1, 'Botble\\Faq\\Models\\Faq'),
(98, 'en_US', 'c6221ad603e4420b48ff00504b754214', 2, 'Botble\\Faq\\Models\\Faq'),
(99, 'en_US', '5854094bbf5b2843adf571f7bccd4de9', 3, 'Botble\\Faq\\Models\\Faq'),
(100, 'en_US', '9e835ab879af97fd7e309b7da75f00f1', 4, 'Botble\\Faq\\Models\\Faq'),
(101, 'en_US', '37b632fbd5b18207bdbc8f1c39ce6297', 32, 'Botble\\Page\\Models\\Page'),
(102, 'en_US', 'a4cb461661bc0d3f11512d5f901e6ff0', 23, 'Botble\\Blog\\Models\\Post'),
(103, 'en_US', 'c335c36cd8c20832edec119b4fe27476', 15, 'Botble\\Blog\\Models\\Tag'),
(104, 'en_US', 'ae939e88b1441b0fa2549f74dae00adb', 16, 'Botble\\Blog\\Models\\Tag'),
(105, 'en_US', '29d26495ac37b975a9663355015d2d0e', 17, 'Botble\\Blog\\Models\\Tag'),
(106, 'en_US', '99fb9d9c5f254dbb13f971bf9be52391', 18, 'Botble\\Blog\\Models\\Tag'),
(107, 'en_US', 'e3fe1704bc9002d3fa48448983a58a44', 19, 'Botble\\Blog\\Models\\Tag'),
(108, 'en_US', '5139de0b4fc4cd1329e5bd51fc7e9139', 20, 'Botble\\Blog\\Models\\Tag'),
(109, 'en_US', 'ca05921bb8a91f789bd594a0ffb92f68', 21, 'Botble\\Blog\\Models\\Tag'),
(110, 'en_US', '0038a0f4c46b492d95b99266e6787f96', 22, 'Botble\\Blog\\Models\\Tag'),
(111, 'en_US', 'e554b2f2ebde10c5811ef0d33efbb418', 24, 'Botble\\Blog\\Models\\Post'),
(112, 'en_US', 'cd8a0619548ba25f7ce38e25e098c31c', 23, 'Botble\\Blog\\Models\\Tag'),
(113, 'en_US', '3822b373fa434fa352e9b6edb32bf104', 24, 'Botble\\Blog\\Models\\Tag'),
(114, 'en_US', '6b31fbbf4a52b3b89d7a7c4aa045bf51', 25, 'Botble\\Blog\\Models\\Tag'),
(115, 'en_US', '6904275a967f0d165d37c3a3289ce48a', 26, 'Botble\\Blog\\Models\\Tag'),
(116, 'en_US', 'a49762a450fd22d1995cf5534a52b588', 10, 'Botble\\Blog\\Models\\Category'),
(117, 'en_US', 'fd8fcd0ba8d439547d01e146b175baa5', 11, 'Botble\\Blog\\Models\\Category'),
(118, 'en_US', '312cb9ec38ecd98ca27d559196416038', 12, 'Botble\\Blog\\Models\\Category'),
(119, 'en_US', '03dca4cb67717dcbdceff0a1e5e797b8', 13, 'Botble\\Blog\\Models\\Category'),
(120, 'en_US', 'e065544e041f7adcdd02dd2311403a10', 14, 'Botble\\Blog\\Models\\Category'),
(121, 'en_US', '86ceedc70436485d5d27143c0a5f81fc', 15, 'Botble\\Blog\\Models\\Category'),
(122, 'en_US', '102d3a8e94bd94f3d6d5476988a53012', 16, 'Botble\\Blog\\Models\\Category'),
(123, 'en_US', '3f66d8ee1fb2c89c74976b54e816085e', 17, 'Botble\\Blog\\Models\\Category'),
(124, 'en_US', '2c7bcc9844b3c5e5e6f0009e9983730f', 18, 'Botble\\Blog\\Models\\Category'),
(125, 'en_US', '8941a2aaa1e98d49ef1cf4e41b76ba93', 19, 'Botble\\Blog\\Models\\Category'),
(126, 'en_US', '8bc99d44aea05629b5d13951da7fa994', 20, 'Botble\\Blog\\Models\\Category'),
(127, 'en_US', '8a389023f836c277e032b3cb15452a4d', 21, 'Botble\\Blog\\Models\\Category'),
(128, 'en_US', 'e195d6a01183360ad528b85d8a1e6049', 22, 'Botble\\Blog\\Models\\Category'),
(129, 'en_US', '6604acc34f6efe8afe66dde6a6cc74cc', 23, 'Botble\\Blog\\Models\\Category'),
(130, 'en_US', '4c19d3815995c4de53c50b91ae1c988a', 24, 'Botble\\Blog\\Models\\Category'),
(131, 'en_US', 'a83a265f30c3ee042c0f18b776d41600', 25, 'Botble\\Blog\\Models\\Category'),
(132, 'en_US', 'c5d1e7b5a7730717bad616fb2b10246d', 26, 'Botble\\Blog\\Models\\Category'),
(133, 'en_US', '07421ad19232455ba8799fb48843e526', 27, 'Botble\\Blog\\Models\\Category'),
(134, 'en_US', '436a923a5c8f146b5a0b179777ea89da', 28, 'Botble\\Blog\\Models\\Category'),
(135, 'en_US', '198676dd25095de81300c831d250af18', 29, 'Botble\\Blog\\Models\\Category'),
(136, 'en_US', '98d15cd8026ddf48ed9043a4ca54996b', 30, 'Botble\\Blog\\Models\\Category'),
(137, 'en_US', '7346464afffe2ade66a98b573d62f145', 31, 'Botble\\Blog\\Models\\Category'),
(138, 'en_US', 'ac9a09185cd8cf24c100d400abca5b8c', 32, 'Botble\\Blog\\Models\\Category'),
(139, 'en_US', '97689f113c5947b1a084a5010a0c76cd', 33, 'Botble\\Page\\Models\\Page'),
(140, 'en_US', '40616993ed068072529e6ad1526fd3f4', 25, 'Botble\\Blog\\Models\\Post'),
(141, 'en_US', 'b1b2d0b5fe4d04f9cd1b9e15b1cda17b', 26, 'Botble\\Blog\\Models\\Post'),
(142, 'en_US', '2df2ed689e4a0fa9a4e1312eb2b8714f', 27, 'Botble\\Blog\\Models\\Tag'),
(143, 'en_US', '3ff66a5830ad841923c13d5a6d6d277f', 28, 'Botble\\Blog\\Models\\Tag'),
(144, 'en_US', '0bd7a2362789964b533ea0365bbe10f6', 29, 'Botble\\Blog\\Models\\Tag'),
(145, 'en_US', '31734fe2bd3375389cbbfb8ec72f7e29', 30, 'Botble\\Blog\\Models\\Tag'),
(146, 'en_US', 'd3c4637bcca3036cf92e970d2b32cc19', 31, 'Botble\\Blog\\Models\\Tag'),
(147, 'en_US', '28920d91b2ede626d115c87f15b46c8c', 32, 'Botble\\Blog\\Models\\Tag'),
(148, 'en_US', '79f9b156f9c33677c4e969087c2ebaa4', 33, 'Botble\\Blog\\Models\\Tag'),
(149, 'en_US', 'f7859f517575a4b66f4897dffe06ae0f', 27, 'Botble\\Blog\\Models\\Post'),
(150, 'en_US', '8dd60dfcdc4b98224d643c0c51211e1f', 28, 'Botble\\Blog\\Models\\Post'),
(151, 'en_US', '9709b250c0de19fc174fd7ce7c9ded65', 29, 'Botble\\Blog\\Models\\Post'),
(152, 'en_US', '2a2e98d8e4fb1442e36be112504c9f39', 30, 'Botble\\Blog\\Models\\Post'),
(153, 'en_US', '44f59fd9721a7b8ec3a3fae80d71fdd9', 31, 'Botble\\Blog\\Models\\Post'),
(154, 'en_US', '5510e5c77ca506d59a227c3ebe6bc92e', 32, 'Botble\\Blog\\Models\\Post'),
(155, 'en_US', 'efcbb12ed08fc2784bb3024804c65f89', 33, 'Botble\\Blog\\Models\\Post'),
(156, 'en_US', '0a2c2541b43abb93dc9b92a6d46acf22', 34, 'Botble\\Blog\\Models\\Post'),
(157, 'en_US', '2e85cc01d3a90b5d5cab5a6897237690', 35, 'Botble\\Blog\\Models\\Post'),
(158, 'en_US', 'b905e7ee4976a8961397763336dac7de', 36, 'Botble\\Blog\\Models\\Post'),
(159, 'en_US', '77598ab3e72a39502ef7b9d1d1abbb30', 37, 'Botble\\Blog\\Models\\Post'),
(160, 'en_US', '8cd3e596964ad91c28fe945ba72c1155', 38, 'Botble\\Blog\\Models\\Post'),
(161, 'en_US', 'b2f5fbe6b62197458e49ae24affe350a', 39, 'Botble\\Blog\\Models\\Post'),
(162, 'en_US', '12750dc341477f22704891112e19d185', 5, 'Botble\\Faq\\Models\\Faq'),
(163, 'en_US', '2de40302967534a7f1b8c5a7d485b3e5', 40, 'Botble\\Blog\\Models\\Post'),
(165, 'en_US', '7650f4a3400541521c1a5dd552fb4d7b', 42, 'Botble\\Blog\\Models\\Post'),
(166, 'en_US', '95458dc2840569a6a778e3e0f13638de', 43, 'Botble\\Blog\\Models\\Post');

-- --------------------------------------------------------

--
-- Table structure for table `media_files`
--

CREATE TABLE `media_files` (
  `id` bigint(20) UNSIGNED NOT NULL,
  `user_id` int(10) UNSIGNED NOT NULL,
  `name` varchar(255) COLLATE utf8mb4_unicode_ci NOT NULL,
  `folder_id` int(10) UNSIGNED NOT NULL DEFAULT '0',
  `mime_type` varchar(120) COLLATE utf8mb4_unicode_ci NOT NULL,
  `size` int(11) NOT NULL,
  `url` varchar(255) COLLATE utf8mb4_unicode_ci NOT NULL,
  `options` text COLLATE utf8mb4_unicode_ci,
  `created_at` timestamp NULL DEFAULT NULL,
  `updated_at` timestamp NULL DEFAULT NULL,
  `deleted_at` timestamp NULL DEFAULT NULL
) ENGINE=InnoDB DEFAULT CHARSET=utf8mb4 COLLATE=utf8mb4_unicode_ci;

--
-- Dumping data for table `media_files`
--

INSERT INTO `media_files` (`id`, `user_id`, `name`, `folder_id`, `mime_type`, `size`, `url`, `options`, `created_at`, `updated_at`, `deleted_at`) VALUES
(120, 0, '1', 10, 'image/png', 1318, 'brands/1.png', '[]', '2021-09-15 18:44:39', '2021-09-15 18:44:39', NULL),
(121, 0, '2', 10, 'image/png', 999, 'brands/2.png', '[]', '2021-09-15 18:44:39', '2021-09-15 18:44:39', NULL),
(122, 0, '3', 10, 'image/png', 1251, 'brands/3.png', '[]', '2021-09-15 18:44:40', '2021-09-15 18:44:40', NULL),
(123, 0, '4', 10, 'image/png', 1539, 'brands/4.png', '[]', '2021-09-15 18:44:40', '2021-09-15 18:44:40', NULL),
(124, 0, '5', 10, 'image/png', 1058, 'brands/5.png', '[]', '2021-09-15 18:44:40', '2021-09-15 18:44:40', NULL),
(125, 0, '6', 10, 'image/png', 4165, 'brands/6.png', '[]', '2021-09-15 18:44:40', '2021-09-15 18:44:40', NULL),
(126, 0, '7', 10, 'image/png', 1260, 'brands/7.png', '[]', '2021-09-15 18:44:41', '2021-09-15 18:44:41', NULL),
(127, 0, '1', 11, 'image/jpeg', 75180, 'product-categories/1.jpg', '[]', '2021-09-15 18:44:41', '2021-09-15 18:44:41', NULL),
(128, 0, '2', 11, 'image/jpeg', 81345, 'product-categories/2.jpg', '[]', '2021-09-15 18:44:41', '2021-09-15 18:44:41', NULL),
(129, 0, '3', 11, 'image/jpeg', 99137, 'product-categories/3.jpg', '[]', '2021-09-15 18:44:42', '2021-09-15 18:44:42', NULL),
(130, 0, '4', 11, 'image/jpeg', 108690, 'product-categories/4.jpg', '[]', '2021-09-15 18:44:42', '2021-09-15 18:44:42', NULL),
(131, 0, '5', 11, 'image/jpeg', 53952, 'product-categories/5.jpg', '[]', '2021-09-15 18:44:42', '2021-09-15 18:44:42', NULL),
(132, 0, '6', 11, 'image/jpeg', 47088, 'product-categories/6.jpg', '[]', '2021-09-15 18:44:42', '2021-09-15 18:44:42', NULL),
(133, 0, '7', 11, 'image/jpeg', 48248, 'product-categories/7.jpg', '[]', '2021-09-15 18:44:43', '2021-09-15 18:44:43', NULL),
(134, 0, '8', 11, 'image/jpeg', 67235, 'product-categories/8.jpg', '[]', '2021-09-15 18:44:43', '2021-09-15 18:44:43', NULL),
(135, 0, '1-1', 12, 'image/jpeg', 88437, 'products/1-1.jpg', '[]', '2021-09-15 18:44:43', '2021-09-15 18:44:43', NULL),
(136, 0, '1-2', 12, 'image/jpeg', 122690, 'products/1-2.jpg', '[]', '2021-09-15 18:44:44', '2021-09-15 18:44:44', NULL),
(137, 0, '1-3', 12, 'image/jpeg', 117296, 'products/1-3.jpg', '[]', '2021-09-15 18:44:45', '2021-09-15 18:44:45', NULL),
(138, 0, '1', 12, 'image/jpeg', 139025, 'products/1.jpg', '[]', '2021-09-15 18:44:45', '2021-09-15 18:44:45', NULL),
(139, 0, '10-1', 12, 'image/jpeg', 183491, 'products/10-1.jpg', '[]', '2021-09-15 18:44:46', '2021-09-15 18:44:46', NULL),
(140, 0, '10', 12, 'image/jpeg', 150956, 'products/10.jpg', '[]', '2021-09-15 18:44:47', '2021-09-15 18:44:47', NULL),
(141, 0, '11-1', 12, 'image/jpeg', 246200, 'products/11-1.jpg', '[]', '2021-09-15 18:44:47', '2021-09-15 18:44:47', NULL),
(142, 0, '11', 12, 'image/jpeg', 279390, 'products/11.jpg', '[]', '2021-09-15 18:44:48', '2021-09-15 18:44:48', NULL),
(143, 0, '12-1', 12, 'image/jpeg', 249712, 'products/12-1.jpg', '[]', '2021-09-15 18:44:49', '2021-09-15 18:44:49', NULL),
(144, 0, '12', 12, 'image/jpeg', 172221, 'products/12.jpg', '[]', '2021-09-15 18:44:49', '2021-09-15 18:44:49', NULL),
(145, 0, '13-1', 12, 'image/jpeg', 257021, 'products/13-1.jpg', '[]', '2021-09-15 18:44:50', '2021-09-15 18:44:50', NULL),
(146, 0, '13', 12, 'image/jpeg', 232917, 'products/13.jpg', '[]', '2021-09-15 18:44:51', '2021-09-15 18:44:51', NULL),
(147, 0, '14-1', 12, 'image/jpeg', 201773, 'products/14-1.jpg', '[]', '2021-09-15 18:44:51', '2021-09-15 18:44:51', NULL),
(148, 0, '14', 12, 'image/jpeg', 287194, 'products/14.jpg', '[]', '2021-09-15 18:44:52', '2021-09-15 18:44:52', NULL),
(149, 0, '15-1', 12, 'image/jpeg', 273720, 'products/15-1.jpg', '[]', '2021-09-15 18:44:53', '2021-09-15 18:44:53', NULL),
(150, 0, '15', 12, 'image/jpeg', 114265, 'products/15.jpg', '[]', '2021-09-15 18:44:53', '2021-09-15 18:44:53', NULL),
(151, 0, '16', 12, 'image/jpeg', 97174, 'products/16.jpg', '[]', '2021-09-15 18:44:54', '2021-09-15 18:44:54', NULL),
(152, 0, '17', 12, 'image/jpeg', 70179, 'products/17.jpg', '[]', '2021-09-15 18:44:56', '2021-09-15 18:44:56', NULL),
(153, 0, '18-1', 12, 'image/jpeg', 287835, 'products/18-1.jpg', '[]', '2021-09-15 18:44:57', '2021-09-15 18:44:57', NULL),
(154, 0, '18-2', 12, 'image/jpeg', 454869, 'products/18-2.jpg', '[]', '2021-09-15 18:44:59', '2021-09-15 18:44:59', NULL),
(155, 0, '18', 12, 'image/jpeg', 257331, 'products/18.jpg', '[]', '2021-09-15 18:45:01', '2021-09-15 18:45:01', NULL),
(156, 0, '19-1', 12, 'image/jpeg', 144008, 'products/19-1.jpg', '[]', '2021-09-15 18:45:02', '2021-09-15 18:45:02', NULL),
(157, 0, '19', 12, 'image/jpeg', 188821, 'products/19.jpg', '[]', '2021-09-15 18:45:03', '2021-09-15 18:45:03', NULL),
(158, 0, '2-1', 12, 'image/jpeg', 138167, 'products/2-1.jpg', '[]', '2021-09-15 18:45:04', '2021-09-15 18:45:04', NULL),
(159, 0, '2-2', 12, 'image/jpeg', 230552, 'products/2-2.jpg', '[]', '2021-09-15 18:45:04', '2021-09-15 18:45:04', NULL),
(160, 0, '2-3', 12, 'image/jpeg', 179301, 'products/2-3.jpg', '[]', '2021-09-15 18:45:05', '2021-09-15 18:45:05', NULL),
(161, 0, '2', 12, 'image/jpeg', 130048, 'products/2.jpg', '[]', '2021-09-15 18:45:06', '2021-09-15 18:45:06', NULL),
(162, 0, '20-1', 12, 'image/jpeg', 249712, 'products/20-1.jpg', '[]', '2021-09-15 18:45:06', '2021-09-15 18:45:06', NULL),
(163, 0, '20', 12, 'image/jpeg', 172221, 'products/20.jpg', '[]', '2021-09-15 18:45:07', '2021-09-15 18:45:07', NULL),
(164, 0, '21-1', 12, 'image/jpeg', 260746, 'products/21-1.jpg', '[]', '2021-09-15 18:45:07', '2021-09-15 18:45:07', NULL),
(165, 0, '21', 12, 'image/jpeg', 124244, 'products/21.jpg', '[]', '2021-09-15 18:45:09', '2021-09-15 18:45:09', NULL),
(166, 0, '22-1', 12, 'image/jpeg', 213139, 'products/22-1.jpg', '[]', '2021-09-15 18:45:10', '2021-09-15 18:45:10', NULL),
(167, 0, '22', 12, 'image/jpeg', 105409, 'products/22.jpg', '[]', '2021-09-15 18:45:12', '2021-09-15 18:45:12', NULL),
(168, 0, '23-1', 12, 'image/jpeg', 105560, 'products/23-1.jpg', '[]', '2021-09-15 18:45:13', '2021-09-15 18:45:13', NULL),
(169, 0, '23', 12, 'image/jpeg', 177362, 'products/23.jpg', '[]', '2021-09-15 18:45:15', '2021-09-15 18:45:15', NULL),
(170, 0, '24-1', 12, 'image/jpeg', 239311, 'products/24-1.jpg', '[]', '2021-09-15 18:45:16', '2021-09-15 18:45:16', NULL),
(171, 0, '24', 12, 'image/jpeg', 363853, 'products/24.jpg', '[]', '2021-09-15 18:45:17', '2021-09-15 18:45:17', NULL),
(172, 0, '3-1', 12, 'image/jpeg', 135741, 'products/3-1.jpg', '[]', '2021-09-15 18:45:19', '2021-09-15 18:45:19', NULL),
(173, 0, '3-2', 12, 'image/jpeg', 123069, 'products/3-2.jpg', '[]', '2021-09-15 18:45:19', '2021-09-15 18:45:19', NULL),
(174, 0, '3-3', 12, 'image/jpeg', 98645, 'products/3-3.jpg', '[]', '2021-09-15 18:45:20', '2021-09-15 18:45:20', NULL),
(175, 0, '3', 12, 'image/jpeg', 201722, 'products/3.jpg', '[]', '2021-09-15 18:45:21', '2021-09-15 18:45:21', NULL),
(176, 0, '4-1', 12, 'image/jpeg', 205312, 'products/4-1.jpg', '[]', '2021-09-15 18:45:21', '2021-09-15 18:45:21', NULL),
(177, 0, '4-2', 12, 'image/jpeg', 223903, 'products/4-2.jpg', '[]', '2021-09-15 18:45:22', '2021-09-15 18:45:22', NULL),
(178, 0, '4-3', 12, 'image/jpeg', 106593, 'products/4-3.jpg', '[]', '2021-09-15 18:45:23', '2021-09-15 18:45:23', NULL),
(179, 0, '4', 12, 'image/jpeg', 456134, 'products/4.jpg', '[]', '2021-09-15 18:45:24', '2021-09-15 18:45:24', NULL),
(180, 0, '5-1', 12, 'image/jpeg', 110014, 'products/5-1.jpg', '[]', '2021-09-15 18:45:24', '2021-09-15 18:45:24', NULL),
(181, 0, '5-2', 12, 'image/jpeg', 104934, 'products/5-2.jpg', '[]', '2021-09-15 18:45:25', '2021-09-15 18:45:25', NULL),
(182, 0, '5-3', 12, 'image/jpeg', 131628, 'products/5-3.jpg', '[]', '2021-09-15 18:45:26', '2021-09-15 18:45:26', NULL),
(183, 0, '5', 12, 'image/jpeg', 214767, 'products/5.jpg', '[]', '2021-09-15 18:45:26', '2021-09-15 18:45:26', NULL),
(184, 0, '6-1', 12, 'image/jpeg', 128041, 'products/6-1.jpg', '[]', '2021-09-15 18:45:27', '2021-09-15 18:45:27', NULL),
(185, 0, '6', 12, 'image/jpeg', 148485, 'products/6.jpg', '[]', '2021-09-15 18:45:28', '2021-09-15 18:45:28', NULL),
(186, 0, '7-1', 12, 'image/jpeg', 144008, 'products/7-1.jpg', '[]', '2021-09-15 18:45:28', '2021-09-15 18:45:28', NULL),
(187, 0, '7', 12, 'image/jpeg', 188821, 'products/7.jpg', '[]', '2021-09-15 18:45:29', '2021-09-15 18:45:29', NULL),
(188, 0, '8-1', 12, 'image/jpeg', 274272, 'products/8-1.jpg', '[]', '2021-09-15 18:45:30', '2021-09-15 18:45:30', NULL),
(189, 0, '8', 12, 'image/jpeg', 217862, 'products/8.jpg', '[]', '2021-09-15 18:45:30', '2021-09-15 18:45:30', NULL),
(190, 0, '9-1', 12, 'image/jpeg', 65624, 'products/9-1.jpg', '[]', '2021-09-15 18:45:31', '2021-09-15 18:45:31', NULL),
(191, 0, '9', 12, 'image/jpeg', 159636, 'products/9.jpg', '[]', '2021-09-15 18:45:32', '2021-09-15 18:45:32', NULL),
(192, 0, '1', 13, 'image/jpeg', 274660, 'customers/1.jpg', '[]', '2021-09-15 18:45:33', '2021-09-15 18:45:33', NULL),
(193, 0, '2', 13, 'image/jpeg', 295031, 'customers/2.jpg', '[]', '2021-09-15 18:45:33', '2021-09-15 18:45:33', NULL),
(194, 0, '3', 13, 'image/jpeg', 183576, 'customers/3.jpg', '[]', '2021-09-15 18:45:34', '2021-09-15 18:45:34', NULL),
(195, 0, '4', 13, 'image/jpeg', 245360, 'customers/4.jpg', '[]', '2021-09-15 18:45:34', '2021-09-15 18:45:34', NULL),
(196, 0, '5', 13, 'image/jpeg', 262908, 'customers/5.jpg', '[]', '2021-09-15 18:45:34', '2021-09-15 18:45:34', NULL),
(197, 0, '6', 13, 'image/jpeg', 109600, 'customers/6.jpg', '[]', '2021-09-15 18:45:35', '2021-09-15 18:45:35', NULL),
(198, 0, '7', 13, 'image/jpeg', 159280, 'customers/7.jpg', '[]', '2021-09-15 18:45:35', '2021-09-15 18:45:35', NULL),
(199, 0, '8', 13, 'image/jpeg', 99998, 'customers/8.jpg', '[]', '2021-09-15 18:45:36', '2021-09-15 18:45:36', NULL),
(200, 0, '1', 14, 'image/jpeg', 62921, 'flash-sales/1.jpg', '[]', '2021-09-15 18:45:39', '2021-09-15 18:45:39', NULL),
(201, 0, '2', 14, 'image/jpeg', 74131, 'flash-sales/2.jpg', '[]', '2021-09-15 18:45:39', '2021-09-15 18:45:39', NULL),
(202, 0, '1-1', 15, 'image/png', 653539, 'sliders/1-1.png', '[]', '2021-09-15 18:45:40', '2021-09-15 18:45:40', NULL),
(203, 0, '1-2', 15, 'image/png', 688883, 'sliders/1-2.png', '[]', '2021-09-15 18:45:41', '2021-09-15 18:45:41', NULL),
(204, 0, '1-3', 15, 'image/png', 249966, 'sliders/1-3.png', '[]', '2021-09-15 18:45:42', '2021-09-15 18:45:42', NULL),
(205, 0, '2-1', 15, 'image/png', 662495, 'sliders/2-1.png', '[]', '2021-09-15 18:45:43', '2021-09-15 18:45:43', NULL),
(206, 0, '2-2', 15, 'image/png', 691309, 'sliders/2-2.png', '[]', '2021-09-15 18:45:44', '2021-09-15 18:45:44', NULL),
(207, 0, '2-3', 15, 'image/png', 249966, 'sliders/2-3.png', '[]', '2021-09-15 18:45:45', '2021-09-15 18:45:45', NULL),
(208, 0, '3-1', 15, 'image/png', 164134, 'sliders/3-1.png', '[]', '2021-09-15 18:45:46', '2021-09-15 18:45:46', NULL),
(209, 0, '3-2', 15, 'image/png', 140217, 'sliders/3-2.png', '[]', '2021-09-15 18:45:47', '2021-09-15 18:45:47', NULL),
(210, 0, '4-1', 15, 'image/png', 415854, 'sliders/4-1.png', '[]', '2021-09-15 18:45:48', '2021-09-15 18:45:48', NULL),
(211, 0, '4-2', 15, 'image/png', 407249, 'sliders/4-2.png', '[]', '2021-09-15 18:45:49', '2021-09-15 18:45:49', NULL),
(212, 0, '4-3', 15, 'image/png', 249966, 'sliders/4-3.png', '[]', '2021-09-15 18:45:50', '2021-09-15 18:45:50', NULL),
(213, 0, '1', 16, 'image/jpeg', 533441, 'news/1.jpg', '[]', '2021-09-15 18:45:51', '2021-09-15 18:45:51', NULL),
(214, 0, '10', 16, 'image/jpeg', 342651, 'news/10.jpg', '[]', '2021-09-15 18:45:52', '2021-09-15 18:45:52', NULL),
(215, 0, '11', 16, 'image/jpeg', 296740, 'news/11.jpg', '[]', '2021-09-15 18:45:54', '2021-09-15 18:45:54', NULL),
(216, 0, '2', 16, 'image/jpeg', 292594, 'news/2.jpg', '[]', '2021-09-15 18:45:56', '2021-09-15 18:45:56', NULL),
(217, 0, '3', 16, 'image/jpeg', 382930, 'news/3.jpg', '[]', '2021-09-15 18:45:58', '2021-09-15 18:45:58', NULL),
(218, 0, '4', 16, 'image/jpeg', 403060, 'news/4.jpg', '[]', '2021-09-15 18:45:58', '2021-09-15 18:45:58', NULL),
(219, 0, '5', 16, 'image/jpeg', 727445, 'news/5.jpg', '[]', '2021-09-15 18:45:59', '2021-09-15 18:45:59', NULL),
(220, 0, '6', 16, 'image/jpeg', 361958, 'news/6.jpg', '[]', '2021-09-15 18:45:59', '2021-09-15 18:45:59', NULL),
(221, 0, '7', 16, 'image/jpeg', 904027, 'news/7.jpg', '[]', '2021-09-15 18:46:00', '2021-09-15 18:46:00', NULL),
(222, 0, '8', 16, 'image/jpeg', 351088, 'news/8.jpg', '[]', '2021-09-15 18:46:01', '2021-09-15 18:46:01', NULL),
(223, 0, '9', 16, 'image/jpeg', 353751, 'news/9.jpg', '[]', '2021-09-15 18:46:01', '2021-09-15 18:46:01', NULL),
(224, 0, '1', 17, 'image/png', 66416, 'promotion/1.png', '[]', '2021-09-15 18:46:03', '2021-09-15 18:46:03', NULL),
(225, 0, '2', 17, 'image/png', 70051, 'promotion/2.png', '[]', '2021-09-15 18:46:04', '2021-09-15 18:46:04', NULL),
(226, 0, '3', 17, 'image/png', 66675, 'promotion/3.png', '[]', '2021-09-15 18:46:04', '2021-09-15 18:46:04', NULL),
(227, 0, '4', 17, 'image/png', 61720, 'promotion/4.png', '[]', '2021-09-15 18:46:05', '2021-09-15 18:46:05', NULL),
(228, 0, '5', 17, 'image/png', 25894, 'promotion/5.png', '[]', '2021-09-15 18:46:06', '2021-09-15 18:46:06', NULL),
(229, 0, '6', 17, 'image/png', 528935, 'promotion/6.png', '[]', '2021-09-15 18:46:07', '2021-09-15 18:46:07', NULL),
(230, 0, 'favicon', 18, 'image/png', 2343, 'general/favicon.png', '[]', '2021-09-15 18:46:08', '2021-09-15 18:46:08', NULL),
(231, 0, 'icon-bag', 18, 'image/png', 15551, 'general/icon-bag.png', '[]', '2021-09-15 18:46:08', '2021-09-15 18:46:08', NULL),
(232, 0, 'icon-operator', 18, 'image/png', 23328, 'general/icon-operator.png', '[]', '2021-09-15 18:46:09', '2021-09-15 18:46:09', NULL),
(233, 0, 'icon-purchase', 18, 'image/png', 22947, 'general/icon-purchase.png', '[]', '2021-09-15 18:46:09', '2021-09-15 18:46:09', NULL),
(234, 0, 'icon-truck', 18, 'image/png', 17131, 'general/icon-truck.png', '[]', '2021-09-15 18:46:10', '2021-09-15 18:46:10', NULL),
(235, 0, 'logo-light', 18, 'image/png', 1938, 'general/logo-light.png', '[]', '2021-09-15 18:46:10', '2021-09-15 18:46:10', NULL),
(236, 0, 'logo', 18, 'image/png', 2494, 'general/logo.png', '[]', '2021-09-15 18:46:11', '2021-09-15 18:46:11', NULL),
(237, 0, 'open-graph-image', 18, 'image/png', 293189, 'general/open-graph-image.png', '[]', '2021-09-15 18:46:11', '2021-09-15 18:46:11', NULL),
(238, 0, 'payment-methods', 18, 'image/png', 10634, 'general/payment-methods.png', '[]', '2021-09-15 18:46:12', '2022-01-11 11:40:17', '2022-01-11 11:40:17'),
(239, 1, 'logo', 15, 'image/png', 86672, 'sliders/logo.png', '[]', '2021-12-17 08:57:07', '2021-12-17 08:57:07', NULL),
(240, 1, '5SmEqgeEEyPY6lfv4m9mEG70s6Mh7rBu7oNLXpFF', 15, 'image/png', 2335, 'sliders/5smeqgeeeypy6lfv4m9meg70s6mh7rbu7onlxpff.png', '[]', '2021-12-17 08:59:48', '2021-12-17 08:59:48', NULL),
(241, 1, '65LArCKT0FJ5mwLhbWetuLxapy9R6HUgxihaW7bu', 15, 'image/png', 104595, 'sliders/65larckt0fj5mwlhbwetulxapy9r6hugxihaw7bu.png', '[]', '2021-12-17 08:59:49', '2021-12-17 08:59:49', NULL),
(242, 1, 'logo-1', 15, 'image/png', 86672, 'sliders/logo-1.png', '[]', '2021-12-17 08:59:50', '2021-12-17 08:59:50', NULL),
(243, 1, '65LArCKT0FJ5mwLhbWetuLxapy9R6HUgxihaW7bu', 18, 'image/png', 104595, 'general/65larckt0fj5mwlhbwetulxapy9r6hugxihaw7bu.png', '[]', '2022-01-05 06:10:22', '2022-01-05 06:10:22', NULL),
(244, 1, 'fav', 18, 'image/png', 2335, 'general/fav.png', '[]', '2022-01-05 06:11:17', '2022-01-05 06:11:17', NULL),
(245, 1, 'OgNf1V3Jp1acUg0InPTWjRkCXOUFI7FhRRoe7Ubk', 15, 'image/jpeg', 227873, 'sliders/ognf1v3jp1acug0inptwjrkcxoufi7fhrroe7ubk.jpeg', '[]', '2022-01-05 06:22:24', '2022-01-05 10:30:11', '2022-01-05 10:30:11'),
(246, 1, 'IryuStD0i9CzYiyROZuTyeUIo8w3uBsS5hOhHQxM', 15, 'image/jpeg', 852512, 'sliders/iryustd0i9czyiyrozutyeuio8w3ubss5hohhqxm.jpeg', '[]', '2022-01-05 07:07:44', '2022-01-05 07:07:44', NULL),
(247, 1, 'LWzbiaO6zzw0FTm1Df2vBtGjGzyx2cbQgO7g2Cei', 15, 'image/jpeg', 215056, 'sliders/lwzbiao6zzw0ftm1df2vbtgjgzyx2cbqgo7g2cei.jpeg', '[]', '2022-01-05 07:08:17', '2022-01-05 07:08:17', NULL),
(248, 1, 'about-us', 15, 'image/jpeg', 3041839, 'sliders/about-us.jpeg', '[]', '2022-01-05 07:21:28', '2022-01-05 07:21:28', NULL),
(249, 1, 'quality', 18, 'image/png', 6280, 'general/quality.png', '[]', '2022-01-05 10:11:58', '2022-01-05 10:11:58', NULL),
(250, 1, 'rocket', 18, 'image/png', 1517, 'general/rocket.png', '[]', '2022-01-05 10:12:00', '2022-01-05 10:12:00', NULL),
(251, 1, 'support', 18, 'image/png', 2075, 'general/support.png', '[]', '2022-01-05 10:12:01', '2022-01-05 10:12:01', NULL),
(252, 1, 'TlyEtzE7SAxzyPfGNFOhFv283cI41JcvM5pgdKLA', 15, 'image/jpeg', 25956, 'sliders/tlyetze7saxzypfgnfohfv283ci41jcvm5pgdkla.jpeg', '[]', '2022-01-05 10:22:15', '2022-01-05 10:22:15', NULL),
(253, 1, 'GEChZPom83Tm3sS8I0jBRUYeHNzE1xYuVqkrdWEU', 15, 'image/jpeg', 17470, 'sliders/gechzpom83tm3ss8i0jbruyehnze1xyuvqkrdweu.jpeg', '[]', '2022-01-05 10:27:19', '2022-01-05 10:27:19', NULL),
(254, 1, '4u3QkcuOWCT427EIHDoOgbv0fH9NWDB9VwWNXV1p', 15, 'image/jpeg', 13056, 'sliders/4u3qkcuowct427eihdoogbv0fh9nwdb9vwwnxv1p.jpeg', '[]', '2022-01-05 10:28:56', '2022-01-05 10:28:56', NULL),
(255, 1, 'IryuStD0i9CzYiyROZuTyeUIo8w3uBsS5hOhHQxM-1', 15, 'image/jpeg', 852512, 'sliders/iryustd0i9czyiyrozutyeuio8w3ubss5hohhqxm-1.jpeg', '[]', '2022-01-05 10:29:55', '2022-01-05 10:29:55', NULL),
(256, 1, 'j8Mnx6AIzrtnNb1lgRZYOuHgRgyuu8DG1FuWBdMB', 15, 'image/jpeg', 16378, 'sliders/j8mnx6aizrtnnb1lgrzyouhgrgyuu8dg1fuwbdmb.jpeg', '[]', '2022-01-05 10:30:21', '2022-01-05 10:30:21', NULL),
(257, 1, 'VPKKQDqsRJT2m4opjoIezwDUAR8VW5k4pOZzuQvN', 15, 'image/jpeg', 15562, 'sliders/vpkkqdqsrjt2m4opjoiezwduar8vw5k4pozzuqvn.jpeg', '[]', '2022-01-05 10:31:39', '2022-01-05 10:31:39', NULL),
(258, 1, 'YLmdaQMq6u1bmoDnMkkoDYJUUo1Jn5xv0nZwzZvN', 15, 'image/jpeg', 20151, 'sliders/ylmdaqmq6u1bmodnmkkodyjuuo1jn5xv0nzwzzvn.jpeg', '[]', '2022-01-05 10:32:30', '2022-01-05 10:32:30', NULL),
(259, 1, 'pEeM1bLpWodtDUPDQA2mz2eBirtzplJC4v1D7QHv', 15, 'image/png', 94724, 'sliders/peem1blpwodtdupdqa2mz2ebirtzpljc4v1d7qhv.png', '[]', '2022-01-05 10:33:20', '2022-01-05 10:33:20', NULL),
(260, 1, 'Cxu3SsSWnprUJrqPgFBiTDzMpXkrC5tF2zONo07G', 15, 'image/png', 140190, 'sliders/cxu3ssswnprujrqpgfbitdzmpxkrc5tf2zono07g.png', '[]', '2022-01-05 10:34:15', '2022-01-05 10:34:15', NULL),
(261, 1, 'EDrzX5CTznA56SLimxFtKUrBAT3mOonbaiTG5x9A', 15, 'image/png', 174174, 'sliders/edrzx5ctzna56slimxftkurbat3moonbaitg5x9a.png', '[]', '2022-01-05 10:35:03', '2022-01-05 10:35:03', NULL),
(262, 1, 'Qg33fSR8nIKll8p5oTRYmi2Eg0DDojJ7n3NLoFjL', 15, 'image/png', 143399, 'sliders/qg33fsr8nikll8p5otrymi2eg0ddojj7n3nlofjl.png', '[]', '2022-01-05 10:36:06', '2022-01-05 10:36:06', NULL),
(263, 1, 'icon-truck', 15, 'image/png', 40347, 'sliders/icon-truck.png', '[]', '2022-01-05 12:22:49', '2022-01-05 12:22:49', NULL),
(264, 1, '3x', 12, 'image/jpeg', 216240, 'products/3x.jpg', '[]', '2022-01-07 09:32:45', '2022-01-07 09:32:45', NULL),
(265, 1, 'giloy', 12, 'image/jpeg', 106523, 'products/giloy.jpg', '[]', '2022-01-07 09:42:46', '2022-01-07 09:42:46', NULL),
(266, 1, 'vitamin-c', 12, 'image/jpeg', 31184, 'products/vitamin-c.jpg', '[]', '2022-01-07 09:51:19', '2022-01-07 09:51:19', NULL),
(267, 1, 'ASHWAGANDHA', 12, 'image/jpeg', 50329, 'products/ashwagandha.jpg', '[]', '2022-01-07 10:00:30', '2022-01-07 10:00:30', NULL),
(268, 1, 'ANAS-BARBARIAE', 12, 'image/jpeg', 46018, 'products/anas-barbariae.jpg', '[]', '2022-01-07 10:04:04', '2022-01-07 10:04:04', NULL),
(269, 1, 'GINSENG GB PLUS', 12, 'image/jpeg', 34390, 'products/ginseng-gb-plus.jpg', '[]', '2022-01-07 10:20:23', '2022-01-07 10:20:23', NULL),
(270, 1, 'TULSI GP DROPS (TULSI-GILOY-PAPAYA)', 12, 'image/jpeg', 29854, 'products/tulsi-gp-drops-tulsi-giloy-papaya.jpg', '[]', '2022-01-07 10:23:01', '2022-01-07 10:23:01', NULL),
(271, 1, 'VITAMIN D CAL ALFA Plus', 12, 'image/png', 186791, 'products/vitamin-d-cal-alfa-plus.png', '[]', '2022-01-07 10:27:02', '2022-01-07 10:27:02', NULL),
(272, 1, 'LD 46 WORMS DROPS', 12, 'image/jpeg', 43640, 'products/ld-46-worms-drops.jpg', '[]', '2022-01-07 10:29:51', '2022-01-07 10:29:51', NULL),
(273, 1, 'LD 44 BLOOD PURIFIER DROPS', 12, 'image/jpeg', 44459, 'products/ld-44-blood-purifier-drops.jpg', '[]', '2022-01-07 10:47:33', '2022-01-07 10:47:33', NULL),
(274, 1, 'LD 42 TEETHING ACHES DROPS', 12, 'image/jpeg', 44544, 'products/ld-42-teething-aches-drops.jpg', '[]', '2022-01-07 10:50:32', '2022-01-07 10:50:32', NULL),
(275, 1, 'LD 41 NAUSEA DROPS', 12, 'image/jpeg', 43443, 'products/ld-41-nausea-drops.jpg', '[]', '2022-01-07 10:55:39', '2022-01-07 10:55:39', NULL),
(276, 1, 'LD 40 DIABETES DROPS', 12, 'image/jpeg', 43786, 'products/ld-40-diabetes-drops.jpg', '[]', '2022-01-07 10:59:03', '2022-01-07 10:59:03', NULL),
(277, 1, 'LD 35 ANASARCA DROPS', 12, 'image/jpeg', 44046, 'products/ld-35-anasarca-drops.jpg', '[]', '2022-01-07 11:02:27', '2022-01-07 11:02:27', NULL),
(278, 1, 'LD 27 VITALITY DROPS', 12, 'image/jpeg', 44373, 'products/ld-27-vitality-drops.jpg', '[]', '2022-01-07 11:05:03', '2022-01-07 11:05:03', NULL),
(279, 1, 'LD 17 OBESITY DROPS', 12, 'image/jpeg', 41680, 'products/ld-17-obesity-drops.jpg', '[]', '2022-01-07 11:07:54', '2022-01-07 11:07:54', NULL),
(280, 1, 'STONORID DROPS', 12, 'image/jpeg', 33137, 'products/stonorid-drops.jpg', '[]', '2022-01-07 11:11:57', '2022-01-07 11:11:57', NULL),
(281, 1, 'GINSENG TABLET', 12, 'image/png', 333079, 'products/ginseng-tablet.png', '[]', '2022-01-07 11:14:52', '2022-01-07 11:14:52', NULL),
(282, 1, 'ALLER KARE TABLET', 12, 'image/jpeg', 36320, 'products/aller-kare-tablet.jpg', '[]', '2022-01-07 11:19:31', '2022-01-07 11:19:31', NULL),
(283, 1, 'FEVO GO SYRUP', 12, 'image/jpeg', 40199, 'products/fevo-go-syrup.jpg', '[]', '2022-01-07 11:28:43', '2022-01-07 11:28:43', NULL),
(284, 1, 'FEVO GO SYRUP-1', 12, 'image/jpeg', 40199, 'products/fevo-go-syrup-1.jpg', '[]', '2022-01-07 12:10:44', '2022-01-07 12:10:44', NULL),
(285, 1, 'FERRUM FAB TONIC', 12, 'image/jpeg', 46733, 'products/ferrum-fab-tonic.jpg', '[]', '2022-01-07 12:12:51', '2022-01-07 12:12:51', NULL),
(286, 1, 'LDD ALFALFA TONIC', 12, 'image/jpeg', 41177, 'products/ldd-alfalfa-tonic.jpg', '[]', '2022-01-07 12:19:50', '2022-01-07 12:19:50', NULL),
(287, 1, 'MENSOL PLUS', 12, 'image/jpeg', 5614, 'products/mensol-plus.jpg', '[]', '2022-01-07 18:24:16', '2022-01-07 18:24:16', NULL),
(288, 1, 'MENO DROPS', 12, 'image/jpeg', 5787, 'products/meno-drops.jpg', '[]', '2022-01-07 18:46:50', '2022-01-07 18:46:50', NULL),
(289, 1, 'LD 50 CLIMACTERIC DROPS', 12, 'image/jpeg', 5967, 'products/ld-50-climacteric-drops.jpg', '[]', '2022-01-07 18:49:44', '2022-01-07 18:49:44', NULL),
(290, 1, 'LD 49 GYNAE DROPS', 12, 'image/jpeg', 5903, 'products/ld-49-gynae-drops.jpg', '[]', '2022-01-07 19:00:25', '2022-01-07 19:00:25', NULL),
(291, 1, 'LD 48 DYSMENORRHEA DROPS', 12, 'image/jpeg', 5990, 'products/ld-48-dysmenorrhea-drops.jpg', '[]', '2022-01-07 19:04:08', '2022-01-07 19:04:08', NULL),
(292, 1, 'LD 47 DYSMENORRHEA, AMENORRHEA DROPS', 12, 'image/jpeg', 6062, 'products/ld-47-dysmenorrhea-amenorrhea-drops.jpg', '[]', '2022-01-07 19:06:25', '2022-01-07 19:06:25', NULL),
(293, 1, 'LD 19 GLANDULAR DROPS FOR WOMEN', 12, 'image/jpeg', 5603, 'products/ld-19-glandular-drops-for-women.jpg', '[]', '2022-01-07 19:11:21', '2022-01-07 19:11:21', NULL),
(294, 1, 'MENSORAL', 12, 'image/jpeg', 4529, 'products/mensoral.jpg', '[]', '2022-01-07 19:13:56', '2022-01-07 19:13:56', NULL),
(295, 1, 'LDD ASTHAKURE', 12, 'image/jpeg', 5468, 'products/ldd-asthakure.jpg', '[]', '2022-01-07 19:16:56', '2022-01-07 19:16:56', NULL),
(296, 1, 'LD 18 GLANDULAR DROPS FOR MEN', 12, 'image/jpeg', 5555, 'products/ld-18-glandular-drops-for-men.jpg', '[]', '2022-01-07 19:35:02', '2022-01-07 19:35:02', NULL),
(297, 1, 'LD 16 PROSTATITIS DROPS', 12, 'image/jpeg', 5547, 'products/ld-16-prostatitis-drops.jpg', '[]', '2022-01-07 19:37:29', '2022-01-07 19:37:29', NULL),
(298, 1, 'TONE MAX 5000 DROPS', 12, 'image/jpeg', 4629, 'products/tone-max-5000-drops.jpg', '[]', '2022-01-07 19:39:02', '2022-01-07 19:39:02', NULL),
(299, 1, 'HERNAL DROPS', 12, 'image/jpeg', 5948, 'products/hernal-drops.jpg', '[]', '2022-01-07 19:41:28', '2022-01-07 19:41:28', NULL),
(300, 1, 'ALPHA POWER M TABLET', 12, 'image/jpeg', 3327, 'products/alpha-power-m-tablet.jpg', '[]', '2022-01-07 19:42:45', '2022-01-07 19:42:45', NULL),
(301, 1, 'PROSTORITE TABLET', 12, 'image/jpeg', 5125, 'products/prostorite-tablet.jpg', '[]', '2022-01-07 19:43:56', '2022-01-07 19:43:56', NULL),
(302, 1, 'LDD BONNIE FAB', 12, 'image/jpeg', 4835, 'products/ldd-bonnie-fab.jpg', '[]', '2022-01-07 19:45:23', '2022-01-07 19:45:23', NULL),
(303, 1, 'TONE MAX SYRUP', 12, 'image/jpeg', 5192, 'products/tone-max-syrup.jpg', '[]', '2022-01-07 19:47:00', '2022-01-07 19:47:00', NULL),
(304, 1, 'HAIR FORTE TWIN PACK', 12, 'image/jpeg', 4980, 'products/hair-forte-twin-pack.jpg', '[]', '2022-01-08 06:27:06', '2022-01-08 06:27:06', NULL),
(305, 1, 'GUATTERIA GAUMERI PLUS', 12, 'image/jpeg', 6462, 'products/guatteria-gaumeri-plus.jpg', '[]', '2022-01-08 06:33:11', '2022-01-08 06:33:11', NULL),
(306, 1, 'KALMEGH PLUS DROPS', 12, 'image/jpeg', 6418, 'products/kalmegh-plus-drops.jpg', '[]', '2022-01-08 06:44:07', '2022-01-08 06:44:07', NULL),
(307, 1, 'LDD HYMUSA PLUS', 12, 'image/jpeg', 4940, 'products/ldd-hymusa-plus.jpg', '[]', '2022-01-08 06:56:15', '2022-01-08 06:56:15', NULL),
(308, 1, 'GOUTIN DROPS', 12, 'image/jpeg', 5297, 'products/goutin-drops.jpg', '[]', '2022-01-08 06:58:37', '2022-01-08 06:58:37', NULL),
(309, 1, 'MIGRIM DROPS', 12, 'image/jpeg', 246738, 'products/migrim-drops.jpg', '[]', '2022-01-08 07:07:45', '2022-01-08 07:07:45', NULL),
(310, 1, 'LDD ALFALFA TONE WITH GINSENG', 0, 'image/jpeg', 41624, 'ldd-alfalfa-tone-with-ginseng.jpg', '[]', '2022-01-08 11:21:34', '2022-01-08 11:21:34', NULL),
(311, 1, 'APPETISER SYRUP', 0, 'image/jpeg', 29359, 'appetiser-syrup.jpg', '[]', '2022-01-08 11:27:36', '2022-01-08 11:27:36', NULL),
(312, 1, 'GASODROP', 0, 'image/jpeg', 46703, 'gasodrop.jpg', '[]', '2022-01-08 11:31:05', '2022-01-08 11:31:05', NULL),
(313, 1, 'LD 63 INTERCOSTAL DROPS', 0, 'image/jpeg', 40436, 'ld-63-intercostal-drops.jpg', '[]', '2022-01-08 11:33:45', '2022-01-08 11:33:45', NULL),
(314, 1, 'LD 52 ABDOMINAL DROPS LEFT SIDE', 0, 'image/jpeg', 41396, 'ld-52-abdominal-drops-left-side.jpg', '[]', '2022-01-08 11:35:38', '2022-01-08 11:35:38', NULL),
(315, 1, 'LD 51 ABDOMINAL DROPS RIGHT SIDE', 0, 'image/jpeg', 41580, 'ld-51-abdominal-drops-right-side.jpg', '[]', '2022-01-08 11:39:19', '2022-01-08 11:39:19', NULL),
(316, 1, 'LD 39 STOMACH DROPS', 0, 'image/jpeg', 43832, 'ld-39-stomach-drops.jpg', '[]', '2022-01-08 11:42:09', '2022-01-08 11:42:09', NULL),
(317, 1, 'LD 34 INTESTINAL COLIC DROPS', 0, 'image/jpeg', 44882, 'ld-34-intestinal-colic-drops.jpg', '[]', '2022-01-08 11:44:30', '2022-01-08 11:44:30', NULL),
(318, 1, 'LD 31 DIARRHOEA DROPS', 0, 'image/jpeg', 44010, 'ld-31-diarrhoea-drops.jpg', '[]', '2022-01-08 11:47:45', '2022-01-08 11:47:45', NULL),
(319, 1, 'LD 31 DIARRHOEA DROPS-1', 0, 'image/jpeg', 44010, 'ld-31-diarrhoea-drops-1.jpg', '[]', '2022-01-08 11:47:47', '2022-01-08 11:47:47', NULL),
(320, 1, 'GASTROMIN PLUS TABLET', 0, 'image/jpeg', 44008, 'gastromin-plus-tablet.jpg', '[]', '2022-01-08 11:49:55', '2022-01-08 11:49:55', NULL),
(321, 1, 'GASTROMIN SYRUP', 0, 'image/jpeg', 49458, 'gastromin-syrup.jpg', '[]', '2022-01-08 11:53:18', '2022-01-08 11:53:18', NULL),
(322, 1, 'DIZESTO SYRUP', 0, 'image/jpeg', 39676, 'dizesto-syrup.jpg', '[]', '2022-01-08 11:56:09', '2022-01-08 11:56:09', NULL),
(323, 1, 'DIGERITE SYRUP', 0, 'image/jpeg', 38863, 'digerite-syrup.jpg', '[]', '2022-01-08 11:58:25', '2022-01-08 11:58:25', NULL),
(324, 1, 'LD 8 SINUS DROPS', 0, 'image/jpeg', 41357, 'ld-8-sinus-drops.jpg', '[]', '2022-01-08 12:05:25', '2022-01-08 12:05:25', NULL),
(325, 1, 'LD 8 SINUS DROPS-1', 0, 'image/jpeg', 41357, 'ld-8-sinus-drops-1.jpg', '[]', '2022-01-08 12:06:16', '2022-01-08 12:06:16', NULL),
(326, 1, 'LD 7 COUGH DROPS', 0, 'image/jpeg', 41400, 'ld-7-cough-drops.jpg', '[]', '2022-01-08 12:08:20', '2022-01-08 12:08:20', NULL),
(327, 1, 'LD 6 ASTHMA DROPS', 0, 'image/jpeg', 41709, 'ld-6-asthma-drops.jpg', '[]', '2022-01-08 12:10:29', '2022-01-08 12:10:29', NULL),
(328, 1, 'THROATKARE TABLET', 0, 'image/jpeg', 25285, 'throatkare-tablet.jpg', '[]', '2022-01-08 12:12:40', '2022-01-08 12:12:40', NULL),
(329, 1, 'KOUGHFIX TABLET', 0, 'image/jpeg', 51937, 'koughfix-tablet.jpg', '[]', '2022-01-08 12:15:30', '2022-01-08 12:15:30', NULL),
(330, 1, 'LDD ASTHAKURE', 0, 'image/jpeg', 44922, 'ldd-asthakure.jpg', '[]', '2022-01-08 12:18:12', '2022-01-08 12:18:12', NULL),
(331, 1, 'KOUGHFIX', 0, 'image/jpeg', 41032, 'koughfix.jpg', '[]', '2022-01-08 12:20:35', '2022-01-08 12:20:35', NULL),
(332, 1, 'UTIKURE DROPS', 12, 'image/jpeg', 5594, 'products/utikure-drops.jpg', '[]', '2022-01-08 20:38:14', '2022-01-08 20:38:14', NULL),
(333, 1, 'THYROBID DROPS', 12, 'image/jpeg', 5905, 'products/thyrobid-drops.jpg', '[]', '2022-01-08 20:41:39', '2022-01-08 20:41:39', NULL),
(334, 1, 'SLEEP EASE', 12, 'image/jpeg', 6044, 'products/sleep-ease.jpg', '[]', '2022-01-08 20:44:22', '2022-01-08 20:44:22', NULL),
(335, 1, 'GARCINIA SLIMTAB', 12, 'image/jpeg', 5949, 'products/garcinia-slimtab.jpg', '[]', '2022-01-08 20:46:44', '2022-01-08 20:46:44', NULL),
(336, 1, 'CAMPHORA 1M', 12, 'image/jpeg', 5006, 'products/camphora-1m.jpg', '[]', '2022-01-08 20:48:15', '2022-01-08 20:48:15', NULL),
(337, 1, 'ARSENIC ALB 30', 12, 'image/jpeg', 4974, 'products/arsenic-alb-30.jpg', '[]', '2022-01-08 20:50:02', '2022-01-08 20:50:02', NULL),
(338, 1, 'LD 65 MEASLES DROPS', 12, 'image/jpeg', 5272, 'products/ld-65-measles-drops.jpg', '[]', '2022-01-08 20:53:22', '2022-01-08 20:53:22', NULL),
(339, 1, 'LD 71 RECONSTITUANT DROPS', 12, 'image/jpeg', 5318, 'products/ld-71-reconstituant-drops.jpg', '[]', '2022-01-08 20:55:17', '2022-01-08 20:55:17', NULL),
(340, 1, 'LD 70 HYPERHYDROSIS DROPS', 12, 'image/jpeg', 5316, 'products/ld-70-hyperhydrosis-drops.jpg', '[]', '2022-01-08 20:56:55', '2022-01-08 20:56:55', NULL),
(341, 1, 'LD 69 HYPOCHONDRIACAL DROPSjpg', 12, 'image/jpeg', 5318, 'products/ld-69-hypochondriacal-dropsjpg.jpg', '[]', '2022-01-08 20:58:37', '2022-01-08 20:58:37', NULL),
(342, 1, 'LD 68 RENAL DROPS', 12, 'image/jpeg', 5239, 'products/ld-68-renal-drops.jpg', '[]', '2022-01-08 21:02:42', '2022-01-08 21:02:42', NULL),
(343, 1, 'RHEUMATIC FORTE TABLET', 0, 'image/jpeg', 51315, 'rheumatic-forte-tablet.jpg', '[]', '2022-01-09 04:57:08', '2022-01-09 04:57:08', NULL),
(344, 1, 'ORTHONIP', 0, 'image/jpeg', 51613, 'orthonip.jpg', '[]', '2022-01-09 04:59:35', '2022-01-09 04:59:35', NULL),
(345, 1, 'LD 61 INJURY DROPS', 0, 'image/jpeg', 39477, 'ld-61-injury-drops.jpg', '[]', '2022-01-09 05:01:24', '2022-01-09 05:01:24', NULL),
(346, 1, 'LD 60 ARTHRALGIA DROPS', 0, 'image/jpeg', 40323, 'ld-60-arthralgia-drops.jpg', '[]', '2022-01-09 05:03:04', '2022-01-09 05:03:04', NULL),
(347, 1, 'LD 30 INFLAMMATION DROPS', 0, 'image/jpeg', 44436, 'ld-30-inflammation-drops.jpg', '[]', '2022-01-09 05:04:51', '2022-01-09 05:04:51', NULL),
(348, 1, 'LD 24 CALCIFICATION DROPS', 0, 'image/jpeg', 42522, 'ld-24-calcification-drops.jpg', '[]', '2022-01-09 05:06:47', '2022-01-09 05:06:47', NULL),
(349, 1, 'LD 10 RHEUMA DROPS', 0, 'image/jpeg', 41861, 'ld-10-rheuma-drops.jpg', '[]', '2022-01-09 05:10:09', '2022-01-09 05:10:09', NULL),
(350, 1, 'LD 9 JOINT DROPS', 0, 'image/jpeg', 41204, 'ld-9-joint-drops.jpg', '[]', '2022-01-09 05:12:09', '2022-01-09 05:12:09', NULL),
(351, 1, 'LD 2 SCIATICA DROPS', 0, 'image/jpeg', 41626, 'ld-2-sciatica-drops.jpg', '[]', '2022-01-09 05:13:51', '2022-01-09 05:13:51', NULL),
(352, 1, 'CALCI RITE TABLET', 0, 'image/jpeg', 39173, 'calci-rite-tablet.jpg', '[]', '2022-01-09 05:15:43', '2022-01-09 05:15:43', NULL),
(353, 1, 'RHEUMA RITE SYRUP', 0, 'image/jpeg', 46344, 'rheuma-rite-syrup.jpg', '[]', '2022-01-09 05:17:28', '2022-01-09 05:17:28', NULL),
(354, 1, 'RHEUMA RITE PAIN RELEIF OIL', 0, 'image/jpeg', 46344, 'rheuma-rite-pain-releif-oil.jpg', '[]', '2022-01-09 05:19:15', '2022-01-09 05:19:15', NULL),
(355, 1, 'LDD ASTHAKURE-1', 0, 'image/jpeg', 44922, 'ldd-asthakure-1.jpg', '[]', '2022-01-09 05:21:18', '2022-01-09 05:21:18', NULL),
(356, 1, 'RHEUMA RITE PAIN RELEIF OIL-1', 0, 'image/jpeg', 46344, 'rheuma-rite-pain-releif-oil-1.jpg', '[]', '2022-01-09 05:23:22', '2022-01-09 05:23:22', NULL),
(357, 1, 'WARTKURE', 0, 'image/jpeg', 47029, 'wartkure.jpg', '[]', '2022-01-09 05:28:55', '2022-01-09 05:28:55', NULL),
(358, 1, 'SARSA PURE', 0, 'image/jpeg', 39162, 'sarsa-pure.jpg', '[]', '2022-01-09 05:48:48', '2022-01-09 05:48:48', NULL),
(359, 1, 'LUKODERM DROPS', 0, 'image/jpeg', 40240, 'lukoderm-drops.jpg', '[]', '2022-01-09 05:51:27', '2022-01-09 05:51:27', NULL),
(360, 1, 'SCALPID DROPS', 0, 'image/jpeg', 41670, 'scalpid-drops.jpg', '[]', '2022-01-09 05:54:08', '2022-01-09 05:54:08', NULL),
(361, 1, 'FUNGIKURE DROPS', 0, 'image/jpeg', 53437, 'fungikure-drops.jpg', '[]', '2022-01-09 05:55:35', '2022-01-09 05:55:35', NULL),
(362, 1, 'DERMOKURE DROPS', 0, 'image/jpeg', 53249, 'dermokure-drops.jpg', '[]', '2022-01-09 05:57:34', '2022-01-09 05:57:34', NULL),
(363, 1, 'GLOW MEX CREAM', 0, 'image/jpeg', 28229, 'glow-mex-cream.jpg', '[]', '2022-01-09 05:59:19', '2022-01-09 05:59:19', NULL),
(364, 1, 'THUJA OINTMENT', 0, 'image/jpeg', 34471, 'thuja-ointment.jpg', '[]', '2022-01-09 06:00:52', '2022-01-09 06:00:52', NULL),
(365, 1, 'SULPHUR OINTMENT', 0, 'image/jpeg', 33362, 'sulphur-ointment.jpg', '[]', '2022-01-09 06:02:49', '2022-01-09 06:02:49', NULL),
(366, 1, 'SKOOKUM CHUCK OINTMENT', 0, 'image/jpeg', 25649, 'skookum-chuck-ointment.jpg', '[]', '2022-01-09 06:05:23', '2022-01-09 06:05:23', NULL),
(367, 1, 'RHUS TOX OINTMENT', 0, 'image/jpeg', 26995, 'rhus-tox-ointment.jpg', '[]', '2022-01-09 06:08:56', '2022-01-09 06:08:56', NULL),
(368, 1, 'HAMAMELIS OINTMENT', 0, 'image/jpeg', 35974, 'hamamelis-ointment.jpg', '[]', '2022-01-09 06:11:11', '2022-01-09 06:11:11', NULL),
(369, 1, 'GRAPHITIS OINTMENT', 0, 'image/jpeg', 32634, 'graphitis-ointment.jpg', '[]', '2022-01-09 06:13:40', '2022-01-09 06:13:40', NULL),
(370, 1, 'ECHINACEA OINTMENT', 0, 'image/jpeg', 33048, 'echinacea-ointment.jpg', '[]', '2022-01-09 06:15:13', '2022-01-09 06:15:13', NULL),
(371, 1, 'CANTHARIS OINTMENT', 0, 'image/jpeg', 29762, 'cantharis-ointment.jpg', '[]', '2022-01-09 06:16:57', '2022-01-09 06:16:57', NULL),
(372, 1, 'CALANDULA OINTMENT', 0, 'image/jpeg', 30147, 'calandula-ointment.jpg', '[]', '2022-01-09 06:18:39', '2022-01-09 06:18:39', NULL),
(373, 1, 'AESCULAS OINTMENT', 0, 'image/jpeg', 33604, 'aesculas-ointment.jpg', '[]', '2022-01-09 06:20:16', '2022-01-09 06:20:16', NULL),
(374, 1, 'ACID CHRYSO OINTMENT', 0, 'image/jpeg', 30367, 'acid-chryso-ointment.jpg', '[]', '2022-01-09 06:22:25', '2022-01-09 06:22:25', NULL),
(375, 1, 'LD 43 ACNE DROPS', 0, 'image/jpeg', 43129, 'ld-43-acne-drops.jpg', '[]', '2022-01-09 06:26:50', '2022-01-09 06:26:50', NULL),
(376, 1, 'LD 4 PSORIASIS DROPS', 0, 'image/jpeg', 42093, 'ld-4-psoriasis-drops.jpg', '[]', '2022-01-09 06:30:42', '2022-01-09 06:30:42', NULL),
(377, 1, 'LD 3 ECZEMA DROPS', 0, 'image/jpeg', 41602, 'ld-3-eczema-drops.jpg', '[]', '2022-01-09 06:32:37', '2022-01-09 06:32:37', NULL),
(378, 1, 'LD 1 TUMOUR DROPS', 0, 'image/jpeg', 44514, 'ld-1-tumour-drops.jpg', '[]', '2022-01-09 06:35:23', '2022-01-09 06:35:23', NULL),
(379, 1, 'GLOW MEX DROPS', 0, 'image/jpeg', 40593, 'glow-mex-drops.jpg', '[]', '2022-01-09 06:37:42', '2022-01-09 06:37:42', NULL),
(380, 1, 'LDD ALFALFA TONE WITH GINSENG-1', 0, 'image/jpeg', 41624, 'ldd-alfalfa-tone-with-ginseng-1.jpg', '[]', '2022-01-09 06:40:01', '2022-01-09 06:40:01', NULL),
(381, 1, 'LD 67 NOCTURNAL DROPS', 12, 'image/jpeg', 5324, 'products/ld-67-nocturnal-drops.jpg', '[]', '2022-01-09 07:03:03', '2022-01-09 07:03:03', NULL),
(382, 1, 'LD 66 ALBUMINURIA DROPS', 12, 'image/jpeg', 5329, 'products/ld-66-albuminuria-drops.jpg', '[]', '2022-01-09 08:03:14', '2022-01-09 08:03:14', NULL),
(383, 1, 'LD 59 STIMULANT DROPS', 12, 'image/jpeg', 5311, 'products/ld-59-stimulant-drops.jpg', '[]', '2022-01-09 08:11:23', '2022-01-09 08:11:23', NULL),
(384, 1, 'LD 56 PLUERISY DROPS', 12, 'image/jpeg', 5275, 'products/ld-56-pluerisy-drops.jpg', '[]', '2022-01-09 08:14:32', '2022-01-09 08:14:32', NULL),
(385, 1, 'LD 55 LARYNGEAL DROPS', 12, 'image/jpeg', 5305, 'products/ld-55-laryngeal-drops.jpg', '[]', '2022-01-09 08:17:19', '2022-01-09 08:17:19', NULL),
(386, 1, 'LD 53 NEURAL DROPS', 12, 'image/jpeg', 5268, 'products/ld-53-neural-drops.jpg', '[]', '2022-01-09 08:19:43', '2022-01-09 08:19:43', NULL),
(387, 1, 'LD 45 HERPES DROPS', 12, 'image/jpeg', 5924, 'products/ld-45-herpes-drops.jpg', '[]', '2022-01-09 08:21:26', '2022-01-09 08:21:26', NULL),
(388, 1, 'LD 38 THYROTOXIC DROPS', 12, 'image/jpeg', 5967, 'products/ld-38-thyrotoxic-drops.jpg', '[]', '2022-01-09 08:23:40', '2022-01-09 08:23:40', NULL),
(389, 1, 'LD 37 PANCREAS DROPS', 12, 'image/jpeg', 5917, 'products/ld-37-pancreas-drops.jpg', '[]', '2022-01-09 08:26:29', '2022-01-09 08:26:29', NULL),
(390, 1, 'LD 32 HEMORRHOIDAL DROPS', 12, 'image/jpeg', 5963, 'products/ld-32-hemorrhoidal-drops.jpg', '[]', '2022-01-09 08:37:45', '2022-01-09 08:37:45', NULL),
(391, 1, 'LD 29 NERVE AND SLEEP DROPS', 12, 'image/jpeg', 5996, 'products/ld-29-nerve-and-sleep-drops.jpg', '[]', '2022-01-09 08:39:50', '2022-01-09 08:39:50', NULL),
(392, 1, 'LD 28 KIDNEY AND BLADDER DROPS', 12, 'image/jpeg', 6042, 'products/ld-28-kidney-and-bladder-drops.jpg', '[]', '2022-01-09 08:43:31', '2022-01-09 08:43:31', NULL),
(393, 1, 'LD 25 EPILEPSY DROPS', 12, 'image/jpeg', 5528, 'products/ld-25-epilepsy-drops.jpg', '[]', '2022-01-09 08:46:39', '2022-01-09 08:46:39', NULL),
(394, 1, 'LD 23 BRAIN DROPS', 12, 'image/jpeg', 5498, 'products/ld-23-brain-drops.jpg', '[]', '2022-01-09 08:48:36', '2022-01-09 08:48:36', NULL),
(395, 1, 'LD 21 SEXUAL NEURASTHENIA DROPS', 12, 'image/jpeg', 5584, 'products/ld-21-sexual-neurasthenia-drops.jpg', '[]', '2022-01-09 08:49:59', '2022-01-09 08:49:59', NULL),
(396, 1, 'LD 20 NEURALGIA DROPS', 12, 'image/jpeg', 5568, 'products/ld-20-neuralgia-drops.jpg', '[]', '2022-01-09 08:51:20', '2022-01-09 08:51:20', NULL),
(397, 1, 'LD 12 INFLUENZA DROPS', 12, 'image/jpeg', 5518, 'products/ld-12-influenza-drops.jpg', '[]', '2022-01-09 17:44:25', '2022-01-09 17:44:25', NULL),
(398, 1, 'LD 11 LIVER AND GALL BLADDER DROPS', 12, 'image/jpeg', 5603, 'products/ld-11-liver-and-gall-bladder-drops.jpg', '[]', '2022-01-09 17:46:46', '2022-01-09 17:46:46', NULL),
(399, 1, 'LD 5 VERTIGO DROPS', 12, 'image/jpeg', 5521, 'products/ld-5-vertigo-drops.jpg', '[]', '2022-01-09 17:48:48', '2022-01-09 17:48:48', NULL),
(400, 1, 'URIPLEX DROPS', 12, 'image/jpeg', 4599, 'products/uriplex-drops.jpg', '[]', '2022-01-09 17:50:34', '2022-01-09 17:50:34', NULL),
(401, 1, 'TUMOTIN DROPS', 12, 'image/jpeg', 5315, 'products/tumotin-drops.jpg', '[]', '2022-01-09 17:58:30', '2022-01-09 17:58:30', NULL),
(402, 1, 'TOXRID', 12, 'image/jpeg', 4192, 'products/toxrid.jpg', '[]', '2022-01-09 18:04:20', '2022-01-09 18:04:20', NULL),
(403, 1, 'SPONDIRID DROPS', 12, 'image/jpeg', 4576, 'products/spondirid-drops.jpg', '[]', '2022-01-09 18:08:15', '2022-01-09 18:08:15', NULL),
(404, 1, 'SLEEP KARE DROPS', 12, 'image/jpeg', 5477, 'products/sleep-kare-drops.jpg', '[]', '2022-01-09 18:12:32', '2022-01-09 18:12:32', NULL),
(405, 1, 'MULLEIN OIL', 12, 'image/jpeg', 4747, 'products/mullein-oil.jpg', '[]', '2022-01-09 18:18:08', '2022-01-09 18:18:08', NULL),
(406, 1, 'CRATIN KARE DROPS', 12, 'image/jpeg', 4672, 'products/cratin-kare-drops.jpg', '[]', '2022-01-09 18:19:48', '2022-01-09 18:19:48', NULL),
(407, 1, 'TRIMMEX DROPS', 12, 'image/jpeg', 4650, 'products/trimmex-drops.jpg', '[]', '2022-01-09 18:22:27', '2022-01-09 18:22:27', NULL),
(408, 1, 'STONOKID TABLET', 12, 'image/jpeg', 14699, 'products/stonokid-tablet.jpg', '[]', '2022-01-09 18:24:29', '2022-01-09 18:24:29', NULL),
(409, 1, 'TENSO GO TABLET', 12, 'image/jpeg', 6410, 'products/tenso-go-tablet.jpg', '[]', '2022-01-09 18:26:49', '2022-01-09 18:26:49', NULL),
(410, 1, 'PHYTOLACCA BERRY TABLET', 12, 'image/jpeg', 4051, 'products/phytolacca-berry-tablet.jpg', '[]', '2022-01-09 18:28:36', '2022-01-09 18:28:36', NULL),
(411, 1, 'HITE MAX', 12, 'image/jpeg', 4946, 'products/hite-max.jpg', '[]', '2022-01-09 18:31:19', '2022-01-09 18:31:19', NULL),
(412, 1, 'GLANDORAL TABLET', 12, 'image/jpeg', 5240, 'products/glandoral-tablet.jpg', '[]', '2022-01-09 18:33:42', '2022-01-09 18:33:42', NULL),
(413, 1, 'FLU KURE TABLET', 12, 'image/jpeg', 5003, 'products/flu-kure-tablet.jpg', '[]', '2022-01-09 18:35:21', '2022-01-09 18:35:21', NULL),
(414, 1, 'RENAL KURE SYRUP', 12, 'image/jpeg', 4050, 'products/renal-kure-syrup.jpg', '[]', '2022-01-09 18:38:42', '2022-01-09 18:38:42', NULL),
(415, 1, 'LIVKARE', 12, 'image/jpeg', 4634, 'products/livkare.jpg', '[]', '2022-01-09 18:40:56', '2022-01-09 18:40:56', NULL),
(416, 1, 'LDD DENGNIL SYRUP', 12, 'image/jpeg', 5576, 'products/ldd-dengnil-syrup.jpg', '[]', '2022-01-09 18:42:25', '2022-01-09 18:42:25', NULL),
(417, 1, 'LDD BRENMAX SYRUP', 12, 'image/jpeg', 5777, 'products/ldd-brenmax-syrup.jpg', '[]', '2022-01-09 18:46:06', '2022-01-09 18:46:06', NULL),
(418, 1, 'LDD BONNIE FAB-1', 12, 'image/jpeg', 4835, 'products/ldd-bonnie-fab-1.jpg', '[]', '2022-01-09 18:47:51', '2022-01-09 18:47:51', NULL),
(419, 1, 'ELIXIR RITE (RESTORATIVE TONIC)', 12, 'image/jpeg', 5240, 'products/elixir-rite-restorative-tonic.jpg', '[]', '2022-01-09 18:53:45', '2022-01-09 18:53:45', NULL),
(420, 1, 'BEEPEE TONE', 12, 'image/jpeg', 6566, 'products/beepee-tone.jpg', '[]', '2022-01-09 18:57:42', '2022-01-09 18:57:42', NULL),
(421, 1, 'BEPEMED', 12, 'image/jpeg', 7003, 'products/bepemed.jpg', '[]', '2022-01-09 18:59:48', '2022-01-09 18:59:48', NULL),
(422, 1, 'LD 62 IMPAIRED CIRCULATION DROPS', 12, 'image/jpeg', 5297, 'products/ld-62-impaired-circulation-drops.jpg', '[]', '2022-01-09 19:01:43', '2022-01-09 19:01:43', NULL),
(423, 1, 'LD 58 PULMONARY DROPS', 12, 'image/jpeg', 5339, 'products/ld-58-pulmonary-drops.jpg', '[]', '2022-01-09 19:07:00', '2022-01-09 19:07:00', NULL),
(424, 1, 'LD 57 PULMONIC DROPS', 12, 'image/jpeg', 5282, 'products/ld-57-pulmonic-drops.jpg', '[]', '2022-01-09 19:09:39', '2022-01-09 19:09:39', NULL),
(425, 1, 'LD 54 CARDIOPULMONARY DROPS', 12, 'image/jpeg', 5238, 'products/ld-54-cardiopulmonary-drops.jpg', '[]', '2022-01-09 19:11:45', '2022-01-09 19:11:45', NULL),
(426, 1, 'LD 36 CIRCULATORY DEBILITY DROPS', 12, 'image/jpeg', 6029, 'products/ld-36-circulatory-debility-drops.jpg', '[]', '2022-01-09 19:14:03', '2022-01-09 19:14:03', NULL),
(427, 1, 'LD 33 HAEMATINIC DROPS', 12, 'image/jpeg', 5961, 'products/ld-33-haematinic-drops.jpg', '[]', '2022-01-09 19:15:52', '2022-01-09 19:15:52', NULL),
(428, 1, 'LD 22 VEINS DROPS', 12, 'image/jpeg', 5233, 'products/ld-22-veins-drops.jpg', '[]', '2022-01-09 19:18:12', '2022-01-09 19:18:12', NULL),
(429, 1, 'LD 15 CARDIAC ARRHYTHMIA DROPS', 12, 'image/jpeg', 5586, 'products/ld-15-cardiac-arrhythmia-drops.jpg', '[]', '2022-01-09 19:20:57', '2022-01-09 19:20:57', NULL),
(430, 1, 'LD 14 HEART DROPS', 12, 'image/jpeg', 5243, 'products/ld-14-heart-drops.jpg', '[]', '2022-01-09 19:23:28', '2022-01-09 19:23:28', NULL),
(431, 1, 'LD 13 ESSENTIA AUREA-GOLD DROPS', 12, 'image/jpeg', 5581, 'products/ld-13-essentia-aurea-gold-drops.jpg', '[]', '2022-01-09 19:25:10', '2022-01-09 19:25:10', NULL),
(432, 1, 'CHOLESTRAL DROPS', 12, 'image/jpeg', 4572, 'products/cholestral-drops.jpg', '[]', '2022-01-09 19:27:06', '2022-01-09 19:27:06', NULL),
(433, 1, 'CARDOKARE GOLD DROPS', 12, 'image/jpeg', 5113, 'products/cardokare-gold-drops.jpg', '[]', '2022-01-09 20:00:31', '2022-01-09 20:00:31', NULL),
(434, 1, 'LDD BRENMAX SYRUP-1', 12, 'image/jpeg', 5777, 'products/ldd-brenmax-syrup-1.jpg', '[]', '2022-01-09 20:03:40', '2022-01-09 20:03:40', NULL),
(435, 1, 'LDD DENGNIL SYRUP-1', 12, 'image/jpeg', 5576, 'products/ldd-dengnil-syrup-1.jpg', '[]', '2022-01-09 20:06:17', '2022-01-09 20:06:17', NULL),
(436, 1, 'LDD BONNIE FAB-2', 12, 'image/jpeg', 4835, 'products/ldd-bonnie-fab-2.jpg', '[]', '2022-01-09 20:08:14', '2022-01-09 20:08:14', NULL),
(437, 1, 'MENSORAL-1', 12, 'image/jpeg', 35753, 'products/mensoral-1.jpg', '[]', '2022-01-10 05:18:30', '2022-01-10 05:18:30', NULL),
(438, 1, 'MENO DROPS-1', 12, 'image/jpeg', 43495, 'products/meno-drops-1.jpg', '[]', '2022-01-10 05:19:51', '2022-01-10 05:19:51', NULL),
(439, 1, 'LD 50 CLIMACTERIC DROPS-1', 12, 'image/jpeg', 44269, 'products/ld-50-climacteric-drops-1.jpg', '[]', '2022-01-10 05:20:46', '2022-01-10 05:20:46', NULL),
(440, 1, 'LD 49 GYNAE DROPS-1', 12, 'image/jpeg', 43311, 'products/ld-49-gynae-drops-1.jpg', '[]', '2022-01-10 05:21:42', '2022-01-10 05:21:42', NULL),
(441, 1, 'LD 48 DYSMENORRHEA DROPS-1', 12, 'image/jpeg', 44611, 'products/ld-48-dysmenorrhea-drops-1.jpg', '[]', '2022-01-10 05:22:24', '2022-01-10 05:22:24', NULL),
(442, 1, 'LD 47 DYSMENORRHEA, AMENORRHEA DROPS-1', 12, 'image/jpeg', 46481, 'products/ld-47-dysmenorrhea-amenorrhea-drops-1.jpg', '[]', '2022-01-10 05:23:25', '2022-01-10 05:23:25', NULL),
(443, 1, 'MENSORAL-2', 12, 'image/jpeg', 35753, 'products/mensoral-2.jpg', '[]', '2022-01-10 05:24:49', '2022-01-10 05:24:49', NULL),
(444, 1, 'LDD ASTHAKURE-1', 12, 'image/jpeg', 44922, 'products/ldd-asthakure-1.jpg', '[]', '2022-01-10 05:26:05', '2022-01-10 05:26:05', NULL),
(445, 1, 'APPETISER SYRUP', 12, 'image/jpeg', 29359, 'products/appetiser-syrup.jpg', '[]', '2022-01-10 05:28:43', '2022-01-10 05:28:43', NULL),
(446, 1, 'LD 18 GLANDULAR DROPS FOR MEN-1', 12, 'image/jpeg', 42387, 'products/ld-18-glandular-drops-for-men-1.jpg', '[]', '2022-01-10 05:33:46', '2022-01-10 05:33:46', NULL),
(447, 1, 'LD 16 PROSTATITIS DROPS-1', 12, 'image/jpeg', 42463, 'products/ld-16-prostatitis-drops-1.jpg', '[]', '2022-01-10 05:34:48', '2022-01-10 05:34:48', NULL),
(448, 1, 'TONE MAX 5000 DROPS-1', 12, 'image/jpeg', 38662, 'products/tone-max-5000-drops-1.jpg', '[]', '2022-01-10 05:35:42', '2022-01-10 05:35:42', NULL),
(449, 1, 'HERNAL DROPS-1', 12, 'image/jpeg', 47156, 'products/hernal-drops-1.jpg', '[]', '2022-01-10 05:36:28', '2022-01-10 05:36:28', NULL),
(450, 1, 'ALPHA POWER M TABLET-1', 12, 'image/jpeg', 24647, 'products/alpha-power-m-tablet-1.jpg', '[]', '2022-01-10 05:39:36', '2022-01-10 05:39:36', NULL),
(451, 1, 'PROSTORITE TABLET-1', 12, 'image/jpeg', 38520, 'products/prostorite-tablet-1.jpg', '[]', '2022-01-10 05:40:40', '2022-01-10 05:40:40', NULL),
(452, 1, 'LDD BONNIE FAB-3', 12, 'image/jpeg', 36054, 'products/ldd-bonnie-fab-3.jpg', '[]', '2022-01-10 05:41:26', '2022-01-10 05:41:26', NULL),
(453, 1, 'airoxyr5_airox_nigen', 19, 'image/jpeg', 112756, 'pages/airoxyr5-airox-nigen.jpeg', '[]', '2022-01-10 06:29:26', '2022-01-10 06:29:26', NULL),
(454, 1, 'HAIR FORTE TWIN PACK-1', 12, 'image/jpeg', 37316, 'products/hair-forte-twin-pack-1.jpg', '[]', '2022-01-10 06:30:04', '2022-01-10 06:30:04', NULL),
(455, 1, 'WARTKURE', 12, 'image/jpeg', 47029, 'products/wartkure.jpg', '[]', '2022-01-10 06:32:41', '2022-01-10 06:32:41', NULL),
(456, 1, 'dilu', 19, 'image/jpeg', 45968, 'pages/dilu.jpeg', '[]', '2022-01-10 06:34:50', '2022-01-10 06:34:50', NULL),
(457, 1, 'GUATTERIA GAUMERI PLUS-1', 12, 'image/jpeg', 49160, 'products/guatteria-gaumeri-plus-1.jpg', '[]', '2022-01-10 06:38:00', '2022-01-10 06:38:00', NULL),
(458, 1, 'trituration', 19, 'image/jpeg', 250773, 'pages/trituration.jpeg', '[]', '2022-01-10 06:39:22', '2022-01-10 06:39:22', NULL),
(459, 1, 'KALMEGH PLUS DROPS-1', 12, 'image/jpeg', 52411, 'products/kalmegh-plus-drops-1.jpg', '[]', '2022-01-10 06:39:48', '2022-01-10 06:39:48', NULL),
(460, 1, 'liquid', 19, 'image/jpeg', 218143, 'pages/liquid.jpeg', '[]', '2022-01-10 06:41:03', '2022-01-10 06:41:03', NULL),
(461, 1, 'LDD HYMUSA PLUS-1', 12, 'image/jpeg', 39278, 'products/ldd-hymusa-plus-1.jpg', '[]', '2022-01-10 06:41:53', '2022-01-10 06:41:53', NULL),
(462, 1, 'HAIR FORTE TWIN PACK-2', 12, 'image/jpeg', 37316, 'products/hair-forte-twin-pack-2.jpg', '[]', '2022-01-10 06:50:40', '2022-01-10 06:50:40', NULL),
(463, 1, 'GUATTERIA GAUMERI PLUS-2', 12, 'image/jpeg', 49160, 'products/guatteria-gaumeri-plus-2.jpg', '[]', '2022-01-10 06:51:52', '2022-01-10 06:51:52', NULL),
(464, 1, 'KALMEGH PLUS DROPS-2', 12, 'image/jpeg', 52411, 'products/kalmegh-plus-drops-2.jpg', '[]', '2022-01-10 06:57:05', '2022-01-10 06:57:05', NULL),
(465, 1, 'LDD HYMUSA PLUS-2', 12, 'image/jpeg', 39278, 'products/ldd-hymusa-plus-2.jpg', '[]', '2022-01-10 06:58:00', '2022-01-10 06:58:00', NULL),
(466, 1, 'GOUTIN DROPS-1', 12, 'image/jpeg', 41370, 'products/goutin-drops-1.jpg', '[]', '2022-01-10 06:58:57', '2022-01-10 06:58:57', NULL),
(467, 1, 'SARSA PURE', 12, 'image/jpeg', 39162, 'products/sarsa-pure.jpg', '[]', '2022-01-10 06:59:31', '2022-01-10 06:59:31', NULL),
(468, 1, 'MIGRIM DROPS-1', 12, 'image/jpeg', 246738, 'products/migrim-drops-1.jpg', '[]', '2022-01-10 06:59:42', '2022-01-10 06:59:42', NULL),
(469, 1, 'UTIKURE DROPS-1', 12, 'image/jpeg', 44341, 'products/utikure-drops-1.jpg', '[]', '2022-01-10 07:00:20', '2022-01-10 07:00:20', NULL),
(470, 1, 'THYROBID DROPS-1', 12, 'image/jpeg', 45466, 'products/thyrobid-drops-1.jpg', '[]', '2022-01-10 07:01:26', '2022-01-10 07:01:26', NULL),
(471, 1, 'MENSOL PLUS-1', 12, 'image/jpeg', 41520, 'products/mensol-plus-1.jpg', '[]', '2022-01-10 07:01:27', '2022-01-10 07:01:27', NULL),
(472, 1, 'SLEEP EASE-1', 12, 'image/jpeg', 55878, 'products/sleep-ease-1.jpg', '[]', '2022-01-10 07:02:08', '2022-01-10 07:02:08', NULL),
(473, 1, 'GARCINIA SLIMTAB-1', 12, 'image/jpeg', 48298, 'products/garcinia-slimtab-1.jpg', '[]', '2022-01-10 07:02:41', '2022-01-10 07:02:41', NULL),
(474, 1, 'CAMPHORA 1M-1', 12, 'image/jpeg', 38382, 'products/camphora-1m-1.jpg', '[]', '2022-01-10 07:03:19', '2022-01-10 07:03:19', NULL),
(475, 1, 'ARSENIC ALB 30-1', 12, 'image/jpeg', 39160, 'products/arsenic-alb-30-1.jpg', '[]', '2022-01-10 07:03:58', '2022-01-10 07:03:58', NULL),
(476, 1, 'LD 65 MEASLES DROPS-1', 12, 'image/jpeg', 39931, 'products/ld-65-measles-drops-1.jpg', '[]', '2022-01-10 07:04:36', '2022-01-10 07:04:36', NULL),
(477, 1, 'LD 71 RECONSTITUANT DROPS-1', 12, 'image/jpeg', 40383, 'products/ld-71-reconstituant-drops-1.jpg', '[]', '2022-01-10 07:05:09', '2022-01-10 07:05:09', NULL),
(478, 1, 'LD 70 HYPERHYDROSIS DROPS-1', 12, 'image/jpeg', 40316, 'products/ld-70-hyperhydrosis-drops-1.jpg', '[]', '2022-01-10 07:05:42', '2022-01-10 07:05:42', NULL),
(479, 1, 'GASODROP', 12, 'image/jpeg', 46703, 'products/gasodrop.jpg', '[]', '2022-01-10 07:05:51', '2022-01-10 07:05:51', NULL);
INSERT INTO `media_files` (`id`, `user_id`, `name`, `folder_id`, `mime_type`, `size`, `url`, `options`, `created_at`, `updated_at`, `deleted_at`) VALUES
(480, 1, 'LD 69 HYPOCHONDRIACAL DROPSjpg-1', 12, 'image/jpeg', 40470, 'products/ld-69-hypochondriacal-dropsjpg-1.jpg', '[]', '2022-01-10 07:06:29', '2022-01-10 07:06:29', NULL),
(481, 1, 'LUKODERM DROPS', 12, 'image/jpeg', 40240, 'products/lukoderm-drops.jpg', '[]', '2022-01-10 07:07:45', '2022-01-10 07:07:45', NULL),
(482, 1, 'LD 68 RENAL DROPS-1', 12, 'image/jpeg', 39527, 'products/ld-68-renal-drops-1.jpg', '[]', '2022-01-10 07:08:12', '2022-01-10 07:08:12', NULL),
(483, 1, 'LD 67 NOCTURNAL DROPS-1', 12, 'image/jpeg', 40329, 'products/ld-67-nocturnal-drops-1.jpg', '[]', '2022-01-10 07:08:51', '2022-01-10 07:08:51', NULL),
(484, 1, 'LD 66 ALBUMINURIA DROPS-1', 12, 'image/jpeg', 40484, 'products/ld-66-albuminuria-drops-1.jpg', '[]', '2022-01-10 07:09:34', '2022-01-10 07:09:34', NULL),
(485, 1, 'LD 59 STIMULANT DROPS-1', 12, 'image/jpeg', 40161, 'products/ld-59-stimulant-drops-1.jpg', '[]', '2022-01-10 07:10:19', '2022-01-10 07:10:19', NULL),
(486, 1, 'LD 56 PLUERISY DROPS-1', 12, 'image/jpeg', 39939, 'products/ld-56-pluerisy-drops-1.jpg', '[]', '2022-01-10 07:11:12', '2022-01-10 07:11:12', NULL),
(487, 1, 'LD 55 LARYNGEAL DROPS-1', 12, 'image/jpeg', 40173, 'products/ld-55-laryngeal-drops-1.jpg', '[]', '2022-01-10 07:12:03', '2022-01-10 07:12:03', NULL),
(488, 1, 'LD 53 NEURAL DROPS-1', 12, 'image/jpeg', 39791, 'products/ld-53-neural-drops-1.jpg', '[]', '2022-01-10 07:13:07', '2022-01-10 07:13:07', NULL),
(489, 1, 'LD 45 HERPES DROPS-1', 12, 'image/jpeg', 43469, 'products/ld-45-herpes-drops-1.jpg', '[]', '2022-01-10 07:14:04', '2022-01-10 07:14:04', NULL),
(490, 1, 'LD 38 THYROTOXIC DROPS-1', 12, 'image/jpeg', 44161, 'products/ld-38-thyrotoxic-drops-1.jpg', '[]', '2022-01-10 07:14:44', '2022-01-10 07:14:44', NULL),
(491, 1, 'LD 32 HEMORRHOIDAL DROPS-1', 12, 'image/jpeg', 44524, 'products/ld-32-hemorrhoidal-drops-1.jpg', '[]', '2022-01-10 07:16:05', '2022-01-10 07:16:05', NULL),
(492, 1, 'LD 29 NERVE AND SLEEP DROPS-1', 12, 'image/jpeg', 45122, 'products/ld-29-nerve-and-sleep-drops-1.jpg', '[]', '2022-01-10 07:16:51', '2022-01-10 07:16:51', NULL),
(493, 1, 'LD 28 KIDNEY AND BLADDER DROPS-1', 12, 'image/jpeg', 45775, 'products/ld-28-kidney-and-bladder-drops-1.jpg', '[]', '2022-01-10 07:17:43', '2022-01-10 07:17:43', NULL),
(494, 1, 'LD 25 EPILEPSY DROPS-1', 12, 'image/jpeg', 41812, 'products/ld-25-epilepsy-drops-1.jpg', '[]', '2022-01-10 07:18:42', '2022-01-10 07:18:42', NULL),
(495, 1, 'LD 23 BRAIN DROPS-1', 12, 'image/jpeg', 41516, 'products/ld-23-brain-drops-1.jpg', '[]', '2022-01-10 07:19:42', '2022-01-10 07:19:42', NULL),
(496, 1, 'LD 21 SEXUAL NEURASTHENIA DROPS-1', 12, 'image/jpeg', 43258, 'products/ld-21-sexual-neurasthenia-drops-1.jpg', '[]', '2022-01-10 07:20:43', '2022-01-10 07:20:43', NULL),
(497, 1, 'SCALPID DROPS', 12, 'image/jpeg', 41670, 'products/scalpid-drops.jpg', '[]', '2022-01-10 07:21:08', '2022-01-10 07:21:08', NULL),
(498, 1, 'LD 20 NEURALGIA DROPS-1', 12, 'image/jpeg', 42374, 'products/ld-20-neuralgia-drops-1.jpg', '[]', '2022-01-10 07:22:13', '2022-01-10 07:22:13', NULL),
(499, 1, 'MENO DROPS-2', 12, 'image/jpeg', 43495, 'products/meno-drops-2.jpg', '[]', '2022-01-10 07:23:38', '2022-01-10 07:23:38', NULL),
(500, 1, 'LD 12 INFLUENZA DROPS-1', 12, 'image/jpeg', 42249, 'products/ld-12-influenza-drops-1.jpg', '[]', '2022-01-10 07:24:00', '2022-01-10 07:24:00', NULL),
(501, 1, 'LD 11 LIVER AND GALL BLADDER DROPS-1', 12, 'image/jpeg', 43594, 'products/ld-11-liver-and-gall-bladder-drops-1.jpg', '[]', '2022-01-10 07:25:04', '2022-01-10 07:25:04', NULL),
(502, 1, 'GOUTIN DROPS-2', 12, 'image/jpeg', 41370, 'products/goutin-drops-2.jpg', '[]', '2022-01-10 07:27:05', '2022-01-10 07:27:05', NULL),
(503, 1, 'MIGRIM DROPS-2', 12, 'image/png', 246738, 'products/migrim-drops-2.png', '[]', '2022-01-10 07:28:35', '2022-01-10 07:28:35', NULL),
(504, 1, 'UTIKURE DROPS-2', 12, 'image/jpeg', 44341, 'products/utikure-drops-2.jpg', '[]', '2022-01-10 07:32:52', '2022-01-10 07:32:52', NULL),
(505, 1, 'LD 5 VERTIGO DROPS-1', 12, 'image/jpeg', 41733, 'products/ld-5-vertigo-drops-1.jpg', '[]', '2022-01-10 08:37:41', '2022-01-10 08:37:41', NULL),
(506, 1, 'URIPLEX DROPS-1', 12, 'image/jpeg', 36770, 'products/uriplex-drops-1.jpg', '[]', '2022-01-10 08:38:28', '2022-01-10 08:38:28', NULL),
(507, 1, 'THYROBID DROPS-2', 12, 'image/jpeg', 45466, 'products/thyrobid-drops-2.jpg', '[]', '2022-01-10 08:38:58', '2022-01-10 08:38:58', NULL),
(508, 1, 'TUMOTIN DROPS-1', 12, 'image/jpeg', 43239, 'products/tumotin-drops-1.jpg', '[]', '2022-01-10 08:39:12', '2022-01-10 08:39:12', NULL),
(509, 1, 'TOXRID-1', 12, 'image/jpeg', 31105, 'products/toxrid-1.jpg', '[]', '2022-01-10 08:40:09', '2022-01-10 08:40:09', NULL),
(510, 1, 'SPONDIRID DROPS-1', 12, 'image/jpeg', 37270, 'products/spondirid-drops-1.jpg', '[]', '2022-01-10 08:40:56', '2022-01-10 08:40:56', NULL),
(511, 1, 'FUNGIKURE DROPS', 12, 'image/jpeg', 53437, 'products/fungikure-drops.jpg', '[]', '2022-01-10 08:41:19', '2022-01-10 08:41:19', NULL),
(512, 1, 'SLEEP KARE DROPS-1', 12, 'image/jpeg', 44449, 'products/sleep-kare-drops-1.jpg', '[]', '2022-01-10 08:41:37', '2022-01-10 08:41:37', NULL),
(513, 1, 'MULLEIN OIL-1', 12, 'image/jpeg', 41935, 'products/mullein-oil-1.jpg', '[]', '2022-01-10 08:42:15', '2022-01-10 08:42:15', NULL),
(514, 1, 'DERMOKURE DROPS', 12, 'image/jpeg', 53249, 'products/dermokure-drops.jpg', '[]', '2022-01-10 08:43:08', '2022-01-10 08:43:08', NULL),
(515, 1, 'CRATIN KARE DROPS-1', 12, 'image/jpeg', 39781, 'products/cratin-kare-drops-1.jpg', '[]', '2022-01-10 08:43:12', '2022-01-10 08:43:12', NULL),
(516, 1, 'TRIMMEX DROPS-1', 12, 'image/jpeg', 37063, 'products/trimmex-drops-1.jpg', '[]', '2022-01-10 08:43:55', '2022-01-10 08:43:55', NULL),
(517, 1, 'STONOKID TABLET-1', 12, 'image/jpeg', 190580, 'products/stonokid-tablet-1.jpg', '[]', '2022-01-10 08:44:32', '2022-01-10 08:44:32', NULL),
(518, 1, 'BEEPEE TONE-1', 12, 'image/jpeg', 53901, 'products/beepee-tone-1.jpg', '[]', '2022-01-10 08:44:53', '2022-01-10 08:44:53', NULL),
(519, 1, 'TENSO GO TABLET-1', 12, 'image/jpeg', 52282, 'products/tenso-go-tablet-1.jpg', '[]', '2022-01-10 08:45:20', '2022-01-10 08:45:20', NULL),
(520, 1, 'PHYTOLACCA BERRY TABLET-1', 12, 'image/jpeg', 33679, 'products/phytolacca-berry-tablet-1.jpg', '[]', '2022-01-10 08:46:05', '2022-01-10 08:46:05', NULL),
(521, 1, 'HITE MAX-1', 12, 'image/jpeg', 38814, 'products/hite-max-1.jpg', '[]', '2022-01-10 08:46:50', '2022-01-10 08:46:50', NULL),
(522, 1, 'GLANDORAL TABLET-1', 12, 'image/jpeg', 44110, 'products/glandoral-tablet-1.jpg', '[]', '2022-01-10 08:47:38', '2022-01-10 08:47:38', NULL),
(523, 1, 'FLU KURE TABLET-1', 12, 'image/jpeg', 40067, 'products/flu-kure-tablet-1.jpg', '[]', '2022-01-10 08:48:15', '2022-01-10 08:48:15', NULL),
(524, 1, 'RENAL KURE SYRUP-1', 12, 'image/jpeg', 29240, 'products/renal-kure-syrup-1.jpg', '[]', '2022-01-10 08:48:57', '2022-01-10 08:48:57', NULL),
(525, 1, 'BEPEMED-1', 12, 'image/jpeg', 55172, 'products/bepemed-1.jpg', '[]', '2022-01-10 08:49:03', '2022-01-10 08:49:03', NULL),
(526, 1, 'LIVKARE-1', 12, 'image/jpeg', 4634, 'products/livkare-1.jpg', '[]', '2022-01-10 08:50:29', '2022-01-10 08:50:29', NULL),
(527, 1, 'TONE MAX 5000 DROPS-2', 12, 'image/jpeg', 38662, 'products/tone-max-5000-drops-2.jpg', '[]', '2022-01-10 08:50:40', '2022-01-10 08:50:40', NULL),
(528, 1, 'LDD DENGNIL SYRUP-2', 12, 'image/jpeg', 49078, 'products/ldd-dengnil-syrup-2.jpg', '[]', '2022-01-10 08:51:19', '2022-01-10 08:51:19', NULL),
(529, 1, 'LDD BRENMAX SYRUP-2', 12, 'image/jpeg', 44614, 'products/ldd-brenmax-syrup-2.jpg', '[]', '2022-01-10 08:52:01', '2022-01-10 08:52:01', NULL),
(530, 1, 'URIPLEX DROPS-2', 12, 'image/jpeg', 36770, 'products/uriplex-drops-2.jpg', '[]', '2022-01-10 08:52:19', '2022-01-10 08:52:19', NULL),
(531, 1, 'LDD BONNIE FAB-4', 12, 'image/jpeg', 36054, 'products/ldd-bonnie-fab-4.jpg', '[]', '2022-01-10 08:52:51', '2022-01-10 08:52:51', NULL),
(532, 1, 'TUMOTIN DROPS-2', 12, 'image/jpeg', 43239, 'products/tumotin-drops-2.jpg', '[]', '2022-01-10 08:53:48', '2022-01-10 08:53:48', NULL),
(533, 1, 'ELIXIR RITE (RESTORATIVE TONIC)-1', 12, 'image/jpeg', 41878, 'products/elixir-rite-restorative-tonic-1.jpg', '[]', '2022-01-10 08:53:51', '2022-01-10 08:53:51', NULL),
(534, 1, 'TOXRID-2', 12, 'image/jpeg', 31105, 'products/toxrid-2.jpg', '[]', '2022-01-10 08:55:06', '2022-01-10 08:55:06', NULL),
(535, 1, 'BEEPEE TONE-2', 12, 'image/jpeg', 6566, 'products/beepee-tone-2.jpg', '[]', '2022-01-10 08:55:35', '2022-01-10 08:55:35', NULL),
(536, 1, 'STONORID DROPS-1', 12, 'image/jpeg', 33137, 'products/stonorid-drops-1.jpg', '[]', '2022-01-10 08:56:19', '2022-01-10 08:56:19', NULL),
(537, 1, 'BEPEMED-2', 12, 'image/jpeg', 7003, 'products/bepemed-2.jpg', '[]', '2022-01-10 08:57:20', '2022-01-10 08:57:20', NULL),
(538, 1, 'SPONDIRID DROPS-2', 12, 'image/jpeg', 37270, 'products/spondirid-drops-2.jpg', '[]', '2022-01-10 08:58:38', '2022-01-10 08:58:38', NULL),
(539, 1, 'CARDOKARE GOLD DROPS-1', 12, 'image/jpeg', 5113, 'products/cardokare-gold-drops-1.jpg', '[]', '2022-01-10 09:00:24', '2022-01-10 09:00:24', NULL),
(540, 1, 'SLEEP KARE DROPS-2', 12, 'image/jpeg', 44449, 'products/sleep-kare-drops-2.jpg', '[]', '2022-01-10 09:00:47', '2022-01-10 09:00:47', NULL),
(541, 1, 'MULLEIN OIL-2', 12, 'image/jpeg', 41935, 'products/mullein-oil-2.jpg', '[]', '2022-01-10 09:02:50', '2022-01-10 09:02:50', NULL),
(542, 1, 'about', 19, 'image/jpeg', 48320, 'pages/about.jpeg', '[]', '2022-01-10 09:03:19', '2022-01-10 09:03:19', NULL),
(543, 1, 'HERNAL DROPS-2', 12, 'image/jpeg', 47156, 'products/hernal-drops-2.jpg', '[]', '2022-01-10 09:04:34', '2022-01-10 09:04:34', NULL),
(544, 1, 'GLOW MEX DROPS', 12, 'image/jpeg', 40593, 'products/glow-mex-drops.jpg', '[]', '2022-01-10 09:06:16', '2022-01-10 09:06:16', NULL),
(545, 1, 'CRATIN KARE DROPS-2', 12, 'image/jpeg', 39781, 'products/cratin-kare-drops-2.jpg', '[]', '2022-01-10 09:07:40', '2022-01-10 09:07:40', NULL),
(546, 1, 'CHOLESTRAL DROPS-1', 12, 'image/jpeg', 35930, 'products/cholestral-drops-1.jpg', '[]', '2022-01-10 09:09:37', '2022-01-10 09:09:37', NULL),
(547, 1, 'CARDOKARE GOLD DROPS-2', 12, 'image/jpeg', 38985, 'products/cardokare-gold-drops-2.jpg', '[]', '2022-01-10 09:11:14', '2022-01-10 09:11:14', NULL),
(548, 1, 'TRIMMEX DROPS-2', 12, 'image/jpeg', 37063, 'products/trimmex-drops-2.jpg', '[]', '2022-01-10 09:12:57', '2022-01-10 09:12:57', NULL),
(549, 1, 'BEEPEE TONE-3', 12, 'image/jpeg', 53901, 'products/beepee-tone-3.jpg', '[]', '2022-01-10 09:13:10', '2022-01-10 09:13:10', NULL),
(550, 1, 'strength', 19, 'image/jpeg', 40069, 'pages/strength.jpeg', '[]', '2022-01-10 09:13:57', '2022-01-10 09:13:57', NULL),
(551, 1, 'BEPEMED-3', 12, 'image/jpeg', 7003, 'products/bepemed-3.jpg', '[]', '2022-01-10 09:14:06', '2022-01-10 09:14:06', NULL),
(552, 1, 'RHEUMA RITE SYRUP', 12, 'image/jpeg', 46344, 'products/rheuma-rite-syrup.jpg', '[]', '2022-01-10 09:14:16', '2022-01-10 09:14:16', NULL),
(553, 1, 'BEPEMED-4', 12, 'image/jpeg', 55172, 'products/bepemed-4.jpg', '[]', '2022-01-10 09:14:52', '2022-01-10 09:14:52', NULL),
(554, 1, 'LD 62 IMPAIRED CIRCULATION DROPS-1', 12, 'image/jpeg', 5297, 'products/ld-62-impaired-circulation-drops-1.jpg', '[]', '2022-01-10 09:15:40', '2022-01-10 09:15:40', NULL),
(555, 1, 'MENSORAL-3', 12, 'image/jpeg', 35753, 'products/mensoral-3.jpg', '[]', '2022-01-10 09:18:33', '2022-01-10 09:18:33', NULL),
(556, 1, 'RENAL KURE SYRUP-2', 12, 'image/jpeg', 29240, 'products/renal-kure-syrup-2.jpg', '[]', '2022-01-10 09:22:03', '2022-01-10 09:22:03', NULL),
(557, 1, 'BEEPEE TONE-4', 12, 'image/jpeg', 53901, 'products/beepee-tone-4.jpg', '[]', '2022-01-10 09:22:50', '2022-01-10 09:22:50', NULL),
(558, 1, 'BEPEMED-5', 12, 'image/jpeg', 55172, 'products/bepemed-5.jpg', '[]', '2022-01-10 09:23:50', '2022-01-10 09:23:50', NULL),
(559, 1, 'BEPEMED-6', 12, 'image/jpeg', 55172, 'products/bepemed-6.jpg', '[]', '2022-01-10 09:26:00', '2022-01-10 09:26:00', NULL),
(560, 1, 'LD 62 IMPAIRED CIRCULATION DROPS-2', 12, 'image/jpeg', 5297, 'products/ld-62-impaired-circulation-drops-2.jpg', '[]', '2022-01-10 09:27:17', '2022-01-10 09:27:17', NULL),
(561, 1, 'LD 58 PULMONARY DROPS-1', 12, 'image/jpeg', 40411, 'products/ld-58-pulmonary-drops-1.jpg', '[]', '2022-01-10 09:28:08', '2022-01-10 09:28:08', NULL),
(562, 1, 'LD 58 PULMONARY DROPS-2', 12, 'image/jpeg', 40411, 'products/ld-58-pulmonary-drops-2.jpg', '[]', '2022-01-10 09:29:12', '2022-01-10 09:29:12', NULL),
(563, 1, 'LD 57 PULMONIC DROPS-1', 12, 'image/jpeg', 40086, 'products/ld-57-pulmonic-drops-1.jpg', '[]', '2022-01-10 09:31:16', '2022-01-10 09:31:16', NULL),
(564, 1, 'LIVKARE-2', 12, 'image/jpeg', 34682, 'products/livkare-2.jpg', '[]', '2022-01-10 09:32:00', '2022-01-10 09:32:00', NULL),
(565, 1, 'LD 54 CARDIOPULMONARY DROPS-1', 12, 'image/jpeg', 40193, 'products/ld-54-cardiopulmonary-drops-1.jpg', '[]', '2022-01-10 09:32:27', '2022-01-10 09:32:27', NULL),
(566, 1, 'LD 33 HAEMATINIC DROPS-1', 12, 'image/jpeg', 44201, 'products/ld-33-haematinic-drops-1.jpg', '[]', '2022-01-10 09:37:05', '2022-01-10 09:37:05', NULL),
(567, 1, 'GASTROMIN SYRUP', 12, 'image/jpeg', 49458, 'products/gastromin-syrup.jpg', '[]', '2022-01-10 09:37:19', '2022-01-10 09:37:19', NULL),
(568, 1, 'LD 22 VEINS DROPS-1', 12, 'image/jpeg', 39006, 'products/ld-22-veins-drops-1.jpg', '[]', '2022-01-10 09:39:50', '2022-01-10 09:39:50', NULL),
(569, 1, 'FEVO GO SYRUP-2', 12, 'image/jpeg', 40199, 'products/fevo-go-syrup-2.jpg', '[]', '2022-01-10 09:42:38', '2022-01-10 09:42:38', NULL),
(570, 1, 'LD 15 CARDIAC ARRHYTHMIA DROPS-1', 12, 'image/jpeg', 43555, 'products/ld-15-cardiac-arrhythmia-drops-1.jpg', '[]', '2022-01-10 09:43:18', '2022-01-10 09:43:18', NULL),
(571, 1, '4', 19, 'image/jpeg', 24570, 'pages/4.jpeg', '[]', '2022-01-10 09:44:26', '2022-01-10 09:44:26', NULL),
(572, 1, 'LD 14 HEART DROPS-1', 12, 'image/jpeg', 39025, 'products/ld-14-heart-drops-1.jpg', '[]', '2022-01-10 09:44:29', '2022-01-10 09:44:29', NULL),
(573, 1, 'LD 13 ESSENTIA AUREA-GOLD DROPS-1', 12, 'image/jpeg', 43559, 'products/ld-13-essentia-aurea-gold-drops-1.jpg', '[]', '2022-01-10 09:46:56', '2022-01-10 09:46:56', NULL),
(574, 1, 'CHOLESTRAL DROPS-2', 12, 'image/jpeg', 35930, 'products/cholestral-drops-2.jpg', '[]', '2022-01-10 09:47:48', '2022-01-10 09:47:48', NULL),
(575, 1, 'FERRUM FAB TONIC-1', 12, 'image/jpeg', 46733, 'products/ferrum-fab-tonic-1.jpg', '[]', '2022-01-10 09:48:13', '2022-01-10 09:48:13', NULL),
(576, 1, 'CARDOKARE GOLD DROPS-3', 12, 'image/jpeg', 38985, 'products/cardokare-gold-drops-3.jpg', '[]', '2022-01-10 09:48:51', '2022-01-10 09:48:51', NULL),
(577, 1, 'LDD BRENMAX SYRUP-3', 12, 'image/jpeg', 44614, 'products/ldd-brenmax-syrup-3.jpg', '[]', '2022-01-10 09:49:56', '2022-01-10 09:49:56', NULL),
(578, 1, 'LDD BRENMAX SYRUP-4', 12, 'image/jpeg', 44614, 'products/ldd-brenmax-syrup-4.jpg', '[]', '2022-01-10 09:51:04', '2022-01-10 09:51:04', NULL),
(579, 1, 'DIZESTO SYRUP', 12, 'image/jpeg', 39676, 'products/dizesto-syrup.jpg', '[]', '2022-01-10 09:51:36', '2022-01-10 09:51:36', NULL),
(580, 1, 'DIGERITE SYRUP', 12, 'image/jpeg', 38863, 'products/digerite-syrup.jpg', '[]', '2022-01-10 09:54:47', '2022-01-10 09:54:47', NULL),
(581, 1, 'LDD DENGNIL SYRUP-3', 12, 'image/jpeg', 49078, 'products/ldd-dengnil-syrup-3.jpg', '[]', '2022-01-10 09:55:05', '2022-01-10 09:55:05', NULL),
(582, 1, 'LDD BONNIE FAB-5', 12, 'image/jpeg', 36054, 'products/ldd-bonnie-fab-5.jpg', '[]', '2022-01-10 09:56:31', '2022-01-10 09:56:31', NULL),
(583, 1, 'icon-truck-1', 18, 'image/png', 40347, 'general/icon-truck-1.png', '[]', '2022-01-10 10:05:40', '2022-01-10 10:05:40', NULL),
(584, 1, 'LDD DENGNIL SYRUP-4', 12, 'image/jpeg', 49078, 'products/ldd-dengnil-syrup-4.jpg', '[]', '2022-01-10 10:12:19', '2022-01-10 10:12:19', NULL),
(585, 1, '5', 19, 'image/jpeg', 29768, 'pages/5.jpeg', '[]', '2022-01-10 10:14:31', '2022-01-10 10:14:31', NULL),
(586, 1, 'LDD BRENMAX SYRUP-5', 12, 'image/jpeg', 44614, 'products/ldd-brenmax-syrup-5.jpg', '[]', '2022-01-10 10:14:55', '2022-01-10 10:14:55', NULL),
(587, 1, 'TONE MAX SYRUP-1', 12, 'image/jpeg', 44074, 'products/tone-max-syrup-1.jpg', '[]', '2022-01-10 10:15:54', '2022-01-10 10:15:54', NULL),
(588, 1, 'LDD BONNIE FAB-6', 12, 'image/jpeg', 36054, 'products/ldd-bonnie-fab-6.jpg', '[]', '2022-01-10 10:17:28', '2022-01-10 10:17:28', NULL),
(589, 1, 'LIVKARE-3', 12, 'image/jpeg', 4634, 'products/livkare-3.jpg', '[]', '2022-01-10 10:17:36', '2022-01-10 10:17:36', NULL),
(590, 1, 'LIVKARE-4', 12, 'image/jpeg', 34682, 'products/livkare-4.jpg', '[]', '2022-01-10 10:18:44', '2022-01-10 10:18:44', NULL),
(591, 1, 'LDD ASTHAKURE-2', 12, 'image/jpeg', 44922, 'products/ldd-asthakure-2.jpg', '[]', '2022-01-10 10:20:46', '2022-01-10 10:20:46', NULL),
(592, 1, 'LD 19 GLANDULAR DROPS FOR WOMEN-1', 12, 'image/jpeg', 43677, 'products/ld-19-glandular-drops-for-women-1.jpg', '[]', '2022-01-10 10:21:45', '2022-01-10 10:21:45', NULL),
(593, 1, 'MENSOL PLUS-2', 12, 'image/jpeg', 41520, 'products/mensol-plus-2.jpg', '[]', '2022-01-10 10:22:48', '2022-01-10 10:22:48', NULL),
(594, 1, 'LDD ALFALFA TONIC-1', 12, 'image/jpeg', 41177, 'products/ldd-alfalfa-tonic-1.jpg', '[]', '2022-01-10 10:24:58', '2022-01-10 10:24:58', NULL),
(595, 1, 'LD 37 PANCREAS DROPS-1', 12, 'image/jpeg', 43970, 'products/ld-37-pancreas-drops-1.jpg', '[]', '2022-01-10 10:25:23', '2022-01-10 10:25:23', NULL),
(596, 1, 'LDD ALFALFA TONE WITH GINSENG', 12, 'image/jpeg', 41624, 'products/ldd-alfalfa-tone-with-ginseng.jpg', '[]', '2022-01-10 10:29:01', '2022-01-10 10:29:01', NULL),
(597, 1, 'LD 36 CIRCULATORY DEBILITY DROPS-1', 12, 'image/jpeg', 46127, 'products/ld-36-circulatory-debility-drops-1.jpg', '[]', '2022-01-10 10:29:38', '2022-01-10 10:29:38', NULL),
(598, 1, 'LD 54 CARDIOPULMONARY DROPS-2', 12, 'image/jpeg', 40193, 'products/ld-54-cardiopulmonary-drops-2.jpg', '[]', '2022-01-10 10:30:41', '2022-01-10 10:30:41', NULL),
(599, 1, 'ELIXIR RITE (RESTORATIVE TONIC)-2', 12, 'image/jpeg', 41878, 'products/elixir-rite-restorative-tonic-2.jpg', '[]', '2022-01-10 10:32:37', '2022-01-10 10:32:37', NULL),
(600, 1, 'LD 54 CARDIOPULMONARY DROPS-3', 12, 'image/jpeg', 40193, 'products/ld-54-cardiopulmonary-drops-3.jpg', '[]', '2022-01-10 10:32:52', '2022-01-10 10:32:52', NULL),
(601, 1, 'TONE MAX SYRUP-2', 12, 'image/jpeg', 44074, 'products/tone-max-syrup-2.jpg', '[]', '2022-01-10 10:38:31', '2022-01-10 10:38:31', NULL),
(602, 1, 'KOUGHFIX', 12, 'image/jpeg', 41032, 'products/koughfix.jpg', '[]', '2022-01-10 10:42:24', '2022-01-10 10:42:24', NULL),
(603, 1, 'Bio Combination No 27 (25g)', 12, 'image/jpeg', 44834, 'products/bio-combination-no-27-25g.jpg', '[]', '2022-01-10 10:56:41', '2022-01-10 10:56:41', NULL),
(604, 1, 'GILOY TABLETS (25GM)', 12, 'image/jpeg', 51497, 'products/giloy-tablets-25gm.jpg', '[]', '2022-01-10 11:03:48', '2022-01-10 11:03:48', NULL),
(605, 1, 'ASHWAGANDHA 1X TABLETS (25GM)', 12, 'image/jpeg', 50329, 'products/ashwagandha-1x-tablets-25gm.jpg', '[]', '2022-01-10 11:06:21', '2022-01-10 11:06:21', NULL),
(606, 1, 'Ice-Cool Talcum Powder', 12, 'image/jpeg', 26938, 'products/ice-cool-talcum-powder.jpg', '[]', '2022-01-10 11:07:13', '2022-01-10 11:07:13', NULL),
(607, 1, 'SPF 50+ UV-PROTECT ANTI POLLUTION SUNSCREEN', 12, 'image/jpeg', 39489, 'products/spf-50-uv-protect-anti-pollution-sunscreen.jpg', '[]', '2022-01-10 11:08:33', '2022-01-10 11:08:33', NULL),
(608, 1, 'ANAS BARBARIAE', 12, 'image/jpeg', 46018, 'products/anas-barbariae.jpg', '[]', '2022-01-10 11:08:37', '2022-01-10 11:08:37', NULL),
(609, 1, 'NEEM and ALOE VERA SOAP', 12, 'image/jpeg', 25379, 'products/neem-and-aloe-vera-soap.jpg', '[]', '2022-01-10 11:10:00', '2022-01-10 11:10:00', NULL),
(610, 1, 'RHEUMATIC FORTE TABLET', 12, 'image/jpeg', 51315, 'products/rheumatic-forte-tablet.jpg', '[]', '2022-01-10 11:10:20', '2022-01-10 11:10:20', NULL),
(611, 1, 'LD-DENT TOOTHPASTE', 12, 'image/jpeg', 38485, 'products/ld-dent-toothpaste.jpg', '[]', '2022-01-10 11:11:43', '2022-01-10 11:11:43', NULL),
(612, 1, 'GLYCERIN SOAP', 12, 'image/jpeg', 14177, 'products/glycerin-soap.jpg', '[]', '2022-01-10 11:13:00', '2022-01-10 11:13:00', NULL),
(613, 1, 'ALPHA POWER M TABLET-2', 12, 'image/jpeg', 24647, 'products/alpha-power-m-tablet-2.jpg', '[]', '2022-01-10 11:13:01', '2022-01-10 11:13:01', NULL),
(614, 1, 'GLOW MORE SOAP', 12, 'image/jpeg', 17307, 'products/glow-more-soap.jpg', '[]', '2022-01-10 11:14:28', '2022-01-10 11:14:28', NULL),
(615, 1, 'THROATKARE TABLET', 12, 'image/jpeg', 25285, 'products/throatkare-tablet.jpg', '[]', '2022-01-10 11:14:57', '2022-01-10 11:14:57', NULL),
(616, 1, 'PEDI CARE CREAM', 12, 'image/jpeg', 18551, 'products/pedi-care-cream.jpg', '[]', '2022-01-10 11:15:12', '2022-01-10 11:15:12', NULL),
(617, 1, 'STONOKID TABLET-2', 12, 'image/png', 190580, 'products/stonokid-tablet-2.png', '[]', '2022-01-10 11:16:48', '2022-01-10 11:16:48', NULL),
(618, 1, 'SPF 50+ UV-PROTECT ANTI POLLUTION SUNSCREEN-1', 12, 'image/jpeg', 39489, 'products/spf-50-uv-protect-anti-pollution-sunscreen-1.jpg', '[]', '2022-01-10 11:17:49', '2022-01-10 11:17:49', NULL),
(619, 1, 'TENSO GO TABLET-2', 12, 'image/jpeg', 52282, 'products/tenso-go-tablet-2.jpg', '[]', '2022-01-10 11:18:19', '2022-01-10 11:18:19', NULL),
(620, 1, 'PURE GLOW FACE WASH', 12, 'image/jpeg', 31817, 'products/pure-glow-face-wash.jpg', '[]', '2022-01-10 11:19:05', '2022-01-10 11:19:05', NULL),
(621, 1, 'ALOE VERA CREAM', 12, 'image/jpeg', 20518, 'products/aloe-vera-cream.jpg', '[]', '2022-01-10 11:20:22', '2022-01-10 11:20:22', NULL),
(622, 1, 'PHYTOLACCA BERRY TABLET-2', 12, 'image/jpeg', 33679, 'products/phytolacca-berry-tablet-2.jpg', '[]', '2022-01-10 11:20:29', '2022-01-10 11:20:29', NULL),
(623, 1, 'ARNICA SHAMPOO', 12, 'image/jpeg', 35598, 'products/arnica-shampoo.jpg', '[]', '2022-01-10 11:21:47', '2022-01-10 11:21:47', NULL),
(624, 1, 'PROSTORITE TABLET-2', 12, 'image/jpeg', 38520, 'products/prostorite-tablet-2.jpg', '[]', '2022-01-10 11:22:36', '2022-01-10 11:22:36', NULL),
(625, 1, 'JABORANDI HAIR OIL', 12, 'image/jpeg', 36237, 'products/jaborandi-hair-oil.jpg', '[]', '2022-01-10 11:23:44', '2022-01-10 11:23:44', NULL),
(626, 1, 'KOUGHFIX TABLET', 12, 'image/jpeg', 51937, 'products/koughfix-tablet.jpg', '[]', '2022-01-10 11:24:40', '2022-01-10 11:24:40', NULL),
(627, 1, 'ARNICA HAIR OIL', 12, 'image/jpeg', 32172, 'products/arnica-hair-oil.jpg', '[]', '2022-01-10 11:26:04', '2022-01-10 11:26:04', NULL),
(628, 1, 'HITE MAX-2', 12, 'image/jpeg', 38814, 'products/hite-max-2.jpg', '[]', '2022-01-10 11:31:21', '2022-01-10 11:31:21', NULL),
(629, 1, 'GLANDORAL TABLET-2', 12, 'image/jpeg', 44110, 'products/glandoral-tablet-2.jpg', '[]', '2022-01-10 11:34:38', '2022-01-10 11:34:38', NULL),
(630, 1, 'GINSENG TABLET-1', 12, 'image/png', 333079, 'products/ginseng-tablet-1.png', '[]', '2022-01-10 11:38:01', '2022-01-10 11:38:01', NULL),
(631, 1, 'URTICA URENS 1X Q', 12, 'image/jpeg', 28250, 'products/urtica-urens-1x-q.jpg', '[]', '2022-01-10 11:43:31', '2022-01-10 11:43:31', NULL),
(632, 1, 'THUJA OCCIDENTALIS 1X Q', 12, 'image/jpeg', 28770, 'products/thuja-occidentalis-1x-q.jpg', '[]', '2022-01-10 11:46:23', '2022-01-10 11:46:23', NULL),
(633, 1, 'SYZYGIUM JAMBOLANUM 1X Q', 12, 'image/jpeg', 29035, 'products/syzygium-jambolanum-1x-q.jpg', '[]', '2022-01-10 11:47:46', '2022-01-10 11:47:46', NULL),
(634, 1, 'SARSAPARILLA 1X Q', 12, 'image/jpeg', 28477, 'products/sarsaparilla-1x-q.jpg', '[]', '2022-01-10 11:48:43', '2022-01-10 11:48:43', NULL),
(635, 1, 'SARSAPARILLA 1X Q-1', 12, 'image/jpeg', 28477, 'products/sarsaparilla-1x-q-1.jpg', '[]', '2022-01-10 11:49:53', '2022-01-10 11:49:53', NULL),
(636, 1, 'GASTROMIN PLUS TABLET', 12, 'image/jpeg', 44008, 'products/gastromin-plus-tablet.jpg', '[]', '2022-01-10 11:50:42', '2022-01-10 11:50:42', NULL),
(637, 1, 'RHUS TOX 1X Q', 12, 'image/jpeg', 27846, 'products/rhus-tox-1x-q.jpg', '[]', '2022-01-10 11:50:51', '2022-01-10 11:50:51', NULL),
(638, 1, 'RAUWOLFIA SERPENTINA 1X Q', 12, 'image/jpeg', 29158, 'products/rauwolfia-serpentina-1x-q.jpg', '[]', '2022-01-10 11:51:41', '2022-01-10 11:51:41', NULL),
(639, 1, 'PASSIFLORA INCARNATA 1X Q', 12, 'image/jpeg', 29064, 'products/passiflora-incarnata-1x-q.jpg', '[]', '2022-01-10 11:52:31', '2022-01-10 11:52:31', NULL),
(640, 1, 'FLU KURE TABLET-2', 12, 'image/jpeg', 40067, 'products/flu-kure-tablet-2.jpg', '[]', '2022-01-10 11:53:13', '2022-01-10 11:53:13', NULL),
(641, 1, 'KALMEGH 1X Q', 12, 'image/jpeg', 27974, 'products/kalmegh-1x-q.jpg', '[]', '2022-01-10 11:53:24', '2022-01-10 11:53:24', NULL),
(642, 1, 'JUSTICIA ADHATODA 1X Q', 12, 'image/jpeg', 28767, 'products/justicia-adhatoda-1x-q.jpg', '[]', '2022-01-10 11:54:16', '2022-01-10 11:54:16', NULL),
(643, 1, 'HYDROCOTYLE ASIATIC 1X Q', 12, 'image/jpeg', 28954, 'products/hydrocotyle-asiatic-1x-q.jpg', '[]', '2022-01-10 11:55:59', '2022-01-10 11:55:59', NULL),
(644, 1, 'CALCI RITE TABLET', 12, 'image/jpeg', 39173, 'products/calci-rite-tablet.jpg', '[]', '2022-01-10 11:56:37', '2022-01-10 11:56:37', NULL),
(645, 1, 'HYDRASTIS CANADENSIS 1X Q', 12, 'image/jpeg', 29030, 'products/hydrastis-canadensis-1x-q.jpg', '[]', '2022-01-10 11:57:00', '2022-01-10 11:57:00', NULL),
(646, 1, 'ECHINACEA ANGUSTIFOLIA 1X Q', 12, 'image/jpeg', 29022, 'products/echinacea-angustifolia-1x-q.jpg', '[]', '2022-01-10 11:57:57', '2022-01-10 11:57:57', NULL),
(647, 1, 'ALLER KARE TABLET-1', 12, 'image/jpeg', 36320, 'products/aller-kare-tablet-1.jpg', '[]', '2022-01-10 11:58:34', '2022-01-10 11:58:34', NULL),
(648, 1, 'CRATAEGUS OXY 1X Q', 12, 'image/jpeg', 28566, 'products/crataegus-oxy-1x-q.jpg', '[]', '2022-01-10 11:59:02', '2022-01-10 11:59:02', NULL),
(649, 1, 'CHINA OFFICINALIS 1X Q', 12, 'image/jpeg', 28627, 'products/china-officinalis-1x-q.jpg', '[]', '2022-01-10 11:59:50', '2022-01-10 11:59:50', NULL),
(650, 1, 'CHELIDONIUM MAJUS 1X Q', 12, 'image/jpeg', 28676, 'products/chelidonium-majus-1x-q.jpg', '[]', '2022-01-10 12:00:55', '2022-01-10 12:00:55', NULL),
(651, 1, 'CARICA PAPAYA 1X Q', 12, 'image/jpeg', 28349, 'products/carica-papaya-1x-q.jpg', '[]', '2022-01-10 12:02:15', '2022-01-10 12:02:15', NULL),
(652, 1, 'LD 65 MEASLES DROPS-2', 12, 'image/jpeg', 39931, 'products/ld-65-measles-drops-2.jpg', '[]', '2022-01-10 12:03:18', '2022-01-10 12:03:18', NULL),
(653, 1, 'CARDUUS MARIANUS 1X Q', 12, 'image/jpeg', 28639, 'products/carduus-marianus-1x-q.jpg', '[]', '2022-01-10 12:03:37', '2022-01-10 12:03:37', NULL),
(654, 1, 'CALENDULA OFFICINALIS 1X Q', 12, 'image/jpeg', 29028, 'products/calendula-officinalis-1x-q.jpg', '[]', '2022-01-10 12:04:48', '2022-01-10 12:04:48', NULL),
(655, 1, 'LD 71 RECONSTITUANT DROPS-2', 12, 'image/jpeg', 40383, 'products/ld-71-reconstituant-drops-2.jpg', '[]', '2022-01-10 12:05:03', '2022-01-10 12:05:03', NULL),
(656, 1, 'BERBERIS VULGARIS 1X Q', 12, 'image/jpeg', 28575, 'products/berberis-vulgaris-1x-q.jpg', '[]', '2022-01-10 12:05:52', '2022-01-10 12:05:52', NULL),
(657, 1, 'BERBERIS AQUIFOLIUM 1X Q', 12, 'image/jpeg', 28848, 'products/berberis-aquifolium-1x-q.jpg', '[]', '2022-01-10 12:06:36', '2022-01-10 12:06:36', NULL),
(658, 1, 'LD 70 HYPERHYDROSIS DROPS-2', 12, 'image/jpeg', 40316, 'products/ld-70-hyperhydrosis-drops-2.jpg', '[]', '2022-01-10 12:07:26', '2022-01-10 12:07:26', NULL),
(659, 1, 'ASHWAGANDHA 1X Q', 12, 'image/jpeg', 28483, 'products/ashwagandha-1x-q.jpg', '[]', '2022-01-10 12:09:45', '2022-01-10 12:09:45', NULL),
(660, 1, 'ARNICA MONTANA 1X Q', 12, 'image/jpeg', 29012, 'products/arnica-montana-1x-q.jpg', '[]', '2022-01-10 12:12:11', '2022-01-10 12:12:11', NULL),
(661, 1, 'ALFALFA 1X Q', 12, 'image/jpeg', 27937, 'products/alfalfa-1x-q.jpg', '[]', '2022-01-10 12:13:25', '2022-01-10 12:13:25', NULL),
(662, 1, 'LD 69 HYPOCHONDRIACAL DROPS', 12, 'image/jpeg', 40470, 'products/ld-69-hypochondriacal-drops.jpg', '[]', '2022-01-10 12:20:40', '2022-01-10 12:20:40', NULL),
(663, 1, 'LD 68 RENAL DROPS-2', 12, 'image/jpeg', 39527, 'products/ld-68-renal-drops-2.jpg', '[]', '2022-01-10 12:22:25', '2022-01-10 12:22:25', NULL),
(664, 1, 'LD 67 NOCTURNAL DROPS-2', 12, 'image/jpeg', 40329, 'products/ld-67-nocturnal-drops-2.jpg', '[]', '2022-01-10 12:24:02', '2022-01-10 12:24:02', NULL),
(665, 1, 'RUTA G 200 CH', 12, 'image/jpeg', 28670, 'products/ruta-g-200-ch.jpg', '[]', '2022-01-10 12:25:21', '2022-01-10 12:25:21', NULL),
(666, 1, 'LD 66 ALBUMINURIA DROPS-2', 12, 'image/jpeg', 40484, 'products/ld-66-albuminuria-drops-2.jpg', '[]', '2022-01-10 12:25:41', '2022-01-10 12:25:41', NULL),
(667, 1, 'RHUS TOX 200 CH', 12, 'image/jpeg', 29080, 'products/rhus-tox-200-ch.jpg', '[]', '2022-01-10 12:26:12', '2022-01-10 12:26:12', NULL),
(668, 1, 'PULSATILA 200 CH', 12, 'image/jpeg', 28857, 'products/pulsatila-200-ch.jpg', '[]', '2022-01-10 12:27:08', '2022-01-10 12:27:08', NULL),
(669, 1, 'LD 63 INTERCOSTAL DROPS', 12, 'image/jpeg', 40436, 'products/ld-63-intercostal-drops.jpg', '[]', '2022-01-10 12:27:43', '2022-01-10 12:27:43', NULL),
(670, 1, 'PLANTAGO M 200 CH', 12, 'image/jpeg', 28921, 'products/plantago-m-200-ch.jpg', '[]', '2022-01-10 12:28:34', '2022-01-10 12:28:34', NULL),
(671, 1, 'PHYTOLACCA D 200 CH', 12, 'image/jpeg', 28878, 'products/phytolacca-d-200-ch.jpg', '[]', '2022-01-10 12:29:25', '2022-01-10 12:29:25', NULL),
(672, 1, 'LD 62 IMPAIRED CIRCULATION DROPS-3', 12, 'image/jpeg', 40994, 'products/ld-62-impaired-circulation-drops-3.jpg', '[]', '2022-01-10 12:29:42', '2022-01-10 12:29:42', NULL),
(673, 1, 'NUX VOMICA 200 CH', 12, 'image/jpeg', 28902, 'products/nux-vomica-200-ch.jpg', '[]', '2022-01-10 12:30:51', '2022-01-10 12:30:51', NULL),
(674, 1, 'LD 61 INJURY DROPS', 12, 'image/jpeg', 39477, 'products/ld-61-injury-drops.jpg', '[]', '2022-01-10 12:31:34', '2022-01-10 12:31:34', NULL),
(675, 1, 'MERC SOL 200 CH', 12, 'image/jpeg', 28866, 'products/merc-sol-200-ch.jpg', '[]', '2022-01-10 12:31:38', '2022-01-10 12:31:38', NULL),
(676, 1, 'LYCOPODIUM 200 CH', 12, 'image/jpeg', 28985, 'products/lycopodium-200-ch.jpg', '[]', '2022-01-10 12:32:32', '2022-01-10 12:32:32', NULL),
(677, 1, 'HEPAR SULPH 200 CH', 12, 'image/jpeg', 28634, 'products/hepar-sulph-200-ch.jpg', '[]', '2022-01-10 12:33:16', '2022-01-10 12:33:16', NULL),
(678, 1, 'LD 60 ARTHRALGIA DROPS', 12, 'image/jpeg', 40323, 'products/ld-60-arthralgia-drops.jpg', '[]', '2022-01-10 12:33:37', '2022-01-10 12:33:37', NULL),
(679, 1, 'EUPATORIUM PERF 200 CH', 12, 'image/jpeg', 29401, 'products/eupatorium-perf-200-ch.jpg', '[]', '2022-01-10 12:34:00', '2022-01-10 12:34:00', NULL),
(680, 1, 'CHAMOMILLA 200 CH', 12, 'image/jpeg', 28988, 'products/chamomilla-200-ch.jpg', '[]', '2022-01-10 12:34:46', '2022-01-10 12:34:46', NULL),
(681, 1, 'LD 59 STIMULANT DROPS-2', 12, 'image/jpeg', 40161, 'products/ld-59-stimulant-drops-2.jpg', '[]', '2022-01-10 12:35:14', '2022-01-10 12:35:14', NULL),
(682, 1, 'BRYONIA ALB 200 CH', 12, 'image/jpeg', 29340, 'products/bryonia-alb-200-ch.jpg', '[]', '2022-01-10 12:35:41', '2022-01-10 12:35:41', NULL),
(683, 1, 'BELLIS PER 200 CH', 12, 'image/jpeg', 29083, 'products/bellis-per-200-ch.jpg', '[]', '2022-01-10 12:36:38', '2022-01-10 12:36:38', NULL),
(684, 1, 'LD 58 PULMONARY DROPS-3', 12, 'image/jpeg', 40411, 'products/ld-58-pulmonary-drops-3.jpg', '[]', '2022-01-10 12:37:07', '2022-01-10 12:37:07', NULL),
(685, 1, 'BELLADONNA 200 CH', 12, 'image/jpeg', 29064, 'products/belladonna-200-ch.jpg', '[]', '2022-01-10 12:37:24', '2022-01-10 12:37:24', NULL),
(686, 1, 'ARNICA MONT 200 CH', 12, 'image/jpeg', 29021, 'products/arnica-mont-200-ch.jpg', '[]', '2022-01-10 12:38:07', '2022-01-10 12:38:07', NULL),
(687, 1, 'LD 57 PULMONIC DROPS-2', 12, 'image/jpeg', 40086, 'products/ld-57-pulmonic-drops-2.jpg', '[]', '2022-01-10 12:38:50', '2022-01-10 12:38:50', NULL),
(688, 1, 'RUTA G 30 CH', 12, 'image/jpeg', 33262, 'products/ruta-g-30-ch.jpg', '[]', '2022-01-10 12:39:10', '2022-01-10 12:39:10', NULL),
(689, 1, 'RHUS TOX 30 CH', 12, 'image/jpeg', 33659, 'products/rhus-tox-30-ch.jpg', '[]', '2022-01-10 12:40:16', '2022-01-10 12:40:16', NULL),
(690, 1, 'LD 56 PLUERISY DROPS-2', 12, 'image/jpeg', 39939, 'products/ld-56-pluerisy-drops-2.jpg', '[]', '2022-01-10 12:40:38', '2022-01-10 12:40:38', NULL),
(691, 1, 'PULSATILA 30 CH', 12, 'image/jpeg', 33727, 'products/pulsatila-30-ch.jpg', '[]', '2022-01-10 12:40:58', '2022-01-10 12:40:58', NULL),
(692, 1, 'PLANTAGO M 30 CH', 12, 'image/jpeg', 33661, 'products/plantago-m-30-ch.jpg', '[]', '2022-01-10 12:41:56', '2022-01-10 12:41:56', NULL),
(693, 1, 'PHYTOLACCA D 30 CH', 12, 'image/jpeg', 33817, 'products/phytolacca-d-30-ch.jpg', '[]', '2022-01-10 12:42:45', '2022-01-10 12:42:45', NULL),
(694, 1, 'LD 55 LARYNGEAL DROPS-2', 12, 'image/jpeg', 40173, 'products/ld-55-laryngeal-drops-2.jpg', '[]', '2022-01-10 12:43:20', '2022-01-10 12:43:20', NULL),
(695, 1, 'NUX VOMICA 30 CH', 12, 'image/jpeg', 33643, 'products/nux-vomica-30-ch.jpg', '[]', '2022-01-10 12:43:54', '2022-01-10 12:43:54', NULL),
(696, 1, 'MERC SOL 30 CH', 12, 'image/jpeg', 33519, 'products/merc-sol-30-ch.jpg', '[]', '2022-01-10 12:45:01', '2022-01-10 12:45:01', NULL),
(697, 1, 'LD 54 CARDIOPULMONARY DROPS-4', 12, 'image/jpeg', 40193, 'products/ld-54-cardiopulmonary-drops-4.jpg', '[]', '2022-01-10 12:45:31', '2022-01-10 12:45:31', NULL),
(698, 1, 'LYCOPODIUM 30 CH', 12, 'image/jpeg', 33710, 'products/lycopodium-30-ch.jpg', '[]', '2022-01-10 12:45:54', '2022-01-10 12:45:54', NULL),
(699, 1, 'HEPAR SULPH 30 CH', 12, 'image/jpeg', 33627, 'products/hepar-sulph-30-ch.jpg', '[]', '2022-01-10 12:46:50', '2022-01-10 12:46:50', NULL),
(700, 1, 'EUPATORIUM PERF 30 CH', 12, 'image/jpeg', 34144, 'products/eupatorium-perf-30-ch.jpg', '[]', '2022-01-10 12:48:51', '2022-01-10 12:48:51', NULL),
(701, 1, 'LD 53 NEURAL DROPS-2', 12, 'image/jpeg', 39791, 'products/ld-53-neural-drops-2.jpg', '[]', '2022-01-10 12:49:29', '2022-01-10 12:49:29', NULL),
(702, 1, 'CHAMOMILLA 30 CH', 12, 'image/jpeg', 33619, 'products/chamomilla-30-ch.jpg', '[]', '2022-01-10 12:49:46', '2022-01-10 12:49:46', NULL),
(703, 1, 'BRYONIA ALB 30 CH', 12, 'image/jpeg', 34254, 'products/bryonia-alb-30-ch.jpg', '[]', '2022-01-10 12:50:42', '2022-01-10 12:50:42', NULL),
(704, 1, 'BELLIS PER 30 CH', 12, 'image/jpeg', 33658, 'products/bellis-per-30-ch.jpg', '[]', '2022-01-10 12:51:24', '2022-01-10 12:51:24', NULL),
(705, 1, 'LD 52 ABDOMINAL DROPS LEFT SIDE', 12, 'image/jpeg', 41396, 'products/ld-52-abdominal-drops-left-side.jpg', '[]', '2022-01-10 12:51:46', '2022-01-10 12:51:46', NULL),
(706, 1, 'BELLADONNA 30 CH', 12, 'image/jpeg', 33645, 'products/belladonna-30-ch.jpg', '[]', '2022-01-10 12:52:35', '2022-01-10 12:52:35', NULL),
(707, 1, 'ARNICA MONT 30 CH', 12, 'image/jpeg', 28768, 'products/arnica-mont-30-ch.jpg', '[]', '2022-01-10 12:53:22', '2022-01-10 12:53:22', NULL),
(708, 1, 'LD 51 ABDOMINAL DROPS RIGHT SIDE', 12, 'image/jpeg', 41580, 'products/ld-51-abdominal-drops-right-side.jpg', '[]', '2022-01-10 12:53:32', '2022-01-10 12:53:32', NULL),
(709, 1, 'ARSENIC ALB 30-2', 12, 'image/jpeg', 39160, 'products/arsenic-alb-30-2.jpg', '[]', '2022-01-10 12:54:03', '2022-01-10 12:54:03', NULL),
(710, 1, 'LD 50 CLIMACTERIC DROPS-2', 12, 'image/jpeg', 44269, 'products/ld-50-climacteric-drops-2.jpg', '[]', '2022-01-10 12:55:54', '2022-01-10 12:55:54', NULL),
(711, 1, 'LD 49 GYNAE DROPS-2', 12, 'image/jpeg', 43311, 'products/ld-49-gynae-drops-2.jpg', '[]', '2022-01-10 12:57:49', '2022-01-10 12:57:49', NULL),
(712, 1, '2', 19, 'image/jpeg', 13056, 'pages/2.jpeg', '[]', '2022-01-10 12:59:06', '2022-01-10 12:59:06', NULL),
(713, 1, 'LD 48 DYSMENORRHEA DROPS-2', 12, 'image/jpeg', 44611, 'products/ld-48-dysmenorrhea-drops-2.jpg', '[]', '2022-01-10 12:59:41', '2022-01-10 12:59:41', NULL),
(714, 1, 'LD 47 DYSMENORRHEA, AMENORRHEA DROPS-2', 12, 'image/jpeg', 46481, 'products/ld-47-dysmenorrhea-amenorrhea-drops-2.jpg', '[]', '2022-01-10 13:01:17', '2022-01-10 13:01:17', NULL),
(715, 1, '1', 19, 'image/jpeg', 17470, 'pages/1.jpeg', '[]', '2022-01-10 13:02:29', '2022-01-10 13:02:29', NULL),
(716, 1, 'VITAMIN-C ZINC PLUS TABLETS', 12, 'image/jpeg', 31184, 'products/vitamin-c-zinc-plus-tablets.jpg', '[]', '2022-01-11 04:37:06', '2022-01-11 04:37:06', NULL),
(717, 1, 'LD 46 WORMS DROPS-1', 12, 'image/jpeg', 43640, 'products/ld-46-worms-drops-1.jpg', '[]', '2022-01-11 04:37:23', '2022-01-11 04:37:23', NULL),
(718, 1, 'SLEEP EASE-2', 12, 'image/jpeg', 55878, 'products/sleep-ease-2.jpg', '[]', '2022-01-11 04:38:18', '2022-01-11 04:38:18', NULL),
(719, 1, 'LD 45 HERPES DROPS-2', 12, 'image/jpeg', 43469, 'products/ld-45-herpes-drops-2.jpg', '[]', '2022-01-11 04:39:00', '2022-01-11 04:39:00', NULL),
(720, 1, 'GINSENG GB PLUS-1', 12, 'image/jpeg', 34390, 'products/ginseng-gb-plus-1.jpg', '[]', '2022-01-11 04:39:15', '2022-01-11 04:39:15', NULL),
(721, 1, 'LD 44 BLOOD PURIFIER DROPS-1', 12, 'image/jpeg', 44459, 'products/ld-44-blood-purifier-drops-1.jpg', '[]', '2022-01-11 04:40:48', '2022-01-11 04:40:48', NULL),
(722, 1, 'GARCINIA SLIMTAB-2', 12, 'image/jpeg', 48298, 'products/garcinia-slimtab-2.jpg', '[]', '2022-01-11 04:41:18', '2022-01-11 04:41:18', NULL),
(723, 1, 'ORTHONIP', 12, 'image/jpeg', 51613, 'products/orthonip.jpg', '[]', '2022-01-11 04:42:23', '2022-01-11 04:42:23', NULL),
(724, 1, 'LD 43 ACNE DROPS', 12, 'image/jpeg', 43129, 'products/ld-43-acne-drops.jpg', '[]', '2022-01-11 04:42:55', '2022-01-11 04:42:55', NULL),
(725, 1, 'VITAMIN D CAL ALFA Plus-1', 12, 'image/jpeg', 186791, 'products/vitamin-d-cal-alfa-plus-1.jpg', '[]', '2022-01-11 04:43:53', '2022-01-11 04:43:53', NULL),
(726, 1, 'LD 42 TEETHING ACHES DROPS-1', 12, 'image/jpeg', 44544, 'products/ld-42-teething-aches-drops-1.jpg', '[]', '2022-01-11 04:44:55', '2022-01-11 04:44:55', NULL),
(727, 1, 'FERRUM FAB TONIC-2', 12, 'image/jpeg', 46733, 'products/ferrum-fab-tonic-2.jpg', '[]', '2022-01-11 04:46:16', '2022-01-11 04:46:16', NULL),
(728, 1, 'LD 41 NAUSEA DROPS-1', 12, 'image/jpeg', 43443, 'products/ld-41-nausea-drops-1.jpg', '[]', '2022-01-11 04:47:44', '2022-01-11 04:47:44', NULL),
(729, 1, 'LD 40 DIABETES DROPS-1', 12, 'image/jpeg', 43786, 'products/ld-40-diabetes-drops-1.jpg', '[]', '2022-01-11 04:49:44', '2022-01-11 04:49:44', NULL),
(730, 1, 'LD 39 STOMACH DROPS', 12, 'image/jpeg', 43832, 'products/ld-39-stomach-drops.jpg', '[]', '2022-01-11 04:52:02', '2022-01-11 04:52:02', NULL),
(731, 1, 'LD 38 THYROTOXIC DROPS-2', 12, 'image/jpeg', 44161, 'products/ld-38-thyrotoxic-drops-2.jpg', '[]', '2022-01-11 04:53:58', '2022-01-11 04:53:58', NULL),
(732, 1, 'LD 37 PANCREAS DROPS-2', 12, 'image/jpeg', 43970, 'products/ld-37-pancreas-drops-2.jpg', '[]', '2022-01-11 04:55:46', '2022-01-11 04:55:46', NULL),
(733, 1, 'LD 36 CIRCULATORY DEBILITY DROPS-2', 12, 'image/jpeg', 46127, 'products/ld-36-circulatory-debility-drops-2.jpg', '[]', '2022-01-11 04:59:14', '2022-01-11 04:59:14', NULL),
(734, 1, 'LD 35 ANASARCA DROPS-1', 12, 'image/jpeg', 44046, 'products/ld-35-anasarca-drops-1.jpg', '[]', '2022-01-11 05:00:50', '2022-01-11 05:00:50', NULL),
(735, 1, 'LD 34 INTESTINAL COLIC DROPS', 12, 'image/jpeg', 44882, 'products/ld-34-intestinal-colic-drops.jpg', '[]', '2022-01-11 05:02:57', '2022-01-11 05:02:57', NULL),
(736, 1, 'LD 33 HAEMATINIC DROPS-2', 12, 'image/jpeg', 44201, 'products/ld-33-haematinic-drops-2.jpg', '[]', '2022-01-11 05:05:27', '2022-01-11 05:05:27', NULL),
(737, 1, 'Calc Flour 3X (25g)', 12, 'image/jpeg', 41993, 'products/calc-flour-3x-25g.jpg', '[]', '2022-01-11 05:06:55', '2022-01-11 05:06:55', NULL),
(738, 1, 'LD 32 HEMORRHOIDAL DROPS-2', 12, 'image/jpeg', 44524, 'products/ld-32-hemorrhoidal-drops-2.jpg', '[]', '2022-01-11 05:07:10', '2022-01-11 05:07:10', NULL),
(739, 1, 'Calc Phos 3X (25g)', 12, 'image/jpeg', 42908, 'products/calc-phos-3x-25g.jpg', '[]', '2022-01-11 05:07:48', '2022-01-11 05:07:48', NULL),
(740, 1, 'Calc Sulph 3X (25g)', 12, 'image/jpeg', 42562, 'products/calc-sulph-3x-25g.jpg', '[]', '2022-01-11 05:08:33', '2022-01-11 05:08:33', NULL),
(741, 1, 'LD 31 DIARRHOEA DROPS', 12, 'image/jpeg', 44010, 'products/ld-31-diarrhoea-drops.jpg', '[]', '2022-01-11 05:09:12', '2022-01-11 05:09:12', NULL),
(742, 1, 'Ferrum Phos 3X (25g)', 12, 'image/jpeg', 42293, 'products/ferrum-phos-3x-25g.jpg', '[]', '2022-01-11 05:10:54', '2022-01-11 05:10:54', NULL),
(743, 1, 'LD 30 INFLAMMATION DROPS', 12, 'image/jpeg', 44436, 'products/ld-30-inflammation-drops.jpg', '[]', '2022-01-11 05:11:04', '2022-01-11 05:11:04', NULL),
(744, 1, 'Kali Mur 3X (25g)', 12, 'image/jpeg', 41612, 'products/kali-mur-3x-25g.jpg', '[]', '2022-01-11 05:11:52', '2022-01-11 05:11:52', NULL),
(745, 1, 'Kali Phos 3X (25g)', 12, 'image/jpeg', 42110, 'products/kali-phos-3x-25g.jpg', '[]', '2022-01-11 05:12:54', '2022-01-11 05:12:54', NULL),
(746, 1, 'Kali Sulph 3X (25g)', 12, 'image/jpeg', 41658, 'products/kali-sulph-3x-25g.jpg', '[]', '2022-01-11 05:14:10', '2022-01-11 05:14:10', NULL),
(747, 1, 'LD 29 NERVE AND SLEEP DROPS-2', 12, 'image/jpeg', 45122, 'products/ld-29-nerve-and-sleep-drops-2.jpg', '[]', '2022-01-11 05:14:23', '2022-01-11 05:14:23', NULL),
(748, 1, 'Mag Phos 3X (25g)', 12, 'image/jpeg', 42588, 'products/mag-phos-3x-25g.jpg', '[]', '2022-01-11 05:15:09', '2022-01-11 05:15:09', NULL),
(749, 1, 'Nat Mur 3X (25g)', 12, 'image/jpeg', 42078, 'products/nat-mur-3x-25g.jpg', '[]', '2022-01-11 05:15:59', '2022-01-11 05:15:59', NULL),
(750, 1, 'LD 28 KIDNEY AND BLADDER DROPS-2', 12, 'image/jpeg', 45775, 'products/ld-28-kidney-and-bladder-drops-2.jpg', '[]', '2022-01-11 05:16:05', '2022-01-11 05:16:05', NULL),
(751, 1, 'Nat Phos 3X (25g)', 12, 'image/jpeg', 42597, 'products/nat-phos-3x-25g.jpg', '[]', '2022-01-11 05:16:45', '2022-01-11 05:16:45', NULL),
(752, 1, 'LD 27 VITALITY DROPS-1', 12, 'image/jpeg', 44373, 'products/ld-27-vitality-drops-1.jpg', '[]', '2022-01-11 05:17:44', '2022-01-11 05:17:44', NULL),
(753, 1, 'Nat Sulph 3X (25g)', 12, 'image/jpeg', 42246, 'products/nat-sulph-3x-25g.jpg', '[]', '2022-01-11 05:18:02', '2022-01-11 05:18:02', NULL),
(754, 1, 'Silicea 3X (25g)', 12, 'image/jpeg', 40542, 'products/silicea-3x-25g.jpg', '[]', '2022-01-11 05:18:56', '2022-01-11 05:18:56', NULL),
(755, 1, 'LD 25 EPILEPSY DROPS-2', 12, 'image/jpeg', 41812, 'products/ld-25-epilepsy-drops-2.jpg', '[]', '2022-01-11 05:19:35', '2022-01-11 05:19:35', NULL),
(756, 1, 'Five Phos 3X (25g)', 12, 'image/jpeg', 41080, 'products/five-phos-3x-25g.jpg', '[]', '2022-01-11 05:19:47', '2022-01-11 05:19:47', NULL),
(757, 1, 'Calc Flour 6X (25g)', 12, 'image/jpeg', 41911, 'products/calc-flour-6x-25g.jpg', '[]', '2022-01-11 05:20:45', '2022-01-11 05:20:45', NULL),
(758, 1, 'LD 24 CALCIFICATION DROPS', 12, 'image/jpeg', 42522, 'products/ld-24-calcification-drops.jpg', '[]', '2022-01-11 05:21:08', '2022-01-11 05:21:08', NULL),
(759, 1, 'Calc Phos 6X (25g)', 12, 'image/jpeg', 42866, 'products/calc-phos-6x-25g.jpg', '[]', '2022-01-11 05:21:32', '2022-01-11 05:21:32', NULL),
(760, 1, 'LD 23 BRAIN DROPS-2', 12, 'image/jpeg', 41516, 'products/ld-23-brain-drops-2.jpg', '[]', '2022-01-11 05:22:31', '2022-01-11 05:22:31', NULL),
(761, 1, 'Calc Sulph 6X (25g)', 12, 'image/jpeg', 42552, 'products/calc-sulph-6x-25g.jpg', '[]', '2022-01-11 05:22:36', '2022-01-11 05:22:36', NULL),
(762, 1, 'LD 22 VEINS DROPS-2', 12, 'image/jpeg', 39006, 'products/ld-22-veins-drops-2.jpg', '[]', '2022-01-11 05:27:41', '2022-01-11 05:27:41', NULL),
(763, 1, 'Ferrum Phos 6X (25g)', 12, 'image/jpeg', 42239, 'products/ferrum-phos-6x-25g.jpg', '[]', '2022-01-11 05:29:27', '2022-01-11 05:29:27', NULL),
(764, 1, 'LD 21 SEXUAL NEURASTHENIA DROPS-2', 12, 'image/jpeg', 43258, 'products/ld-21-sexual-neurasthenia-drops-2.jpg', '[]', '2022-01-11 05:32:42', '2022-01-11 05:32:42', NULL),
(765, 1, 'LD 20 NEURALGIA DROPS-2', 12, 'image/jpeg', 42374, 'products/ld-20-neuralgia-drops-2.jpg', '[]', '2022-01-11 05:34:40', '2022-01-11 05:34:40', NULL),
(766, 1, 'LD 19 GLANDULAR DROPS FOR WOMEN-2', 12, 'image/jpeg', 43677, 'products/ld-19-glandular-drops-for-women-2.jpg', '[]', '2022-01-11 05:36:07', '2022-01-11 05:36:07', NULL),
(767, 1, 'LD 18 GLANDULAR DROPS FOR MEN-2', 12, 'image/jpeg', 42387, 'products/ld-18-glandular-drops-for-men-2.jpg', '[]', '2022-01-11 05:38:37', '2022-01-11 05:38:37', NULL),
(768, 1, 'LD 17 OBESITY DROPS-1', 12, 'image/jpeg', 41680, 'products/ld-17-obesity-drops-1.jpg', '[]', '2022-01-11 05:41:58', '2022-01-11 05:41:58', NULL),
(769, 1, 'LD 16 PROSTATITIS DROPS-2', 12, 'image/jpeg', 42463, 'products/ld-16-prostatitis-drops-2.jpg', '[]', '2022-01-11 05:45:05', '2022-01-11 05:45:05', NULL),
(770, 1, 'LD 15 CARDIAC ARRHYTHMIA DROPS-2', 12, 'image/jpeg', 43555, 'products/ld-15-cardiac-arrhythmia-drops-2.jpg', '[]', '2022-01-11 05:46:38', '2022-01-11 05:46:38', NULL),
(771, 1, 'Kali Mur 6X (25g)', 12, 'image/jpeg', 41612, 'products/kali-mur-6x-25g.jpg', '[]', '2022-01-11 05:47:13', '2022-01-11 05:47:13', NULL),
(772, 1, 'LD 14 HEART DROPS-2', 12, 'image/jpeg', 39025, 'products/ld-14-heart-drops-2.jpg', '[]', '2022-01-11 05:48:44', '2022-01-11 05:48:44', NULL),
(773, 1, 'LD 13 ESSENTIA AUREA-GOLD DROPS-2', 12, 'image/jpeg', 43559, 'products/ld-13-essentia-aurea-gold-drops-2.jpg', '[]', '2022-01-11 05:50:21', '2022-01-11 05:50:21', NULL),
(774, 1, 'LD 12 INFLUENZA DROPS-2', 12, 'image/jpeg', 42249, 'products/ld-12-influenza-drops-2.jpg', '[]', '2022-01-11 05:51:59', '2022-01-11 05:51:59', NULL),
(775, 1, 'LD 11 LIVER AND GALL BLADDER DROPS-2', 12, 'image/jpeg', 43594, 'products/ld-11-liver-and-gall-bladder-drops-2.jpg', '[]', '2022-01-11 05:53:47', '2022-01-11 05:53:47', NULL),
(776, 1, 'LD 10 RHEUMA DROPS', 12, 'image/jpeg', 41861, 'products/ld-10-rheuma-drops.jpg', '[]', '2022-01-11 05:56:07', '2022-01-11 05:56:07', NULL),
(777, 1, 'LD 9 JOINT DROPS', 12, 'image/jpeg', 41204, 'products/ld-9-joint-drops.jpg', '[]', '2022-01-11 05:57:59', '2022-01-11 05:57:59', NULL),
(778, 1, 'Kali Phos 6X (25g)', 12, 'image/jpeg', 42096, 'products/kali-phos-6x-25g.jpg', '[]', '2022-01-11 05:59:54', '2022-01-11 05:59:54', NULL),
(779, 1, 'LD 8 SINUS DROPS', 12, 'image/jpeg', 41357, 'products/ld-8-sinus-drops.jpg', '[]', '2022-01-11 06:00:22', '2022-01-11 06:00:22', NULL),
(780, 1, 'Kali Sulph 6X (25g)', 12, 'image/jpeg', 41708, 'products/kali-sulph-6x-25g.jpg', '[]', '2022-01-11 06:02:00', '2022-01-11 06:02:00', NULL),
(781, 1, 'LD 7 COUGH DROPS', 12, 'image/jpeg', 41400, 'products/ld-7-cough-drops.jpg', '[]', '2022-01-11 06:02:36', '2022-01-11 06:02:36', NULL),
(782, 1, 'Mag Phos 6X (25g)', 12, 'image/jpeg', 42574, 'products/mag-phos-6x-25g.jpg', '[]', '2022-01-11 06:04:10', '2022-01-11 06:04:10', NULL),
(783, 1, 'LD 6 ASTHMA DROPS', 12, 'image/jpeg', 41709, 'products/ld-6-asthma-drops.jpg', '[]', '2022-01-11 06:05:17', '2022-01-11 06:05:17', NULL),
(784, 1, 'Nat Mur 6X (25g)', 12, 'image/jpeg', 42068, 'products/nat-mur-6x-25g.jpg', '[]', '2022-01-11 06:05:18', '2022-01-11 06:05:18', NULL),
(785, 1, 'LD 5 VERTIGO DROPS-2', 12, 'image/jpeg', 41733, 'products/ld-5-vertigo-drops-2.jpg', '[]', '2022-01-11 06:06:42', '2022-01-11 06:06:42', NULL),
(786, 1, 'Nat Phos 6X (25g)', 12, 'image/jpeg', 42571, 'products/nat-phos-6x-25g.jpg', '[]', '2022-01-11 06:06:51', '2022-01-11 06:06:51', NULL),
(787, 1, 'LD 4 PSORIASIS DROPS', 12, 'image/jpeg', 42093, 'products/ld-4-psoriasis-drops.jpg', '[]', '2022-01-11 06:08:12', '2022-01-11 06:08:12', NULL),
(788, 1, 'Nat Sulph 6X (25g)', 12, 'image/jpeg', 42178, 'products/nat-sulph-6x-25g.jpg', '[]', '2022-01-11 06:08:53', '2022-01-11 06:08:53', NULL),
(789, 1, 'Silicea 6X (25g)', 12, 'image/jpeg', 40509, 'products/silicea-6x-25g.jpg', '[]', '2022-01-11 06:11:08', '2022-01-11 06:11:08', NULL),
(790, 1, 'LD 3 ECZEMA DROPS', 12, 'image/jpeg', 41602, 'products/ld-3-eczema-drops.jpg', '[]', '2022-01-11 06:11:55', '2022-01-11 06:11:55', NULL),
(791, 1, 'Five Phos 6X (25g)', 12, 'image/jpeg', 41011, 'products/five-phos-6x-25g.jpg', '[]', '2022-01-11 06:12:48', '2022-01-11 06:12:48', NULL),
(792, 1, 'LD 2 SCIATICA DROPS', 12, 'image/jpeg', 41626, 'products/ld-2-sciatica-drops.jpg', '[]', '2022-01-11 06:14:00', '2022-01-11 06:14:00', NULL),
(793, 1, 'LD 1 TUMOUR DROPS', 12, 'image/jpeg', 44514, 'products/ld-1-tumour-drops.jpg', '[]', '2022-01-11 06:16:08', '2022-01-11 06:16:08', NULL),
(794, 1, 'ELIXIR RITE (RESTORATIVE TONIC)-3', 12, 'image/jpeg', 41878, 'products/elixir-rite-restorative-tonic-3.jpg', '[]', '2022-01-11 06:17:59', '2022-01-11 06:17:59', NULL),
(795, 1, 'Calc Flour 12X (25g)', 12, 'image/jpeg', 42009, 'products/calc-flour-12x-25g.jpg', '[]', '2022-01-11 06:19:16', '2022-01-11 06:19:16', NULL),
(796, 1, 'GLOW MEX CREAM', 12, 'image/jpeg', 28229, 'products/glow-mex-cream.jpg', '[]', '2022-01-11 06:20:42', '2022-01-11 06:20:42', NULL),
(797, 1, 'Calc Phos 12X (25g)', 12, 'image/jpeg', 43072, 'products/calc-phos-12x-25g.jpg', '[]', '2022-01-11 06:21:08', '2022-01-11 06:21:08', NULL),
(798, 1, 'THUJA OINTMENT', 12, 'image/jpeg', 34471, 'products/thuja-ointment.jpg', '[]', '2022-01-11 06:22:09', '2022-01-11 06:22:09', NULL),
(799, 1, 'Calc Sulph 12X (25g)', 12, 'image/jpeg', 42732, 'products/calc-sulph-12x-25g.jpg', '[]', '2022-01-11 06:23:03', '2022-01-11 06:23:03', NULL),
(800, 1, 'SULPHUR OINTMENT', 12, 'image/jpeg', 33362, 'products/sulphur-ointment.jpg', '[]', '2022-01-11 06:23:41', '2022-01-11 06:23:41', NULL),
(801, 1, 'Ferrum Phos 12X (25g)', 12, 'image/jpeg', 42472, 'products/ferrum-phos-12x-25g.jpg', '[]', '2022-01-11 06:24:43', '2022-01-11 06:24:43', NULL),
(802, 1, 'SKOOKUM CHUCK OINTMENT', 12, 'image/jpeg', 25649, 'products/skookum-chuck-ointment.jpg', '[]', '2022-01-11 06:26:08', '2022-01-11 06:26:08', NULL),
(803, 1, 'Kali Mur 12X (25g)', 12, 'image/jpeg', 41757, 'products/kali-mur-12x-25g.jpg', '[]', '2022-01-11 06:26:36', '2022-01-11 06:26:36', NULL),
(804, 1, 'Kali Phos 12X (25g)', 12, 'image/jpeg', 42284, 'products/kali-phos-12x-25g.jpg', '[]', '2022-01-11 06:28:21', '2022-01-11 06:28:21', NULL),
(805, 1, 'RHUS TOX OINTMENT', 12, 'image/jpeg', 26995, 'products/rhus-tox-ointment.jpg', '[]', '2022-01-11 06:28:55', '2022-01-11 06:28:55', NULL),
(806, 1, 'Kali Sulph 12X (25g)', 12, 'image/jpeg', 41943, 'products/kali-sulph-12x-25g.jpg', '[]', '2022-01-11 06:30:36', '2022-01-11 06:30:36', NULL),
(807, 1, 'Mag Phos 12X (25g)', 12, 'image/jpeg', 42736, 'products/mag-phos-12x-25g.jpg', '[]', '2022-01-11 06:35:17', '2022-01-11 06:35:17', NULL),
(808, 1, 'HAMAMELIS OINTMENT', 12, 'image/jpeg', 35974, 'products/hamamelis-ointment.jpg', '[]', '2022-01-11 06:36:39', '2022-01-11 06:36:39', NULL),
(809, 1, 'Nat Mur 12X (25g)', 12, 'image/jpeg', 42271, 'products/nat-mur-12x-25g.jpg', '[]', '2022-01-11 06:37:02', '2022-01-11 06:37:02', NULL);
INSERT INTO `media_files` (`id`, `user_id`, `name`, `folder_id`, `mime_type`, `size`, `url`, `options`, `created_at`, `updated_at`, `deleted_at`) VALUES
(810, 1, 'GRAPHITIS OINTMENT', 12, 'image/jpeg', 32634, 'products/graphitis-ointment.jpg', '[]', '2022-01-11 06:38:57', '2022-01-11 06:38:57', NULL),
(811, 1, 'Nat Phos 12X (25g)', 12, 'image/jpeg', 42758, 'products/nat-phos-12x-25g.jpg', '[]', '2022-01-11 06:39:00', '2022-01-11 06:39:00', NULL),
(812, 1, 'ECHINACEA OINTMENT', 12, 'image/jpeg', 33048, 'products/echinacea-ointment.jpg', '[]', '2022-01-11 06:40:29', '2022-01-11 06:40:29', NULL),
(813, 1, 'Nat Sulph 12X (25g)', 12, 'image/jpeg', 42369, 'products/nat-sulph-12x-25g.jpg', '[]', '2022-01-11 06:40:50', '2022-01-11 06:40:50', NULL),
(814, 1, 'CANTHARIS OINTMENT', 12, 'image/jpeg', 29762, 'products/cantharis-ointment.jpg', '[]', '2022-01-11 06:42:17', '2022-01-11 06:42:17', NULL),
(815, 1, 'Silicea 12X (25g)', 12, 'image/jpeg', 40711, 'products/silicea-12x-25g.jpg', '[]', '2022-01-11 06:43:10', '2022-01-11 06:43:10', NULL),
(816, 1, 'CALANDULA OINTMENT', 12, 'image/jpeg', 30147, 'products/calandula-ointment.jpg', '[]', '2022-01-11 06:43:44', '2022-01-11 06:43:44', NULL),
(817, 1, 'Calc Flour 30X (25g)', 12, 'image/jpeg', 42068, 'products/calc-flour-30x-25g.jpg', '[]', '2022-01-11 06:45:11', '2022-01-11 06:45:11', NULL),
(818, 1, 'AESCULAS OINTMENT', 12, 'image/jpeg', 33604, 'products/aesculas-ointment.jpg', '[]', '2022-01-11 06:45:35', '2022-01-11 06:45:35', NULL),
(819, 1, 'Calc Phos 30X (25g)', 12, 'image/jpeg', 43169, 'products/calc-phos-30x-25g.jpg', '[]', '2022-01-11 06:46:47', '2022-01-11 06:46:47', NULL),
(820, 1, 'ACID CHRYSO OINTMENT', 12, 'image/jpeg', 30367, 'products/acid-chryso-ointment.jpg', '[]', '2022-01-11 06:47:33', '2022-01-11 06:47:33', NULL),
(821, 1, 'Calc Sulph 30X (25g)', 12, 'image/jpeg', 42850, 'products/calc-sulph-30x-25g.jpg', '[]', '2022-01-11 06:48:39', '2022-01-11 06:48:39', NULL),
(822, 1, 'VITAMIN-C ZINC PLUS TABLETS-1', 12, 'image/jpeg', 31184, 'products/vitamin-c-zinc-plus-tablets-1.jpg', '[]', '2022-01-11 06:50:19', '2022-01-11 06:50:19', NULL),
(823, 1, 'Ferrum Phos 30X (25g)', 12, 'image/jpeg', 42613, 'products/ferrum-phos-30x-25g.jpg', '[]', '2022-01-11 06:50:25', '2022-01-11 06:50:25', NULL),
(824, 1, 'Kali Mur 30X (25g)', 12, 'image/jpeg', 41924, 'products/kali-mur-30x-25g.jpg', '[]', '2022-01-11 06:56:47', '2022-01-11 06:56:47', NULL),
(825, 1, 'Kali Phos 30X (25g)', 12, 'image/jpeg', 42376, 'products/kali-phos-30x-25g.jpg', '[]', '2022-01-11 06:58:24', '2022-01-11 06:58:24', NULL),
(826, 1, 'Kali Sulph 30X (25g)', 12, 'image/jpeg', 42032, 'products/kali-sulph-30x-25g.jpg', '[]', '2022-01-11 07:00:19', '2022-01-11 07:00:19', NULL),
(827, 1, 'Mag Phos 30X (25g)', 12, 'image/jpeg', 42842, 'products/mag-phos-30x-25g.jpg', '[]', '2022-01-11 07:02:13', '2022-01-11 07:02:13', NULL),
(828, 1, 'Nat Mur 30X (25g)', 12, 'image/jpeg', 42365, 'products/nat-mur-30x-25g.jpg', '[]', '2022-01-11 07:03:53', '2022-01-11 07:03:53', NULL),
(829, 1, 'Nat Phos 30X (25g)', 12, 'image/jpeg', 42851, 'products/nat-phos-30x-25g.jpg', '[]', '2022-01-11 07:05:42', '2022-01-11 07:05:42', NULL),
(830, 1, 'Nat Sulph 30X (25g)', 12, 'image/jpeg', 42506, 'products/nat-sulph-30x-25g.jpg', '[]', '2022-01-11 07:07:22', '2022-01-11 07:07:22', NULL),
(831, 1, 'Silicea 30X (25g)', 12, 'image/jpeg', 40845, 'products/silicea-30x-25g.jpg', '[]', '2022-01-11 07:09:02', '2022-01-11 07:09:02', NULL),
(832, 1, 'Five Phos 30X (25g)', 12, 'image/jpeg', 41376, 'products/five-phos-30x-25g.jpg', '[]', '2022-01-11 07:10:50', '2022-01-11 07:10:50', NULL),
(833, 1, 'Calc Flour 200X (25g)', 12, 'image/jpeg', 42371, 'products/calc-flour-200x-25g.jpg', '[]', '2022-01-11 07:12:11', '2022-01-11 07:12:11', NULL),
(834, 1, 'Calc Phos 200X (25g)', 12, 'image/jpeg', 43312, 'products/calc-phos-200x-25g.jpg', '[]', '2022-01-11 07:14:31', '2022-01-11 07:14:31', NULL),
(835, 1, 'Calc Sulph 200X (25g)', 12, 'image/jpeg', 42980, 'products/calc-sulph-200x-25g.jpg', '[]', '2022-01-11 07:16:36', '2022-01-11 07:16:36', NULL),
(836, 1, 'Ferrum Phos 200X (25g)', 12, 'image/jpeg', 42744, 'products/ferrum-phos-200x-25g.jpg', '[]', '2022-01-11 07:18:24', '2022-01-11 07:18:24', NULL),
(837, 1, 'Kali Phos 200X (25g)', 12, 'image/jpeg', 42527, 'products/kali-phos-200x-25g.jpg', '[]', '2022-01-11 08:52:55', '2022-01-11 08:52:55', NULL),
(838, 1, 'Kali Sulph 200X (25g)', 12, 'image/jpeg', 42179, 'products/kali-sulph-200x-25g.jpg', '[]', '2022-01-11 08:55:33', '2022-01-11 08:55:33', NULL),
(839, 1, 'Mag Phos 200X (25g)', 12, 'image/jpeg', 43088, 'products/mag-phos-200x-25g.jpg', '[]', '2022-01-11 08:57:12', '2022-01-11 08:57:12', NULL),
(840, 1, 'Nat Phos 200X (25g)', 12, 'image/jpeg', 43144, 'products/nat-phos-200x-25g.jpg', '[]', '2022-01-11 08:58:56', '2022-01-11 08:58:56', NULL),
(841, 1, 'Nat Sulph 200X (25g)', 12, 'image/jpeg', 42854, 'products/nat-sulph-200x-25g.jpg', '[]', '2022-01-11 09:00:35', '2022-01-11 09:00:35', NULL),
(842, 1, 'Silicea 200X (25g)', 12, 'image/jpeg', 41000, 'products/silicea-200x-25g.jpg', '[]', '2022-01-11 09:02:24', '2022-01-11 09:02:24', NULL),
(843, 1, 'Five Phos 200X (25g)', 12, 'image/jpeg', 41546, 'products/five-phos-200x-25g.jpg', '[]', '2022-01-11 09:03:36', '2022-01-11 09:03:36', NULL),
(844, 1, 'Bio Combination No 1 (25g)', 12, 'image/jpeg', 44351, 'products/bio-combination-no-1-25g.jpg', '[]', '2022-01-11 09:04:49', '2022-01-11 09:04:49', NULL),
(845, 1, 'Bio Combination No 2 (25g)', 12, 'image/jpeg', 44283, 'products/bio-combination-no-2-25g.jpg', '[]', '2022-01-11 09:06:06', '2022-01-11 09:06:06', NULL),
(846, 1, 'Bio Combination No 4 (25g)', 12, 'image/jpeg', 44806, 'products/bio-combination-no-4-25g.jpg', '[]', '2022-01-11 09:07:09', '2022-01-11 09:07:09', NULL),
(847, 1, 'Bio Combination No 5 (25g)', 12, 'image/jpeg', 44447, 'products/bio-combination-no-5-25g.jpg', '[]', '2022-01-11 09:09:09', '2022-01-11 09:09:09', NULL),
(848, 1, 'Bio Combination No 6 (25g)', 12, 'image/jpeg', 45797, 'products/bio-combination-no-6-25g.jpg', '[]', '2022-01-11 09:10:10', '2022-01-11 09:10:10', NULL),
(849, 1, 'Bio Combination No 7 (25g)', 12, 'image/jpeg', 44378, 'products/bio-combination-no-7-25g.jpg', '[]', '2022-01-11 09:11:42', '2022-01-11 09:11:42', NULL),
(850, 1, 'Bio Combination No 8 (25g)', 12, 'image/jpeg', 44600, 'products/bio-combination-no-8-25g.jpg', '[]', '2022-01-11 09:12:37', '2022-01-11 09:12:37', NULL),
(851, 1, 'Bio Combination No 9 (25g)', 12, 'image/jpeg', 44581, 'products/bio-combination-no-9-25g.jpg', '[]', '2022-01-11 09:13:45', '2022-01-11 09:13:45', NULL),
(852, 1, 'Bio Combination No 10 (25g)', 12, 'image/jpeg', 45119, 'products/bio-combination-no-10-25g.jpg', '[]', '2022-01-11 09:15:21', '2022-01-11 09:15:21', NULL),
(853, 1, 'Bio Combination No 11 (25g)', 12, 'image/jpeg', 44193, 'products/bio-combination-no-11-25g.jpg', '[]', '2022-01-11 09:20:11', '2022-01-11 09:20:11', NULL),
(854, 1, 'Bio Combination No 12 (25g)', 12, 'image/jpeg', 44592, 'products/bio-combination-no-12-25g.jpg', '[]', '2022-01-11 09:20:59', '2022-01-11 09:20:59', NULL),
(855, 1, 'Bio Combination No 13 (25g)', 12, 'image/jpeg', 44867, 'products/bio-combination-no-13-25g.jpg', '[]', '2022-01-11 09:22:02', '2022-01-11 09:22:02', NULL),
(856, 1, 'Bio Combination No 14 (25g)', 12, 'image/jpeg', 44523, 'products/bio-combination-no-14-25g.jpg', '[]', '2022-01-11 09:23:58', '2022-01-11 09:23:58', NULL),
(857, 1, 'Bio Combination No 15 (25g)', 12, 'image/jpeg', 45320, 'products/bio-combination-no-15-25g.jpg', '[]', '2022-01-11 09:24:58', '2022-01-11 09:24:58', NULL),
(858, 1, 'Bio Combination No 16 (25g)', 12, 'image/jpeg', 45408, 'products/bio-combination-no-16-25g.jpg', '[]', '2022-01-11 09:26:02', '2022-01-11 09:26:02', NULL),
(859, 1, 'Bio Combination No 17 (25g)', 12, 'image/jpeg', 44169, 'products/bio-combination-no-17-25g.jpg', '[]', '2022-01-11 09:27:03', '2022-01-11 09:27:03', NULL),
(860, 1, 'Bio Combination No 18 (25g)', 12, 'image/jpeg', 44592, 'products/bio-combination-no-18-25g.jpg', '[]', '2022-01-11 09:28:16', '2022-01-11 09:28:16', NULL),
(861, 1, 'Bio Combination No 19 (25g)', 12, 'image/jpeg', 44803, 'products/bio-combination-no-19-25g.jpg', '[]', '2022-01-11 09:29:35', '2022-01-11 09:29:35', NULL),
(862, 1, 'Bio Combination No 20 (25g)', 12, 'image/jpeg', 45086, 'products/bio-combination-no-20-25g.jpg', '[]', '2022-01-11 09:30:34', '2022-01-11 09:30:34', NULL),
(863, 1, 'Bio Combination No 21 (25g)', 12, 'image/jpeg', 45776, 'products/bio-combination-no-21-25g.jpg', '[]', '2022-01-11 09:32:04', '2022-01-11 09:32:04', NULL),
(864, 1, 'Bio Combination No 22 (25g)', 12, 'image/jpeg', 44579, 'products/bio-combination-no-22-25g.jpg', '[]', '2022-01-11 09:33:02', '2022-01-11 09:33:02', NULL),
(865, 1, 'Bio Combination No 23 (25g)', 12, 'image/jpeg', 44590, 'products/bio-combination-no-23-25g.jpg', '[]', '2022-01-11 09:33:52', '2022-01-11 09:33:52', NULL),
(866, 1, 'Bio Combination No 24 (25g)', 12, 'image/jpeg', 45339, 'products/bio-combination-no-24-25g.jpg', '[]', '2022-01-11 09:34:57', '2022-01-11 09:34:57', NULL),
(867, 1, 'Bio Combination No 25 (25g)', 12, 'image/jpeg', 45844, 'products/bio-combination-no-25-25g.jpg', '[]', '2022-01-11 09:36:01', '2022-01-11 09:36:01', NULL),
(868, 1, 'Bio Combination No 26 (25g)', 12, 'image/jpeg', 44960, 'products/bio-combination-no-26-25g.jpg', '[]', '2022-01-11 09:37:28', '2022-01-11 09:37:28', NULL),
(869, 1, 'Bio Combination No 28 (25g)', 12, 'image/jpeg', 44291, 'products/bio-combination-no-28-25g.jpg', '[]', '2022-01-11 09:38:19', '2022-01-11 09:38:19', NULL),
(870, 1, 'logo1', 18, 'image/png', 26653, 'general/logo1.png', '[]', '2022-01-11 10:42:22', '2022-01-11 10:42:22', NULL),
(871, 1, 'payment', 18, 'image/png', 19276, 'general/payment.png', '[]', '2022-01-11 11:18:06', '2022-01-11 11:40:24', '2022-01-11 11:40:24'),
(872, 1, 'payment-methods-1', 18, 'image/png', 19276, 'general/payment-methods-1.png', '[]', '2022-01-11 11:41:20', '2022-01-11 11:41:20', NULL),
(873, 1, 'Screenshot 2022-01-21 at 12.03.23 PM', 18, 'image/png', 2939519, 'general/screenshot-2022-01-21-at-120323-pm.png', '[]', '2022-01-21 06:39:06', '2022-01-21 06:39:06', NULL),
(874, 1, 'Yelo-Lax-Tablets', 0, 'image/jpeg', 53289, 'yelo-lax-tablets.jpeg', '[]', '2022-01-24 05:08:26', '2022-01-24 05:08:26', NULL),
(875, 1, 'LDD Bioscience - Most Reliable and Revolutionary New Homoeopathic Enterprise in India', 0, 'video/mp4', 18290582, 'ldd-bioscience-most-reliable-and-revolutionary-new-homoeopathic-enterprise-in-india.mp4', '[]', '2022-01-24 05:40:38', '2022-01-24 05:40:38', NULL),
(876, 1, 'LDD-Bioscience-banner', 0, 'image/jpeg', 303209, 'ldd-bioscience-banner.jpeg', '[]', '2022-01-25 11:16:20', '2022-01-25 11:16:20', NULL),
(877, 1, 'ldd_bioscience_ovacist_drops_30_ml_0_0', 0, 'image/jpeg', 1440054, 'ldd-bioscience-ovacist-drops-30-ml-0-0.jpeg', '[]', '2022-01-29 08:17:54', '2022-01-29 08:17:54', NULL),
(878, 1, 'ldd_bioscience_sarsa_pure_syrup_115_ml_0_0', 0, 'image/jpeg', 1440054, 'ldd-bioscience-sarsa-pure-syrup-115-ml-0-0.jpeg', '[]', '2022-01-29 09:04:29', '2022-01-29 09:04:29', NULL),
(879, 1, 'ldd_bioscience_orthonip_tablet_60s_0_0', 0, 'image/jpeg', 1440054, 'ldd-bioscience-orthonip-tablet-60s-0-0.jpeg', '[]', '2022-01-29 10:01:39', '2022-01-29 10:01:39', NULL),
(880, 1, 'ldd_bioscience_immuno_forte_plus_capsule_14s_0_0', 0, 'image/jpeg', 1440054, 'ldd-bioscience-immuno-forte-plus-capsule-14s-0-0.jpeg', '[]', '2022-01-29 10:22:00', '2022-01-29 10:22:00', NULL),
(881, 1, 'ldd_bioscience_femotone_drops_30_ml_0_0', 0, 'image/jpeg', 1440054, 'ldd-bioscience-femotone-drops-30-ml-0-0.jpeg', '[]', '2022-01-29 10:26:28', '2022-01-29 10:26:28', NULL),
(882, 1, 'ldd_bioscience_ld_26_migraine_and_neuralgia_drops_30_ml_0_0', 0, 'image/jpeg', 1440054, 'ldd-bioscience-ld-26-migraine-and-neuralgia-drops-30-ml-0-0.jpeg', '[]', '2022-01-29 10:46:32', '2022-01-29 10:46:32', NULL),
(883, 1, '128474-2-400', 0, 'image/jpeg', 45957, '128474-2-400.jpeg', '[]', '2022-01-29 11:34:53', '2022-01-29 11:34:53', NULL),
(884, 1, 'hymusa-plus', 12, 'image/jpeg', 44011, 'products/hymusa-plus.jpeg', '[]', '2022-01-31 04:53:49', '2022-01-31 04:53:49', NULL),
(885, 1, 'Utro-Aid-Drops', 0, 'image/jpeg', 44308, 'utro-aid-drops.jpeg', '[]', '2022-01-31 10:28:07', '2022-01-31 10:28:07', NULL),
(886, 1, 'ldd_bioscience_sarsa_pure_syrup_115_ml_0_0-1', 0, 'image/jpeg', 1440054, 'ldd-bioscience-sarsa-pure-syrup-115-ml-0-0-1.jpeg', '[]', '2022-01-31 11:30:28', '2022-01-31 11:30:28', NULL),
(887, 1, 'canada-logo', 18, 'image/png', 41463, 'general/canada-logo.png', '[]', '2022-01-31 12:04:49', '2022-01-31 12:04:49', NULL),
(888, 1, '1', 20, 'image/jpeg', 68678, 'blogs/1.jpeg', '[]', '2022-02-01 12:03:31', '2022-02-01 12:03:31', NULL),
(889, 1, 'Rheuma-Drops', 12, 'image/jpeg', 1440054, 'products/rheuma-drops.jpeg', '[]', '2022-02-02 05:00:47', '2022-02-02 05:00:47', NULL),
(890, 1, 'Berberis-Aquifolium-Cream', 12, 'image/jpeg', 1440054, 'products/berberis-aquifolium-cream.jpeg', '[]', '2022-02-02 05:24:52', '2022-02-02 05:24:52', NULL),
(891, 1, 'Glow Mex Cream-1', 12, 'image/jpeg', 36394, 'products/glow-mex-cream-1.jpeg', '[]', '2022-02-02 05:38:50', '2022-02-02 05:38:50', NULL),
(892, 1, 'ldd_bioscience_dibonip_tablet_25_gm_0_0', 0, 'image/jpeg', 1440054, 'ldd-bioscience-dibonip-tablet-25-gm-0-0.jpeg', '[]', '2022-02-02 09:27:46', '2022-02-02 09:27:46', NULL),
(893, 1, 'fungal', 20, 'image/jpeg', 44228, 'blogs/fungal.jpeg', '[]', '2022-02-03 06:19:18', '2022-02-03 06:19:18', NULL),
(894, 1, 'pngegg', 19, 'image/png', 22800, 'pages/pngegg.png', '[]', '2022-02-04 07:26:37', '2022-02-04 07:26:37', NULL),
(895, 1, 'LDD-Hymusa-Plus-Syrup', 12, 'image/jpeg', 1440054, 'products/ldd-hymusa-plus-syrup.jpeg', '[]', '2022-02-06 14:41:26', '2022-02-06 14:41:26', NULL),
(896, 1, 'ldd_bioscience_mensol_plus_syrup_115_ml_0_0', 12, 'image/jpeg', 1440054, 'products/ldd-bioscience-mensol-plus-syrup-115-ml-0-0.jpeg', '[]', '2022-02-06 15:02:53', '2022-02-06 15:02:53', NULL),
(897, 1, 'Vitamin D Cal Alfa', 12, 'image/jpeg', 45957, 'products/vitamin-d-cal-alfa.jpeg', '[]', '2022-02-06 15:31:57', '2022-02-06 15:31:57', NULL),
(898, 1, 'RHEUMA RITE SYRUP-1', 12, 'image/jpeg', 45865, 'products/rheuma-rite-syrup-1.jpeg', '[]', '2022-02-06 15:59:36', '2022-02-06 15:59:36', NULL),
(899, 1, 'MENSORAL-4', 12, 'image/jpeg', 1440054, 'products/mensoral-4.jpeg', '[]', '2022-02-06 16:03:21', '2022-02-06 16:03:21', NULL),
(900, 1, 'RENAL KURE SYRUP-3', 12, 'image/jpeg', 1440054, 'products/renal-kure-syrup-3.jpeg', '[]', '2022-02-06 16:06:35', '2022-02-06 16:06:35', NULL),
(901, 1, 'KOUGHFIX-1', 12, 'image/jpeg', 44883, 'products/koughfix-1.jpeg', '[]', '2022-02-06 16:45:50', '2022-02-06 16:45:50', NULL),
(902, 1, 'PROSTORITE TABLET-3', 12, 'image/jpeg', 36051, 'products/prostorite-tablet-3.jpeg', '[]', '2022-02-06 16:53:45', '2022-02-06 16:53:45', NULL),
(903, 1, 'GINSENG TABLET-2', 12, 'image/jpeg', 54661, 'products/ginseng-tablet-2.jpeg', '[]', '2022-02-06 17:00:08', '2022-02-06 17:00:08', NULL),
(904, 1, 'WhatsApp Image 2022-01-25 at 4.25.59 PM', 19, 'image/jpeg', 194053, 'pages/whatsapp-image-2022-01-25-at-42559-pm.jpeg', '[]', '2022-02-07 08:36:56', '2022-02-08 07:06:34', '2022-02-08 07:06:34'),
(905, 1, 'popup-form', 19, 'image/jpeg', 184440, 'pages/popup-form.jpg', '[]', '2022-02-07 09:21:48', '2022-02-08 07:06:23', '2022-02-08 07:06:23'),
(906, 1, 'aloe', 0, 'image/jpeg', 106957, 'aloe.jpeg', '[]', '2022-02-07 11:53:52', '2022-02-07 11:53:52', NULL),
(907, 1, 'popup-form-1', 19, 'image/jpeg', 52335, 'pages/popup-form-1.jpg', '[]', '2022-02-08 07:06:50', '2022-02-08 07:06:50', NULL),
(908, 1, 'Neem and Aloevera Facewash', 12, 'image/jpeg', 255714, 'products/neem-and-aloevera-facewash.jpeg', '[]', '2022-02-08 07:11:22', '2022-02-08 07:11:22', NULL),
(909, 1, 'PCOD,PCOS', 20, 'image/jpeg', 148499, 'blogs/pcodpcos.jpg', '[]', '2022-02-08 11:11:03', '2022-02-08 11:11:03', NULL),
(910, 1, 'livkare', 0, 'image/jpeg', 135811, 'livkare.jpeg', '[]', '2022-02-09 10:27:11', '2022-02-09 10:27:11', NULL),
(911, 1, 'kough', 0, 'image/jpeg', 123003, 'kough.jpeg', '[]', '2022-02-09 10:44:53', '2022-02-09 10:44:53', NULL),
(912, 1, 'ldd_bioscience_calendula_powder_150_gm_0_0', 0, 'image/jpeg', 1440054, 'ldd-bioscience-calendula-powder-150-gm-0-0.jpeg', '[]', '2022-02-09 11:20:57', '2022-02-09 11:20:57', NULL),
(913, 1, 'piles', 0, 'image/jpeg', 44197, 'piles.jpeg', '[]', '2022-02-09 11:32:25', '2022-02-09 11:32:25', NULL),
(914, 1, 'glow', 0, 'image/png', 566150, 'glow.png', '[]', '2022-02-09 11:42:08', '2022-02-09 11:42:08', NULL),
(915, 1, 'ldd-bioscience-immuno-forte-', 12, 'image/jpeg', 55947, 'products/ldd-bioscience-immuno-forte.jpeg', '[]', '2022-02-16 15:23:04', '2022-02-16 15:23:04', NULL),
(916, 1, 'GINSENG-TABLET', 12, 'image/jpeg', 54661, 'products/ginseng-tablet.jpeg', '[]', '2022-02-18 14:15:39', '2022-02-18 14:15:39', NULL),
(917, 1, 'Uriplex-Drops', 20, 'image/jpeg', 343651, 'blogs/uriplex-drops.jpg', '[]', '2022-02-22 16:42:34', '2022-02-22 16:42:34', NULL),
(918, 1, 'Guatteria Gaumeri Plus Drops 30ml', 12, 'image/jpeg', 108210, 'products/guatteria-gaumeri-plus-drops-30ml.jpeg', '[]', '2022-03-05 14:14:58', '2022-03-05 14:14:58', NULL),
(919, 0, 'PhotoFunia Calendar Regular 2014-12-21 10 16 20', 13, 'image/jpeg', 134450, 'customers/photofunia-calendar-regular-2014-12-21-10-16-20.jpg', '[]', '2022-03-06 12:54:02', '2022-03-06 12:54:02', NULL),
(920, 1, 'ldd_bioscience_rheuma_rite_pain_releif_oil_60_ml_0_0', 12, 'image/jpeg', 1440054, 'products/ldd-bioscience-rheuma-rite-pain-releif-oil-60-ml-0-0.jpeg', '[]', '2022-03-06 23:04:22', '2022-03-06 23:04:22', NULL),
(921, 1, 'LD 62 IMPAIRED CIRCULATION DROPS-4', 12, 'image/jpeg', 43312, 'products/ld-62-impaired-circulation-drops-4.jpeg', '[]', '2022-03-07 11:20:28', '2022-03-07 11:20:28', NULL),
(922, 1, 'LD 57 PULMONIC DROPS-3', 12, 'image/jpeg', 41712, 'products/ld-57-pulmonic-drops-3.jpeg', '[]', '2022-03-07 11:29:12', '2022-03-07 11:29:12', NULL),
(923, 1, 'LDD Booklet', 21, 'application/pdf', 14698306, 'pd/ldd-booklet.pdf', '[]', '2022-03-07 16:54:53', '2022-04-29 10:52:45', '2022-04-29 10:52:45'),
(924, 1, 'LDD BIOSCIENCE New Booklet 2022 (1)', 21, 'application/pdf', 15670729, 'pd/ldd-bioscience-new-booklet-2022-1.pdf', '[]', '2022-03-07 16:57:39', '2022-03-07 16:57:39', NULL),
(925, 1, 'WhatsApp Image 2022-03-24 at 5.59.56 PM', 19, 'image/jpeg', 167059, 'pages/whatsapp-image-2022-03-24-at-55956-pm.jpeg', '[]', '2022-03-25 09:37:38', '2022-03-25 09:37:38', NULL),
(926, 1, 'vatikacrossover.com', 19, 'image/png', 8068, 'pages/vatikacrossovercom.png', '[]', '2022-03-25 09:55:27', '2022-03-25 09:55:27', NULL),
(927, 1, 'BERBERIS', 12, 'image/jpeg', 59458, 'products/berberis.jpeg', '[]', '2022-04-20 15:19:54', '2022-04-20 15:19:54', NULL),
(928, 1, 'ldd_bioscience_calendula_soap_75_gm_0_0', 0, 'image/jpeg', 1440054, 'ldd-bioscience-calendula-soap-75-gm-0-0.jpg', '[]', '2022-04-20 15:25:11', '2022-04-20 15:25:11', NULL),
(929, 1, 'calendula-150g-500x500', 0, 'image/jpeg', 23505, 'calendula-150g-500x500.jpg', '[]', '2022-04-20 15:27:48', '2022-04-20 15:27:48', NULL),
(930, 1, 'WORMITAB', 0, 'image/jpeg', 106397, 'wormitab.jpeg', '[]', '2022-04-20 15:31:04', '2022-04-20 15:31:04', NULL),
(931, 1, 'BED-WITTING DROPS', 0, 'image/jpeg', 107811, 'bed-witting-drops.jpeg', '[]', '2022-04-20 15:38:23', '2022-04-20 15:38:23', NULL),
(932, 1, 'CONSTIRITE', 0, 'image/jpeg', 150258, 'constirite.jpeg', '[]', '2022-04-20 16:04:09', '2022-04-20 16:04:09', NULL),
(933, 1, 'LUKOMED SYRUP', 0, 'image/jpeg', 79060, 'lukomed-syrup.jpeg', '[]', '2022-04-20 16:08:27', '2022-04-20 16:08:27', NULL),
(934, 1, 'Bepeemed Drops', 0, 'image/jpeg', 114178, 'bepeemed-drops.jpeg', '[]', '2022-04-20 16:15:17', '2022-04-20 16:15:17', NULL),
(935, 1, 'BEPEETONE DROPS', 0, 'image/jpeg', 137557, 'bepeetone-drops.jpeg', '[]', '2022-04-20 16:25:06', '2022-04-20 16:25:06', NULL),
(936, 1, 'IT DROPS (30ML.)', 0, 'image/jpeg', 150977, 'it-drops-30ml.jpeg', '[]', '2022-04-20 16:29:57', '2022-04-20 16:29:57', NULL),
(937, 1, 'LDD Bioscience Brochure', 21, 'application/pdf', 18467550, 'pd/ldd-bioscience-brochure.pdf', '[]', '2022-04-29 10:53:16', '2022-04-29 10:53:16', NULL),
(938, 1, 'Arnica Gold Shampoo', 12, 'image/jpeg', 80520, 'products/arnica-gold-shampoo.jpeg', '[]', '2022-04-29 11:42:24', '2022-04-29 11:42:24', NULL),
(939, 1, 'shampoo', 12, 'image/jpeg', 61293, 'products/shampoo.jpg', '[]', '2022-04-29 16:35:08', '2022-04-29 16:35:08', NULL),
(940, 1, 'New-LDD-arnica-gold-shampoo-banner', 15, 'image/jpeg', 259403, 'sliders/new-ldd-arnica-gold-shampoo-banner.jpg', '[]', '2022-05-03 19:04:11', '2022-05-03 19:04:11', NULL),
(941, 1, 'New-LDD-manufacturer-of-homoeopathic-in-india', 15, 'image/jpeg', 247513, 'sliders/new-ldd-manufacturer-of-homoeopathic-in-india.jpg', '[]', '2022-05-03 19:04:11', '2022-05-03 19:04:11', NULL),
(942, 1, 'New-LDD-r&d-unit-banner', 15, 'image/jpeg', 198989, 'sliders/new-ldd-rd-unit-banner.jpg', '[]', '2022-05-03 19:04:12', '2022-05-03 19:04:12', NULL),
(943, 1, 'cosfactory', 19, 'image/jpeg', 16229, 'pages/cosfactory.jpg', '[]', '2022-05-11 09:44:42', '2022-05-11 09:44:42', NULL),
(944, 1, 'cosmetic', 19, 'image/jpeg', 84077, 'pages/cosmetic.jpg', '[]', '2022-05-11 09:44:42', '2022-05-11 09:44:42', NULL),
(945, 1, 'herbal-food-supplements', 19, 'image/png', 61868, 'pages/herbal-food-supplements.png', '[]', '2022-05-11 09:44:43', '2022-05-11 09:44:43', NULL),
(946, 1, 'img-ldd', 19, 'image/jpeg', 48420, 'pages/img-ldd.jpg', '[]', '2022-05-11 09:44:43', '2022-05-11 09:44:43', NULL),
(947, 1, 'img-ldd2', 19, 'image/jpeg', 21322, 'pages/img-ldd2.jpg', '[]', '2022-05-11 09:44:44', '2022-05-11 09:44:44', NULL),
(948, 1, 'ldd2', 19, 'image/jpeg', 7131, 'pages/ldd2.jpg', '[]', '2022-05-11 09:44:44', '2022-05-11 09:44:44', NULL),
(949, 1, 'ldd-bioscinece', 19, 'image/jpeg', 35862, 'pages/ldd-bioscinece.jpg', '[]', '2022-05-11 09:44:44', '2022-05-11 09:44:44', NULL),
(950, 1, 'ldd-img', 19, 'image/jpeg', 65259, 'pages/ldd-img.jpg', '[]', '2022-05-11 09:44:45', '2022-05-11 09:44:45', NULL),
(951, 1, 'ldd-img02', 19, 'image/jpeg', 204314, 'pages/ldd-img02.jpg', '[]', '2022-05-11 09:44:45', '2022-05-11 09:44:45', NULL),
(952, 1, 'ldd-bioscience-img', 19, 'image/jpeg', 64193, 'pages/ldd-bioscience-img.jpg', '[]', '2022-05-11 12:21:37', '2022-05-11 12:21:37', NULL),
(953, 1, 'WhatsApp Image 2022-05-18 at 4.04.34 PM', 22, 'image/jpeg', 86303, 'breadcrumbs/whatsapp-image-2022-05-18-at-40434-pm.jpeg', '[]', '2022-05-19 17:45:25', '2022-05-19 17:45:25', NULL),
(954, 1, 'ldd1', 19, 'image/jpeg', 86303, 'pages/ldd1.jpeg', '[]', '2022-05-20 12:57:09', '2022-05-20 12:57:09', NULL),
(955, 1, 'lddp2', 19, 'image/jpeg', 184873, 'pages/ldd2-1.jpeg', '[]', '2022-05-20 12:57:10', '2022-05-20 13:53:26', NULL),
(956, 1, 'ldd3', 19, 'image/jpeg', 56494, 'pages/ldd3.jpeg', '[]', '2022-05-20 12:57:10', '2022-05-20 12:57:10', NULL),
(957, 1, 'New-LDD-Banner-img', 15, 'image/jpeg', 988540, 'sliders/new-ldd-banner-img.jpg', '[]', '2022-05-21 12:28:37', '2022-05-21 12:28:37', NULL),
(958, 1, 'ldd-banner2', 22, 'image/jpeg', 445156, 'breadcrumbs/ldd-banner2.jpg', '[]', '2022-05-21 12:46:43', '2022-05-21 12:46:43', NULL),
(959, 1, 'ldd_cosmetic1', 15, 'image/jpeg', 6794, 'sliders/ldd-cosmetic1.jpg', '[]', '2022-05-30 11:40:16', '2022-05-30 11:40:16', NULL),
(960, 1, 'ldd_cosmetic1', 19, 'image/jpeg', 9905, 'pages/ldd-cosmetic1.jpg', '[]', '2022-05-30 11:50:14', '2022-05-30 11:50:14', NULL),
(961, 1, 'ldd-banner02', 22, 'image/jpeg', 393181, 'breadcrumbs/ldd-banner02.jpg', '[]', '2022-06-08 09:59:48', '2022-06-08 09:59:48', NULL),
(962, 1, 'YELO-LAX-TABLETS', 12, 'image/jpeg', 95396, 'products/yelo-lax-tablets.jpeg', '[]', '2022-06-15 15:30:03', '2022-06-15 15:30:03', NULL),
(963, 0, '16636450531482601969199558078084', 13, 'image/jpeg', 1114520, 'customers/16636450531482601969199558078084.jpg', '[]', '2022-09-20 09:09:46', '2022-09-20 09:09:46', NULL),
(964, 1, 'NEW LAUNCHES-01', 15, 'image/jpeg', 4733355, 'sliders/new-launches-01.jpg', '[]', '2022-10-10 18:31:57', '2022-10-10 18:31:57', NULL),
(965, 0, 'Screenshot_20221015_125418', 13, 'image/jpeg', 1219864, 'customers/screenshot-20221015-125418.jpg', '[]', '2022-11-12 21:43:48', '2022-11-12 21:43:48', NULL),
(966, 1, 'Untitled design (36)', 0, 'image/png', 222748, 'untitled-design-36.png', '[]', '2022-11-21 12:19:19', '2022-11-21 12:19:19', NULL),
(967, 1, 'ldd-bioscience-sleep-ease-capsule-pack-of-3-x-10s-0-0', 0, 'image/png', 266710, 'ldd-bioscience-sleep-ease-capsule-pack-of-3-x-10s-0-0.png', '[]', '2022-11-26 14:38:05', '2022-11-26 14:38:05', NULL),
(968, 1, 'IMG-6710-copy', 0, 'image/jpeg', 90252, 'img-6710-copy.jpg', '[]', '2022-12-05 12:17:37', '2022-12-05 12:17:37', NULL),
(969, 1, 'THUJA Ointment (23)', 0, 'image/png', 1099697, 'thuja-ointment-23.png', '[]', '2022-12-06 13:36:30', '2022-12-06 13:36:30', NULL),
(970, 1, 'malt', 0, 'image/jpeg', 176639, 'malt.jpg', '[]', '2022-12-06 13:36:31', '2022-12-06 13:36:31', NULL),
(971, 1, 'alfalfa malt', 0, 'image/jpeg', 126450, 'alfalfa-malt.jpg', '[]', '2022-12-06 13:39:12', '2022-12-06 13:39:12', NULL),
(972, 1, 'uranium 3X', 0, 'image/png', 148602, 'uranium-3x.png', '[]', '2023-01-04 11:13:48', '2023-01-04 11:13:48', NULL),
(973, 1, 'uranium 3X 450', 0, 'image/png', 53641, 'uranium-3x-450.png', '[]', '2023-01-04 11:18:53', '2023-01-04 11:18:53', NULL),
(974, 1, 'ORTHONIP-01', 0, 'image/jpeg', 7106299, 'orthonip-01.jpg', '[]', '2023-01-06 13:57:02', '2023-01-06 14:34:23', '2023-01-06 14:34:23'),
(975, 1, 'ORTHONIP 1-01', 0, 'image/jpeg', 5391424, 'orthonip-1-01.jpg', '[]', '2023-01-06 13:57:21', '2023-01-06 14:34:11', '2023-01-06 14:34:11'),
(976, 1, 'ORTHONIP 2-01', 0, 'image/jpeg', 3972277, 'orthonip-2-01.jpg', '[]', '2023-01-06 13:57:58', '2023-01-06 14:34:08', '2023-01-06 14:34:08'),
(977, 1, 'ORTHONIP1-02-01', 0, 'image/jpeg', 720814, 'orthonip1-02-01.jpg', '[]', '2023-01-06 14:36:39', '2023-01-06 14:36:45', '2023-01-06 14:36:45'),
(978, 1, 'ORTHONIP 1-01 (1)', 0, 'image/jpeg', 722726, 'orthonip-1-01-1.jpg', '[]', '2023-01-06 14:36:50', '2023-01-06 14:36:50', NULL),
(979, 1, 'SABAL SERR 200 (1)', 0, 'image/png', 275873, 'sabal-serr-200-1.png', '[]', '2023-01-09 11:28:01', '2023-01-09 11:28:01', NULL),
(980, 1, 'SABAL SERR 200 (2) (1)', 0, 'image/png', 248604, 'sabal-serr-200-2-1.png', '[]', '2023-01-09 11:35:44', '2023-01-09 11:35:44', NULL),
(981, 1, 'SABAL SERR 200 (3) (1)', 0, 'image/png', 211507, 'sabal-serr-200-3-1.png', '[]', '2023-01-09 12:26:56', '2023-01-09 12:26:56', NULL),
(982, 1, 'SABAL SERR 200 (4) (2)', 0, 'image/png', 235264, 'sabal-serr-200-4-2.png', '[]', '2023-01-09 12:30:28', '2023-01-09 12:30:28', NULL),
(983, 1, 'SABAL SERR 200 (5) (1)', 0, 'image/png', 220452, 'sabal-serr-200-5-1.png', '[]', '2023-01-09 12:33:10', '2023-01-09 12:33:10', NULL),
(984, 1, 'SABAL SERR 200 (6) (1)', 0, 'image/png', 234585, 'sabal-serr-200-6-1.png', '[]', '2023-01-09 12:36:21', '2023-01-09 12:36:21', NULL),
(985, 1, 'SABAL SERR 200 (7) (1)', 0, 'image/png', 232204, 'sabal-serr-200-7-1.png', '[]', '2023-01-09 12:41:14', '2023-01-09 12:41:14', NULL),
(986, 1, 'SABAL SERR 200 (8)', 0, 'image/png', 592558, 'sabal-serr-200-8.png', '[]', '2023-01-09 12:46:38', '2023-01-09 12:46:38', NULL),
(987, 1, 'SABAL SERR 200 (9)', 0, 'image/png', 604823, 'sabal-serr-200-9.png', '[]', '2023-01-09 12:48:38', '2023-01-09 12:48:38', NULL),
(988, 1, 'SABAL SERR 200 (10)', 0, 'image/png', 622839, 'sabal-serr-200-10.png', '[]', '2023-01-09 12:50:37', '2023-01-09 12:50:37', NULL),
(989, 0, 'voila_1668077791418', 13, 'image/jpeg', 149304, 'customers/voila-1668077791418.jpg', '[]', '2023-01-10 23:41:41', '2023-01-10 23:41:41', NULL),
(990, 1, 'ZINCUM SULPH  30 CH DILUTION 30ml', 0, 'image/jpeg', 61680, 'zincum-sulph-30-ch-dilution-30ml.jpg', '[]', '2023-01-28 11:52:06', '2023-01-28 11:52:06', NULL),
(991, 1, 'PEP50 img1 (2)', 0, 'image/jpeg', 59199, 'pep50-img1-2.jpg', '[]', '2023-02-28 11:38:49', '2023-02-28 11:38:49', NULL),
(992, 1, 'Arthafit img1', 0, 'image/jpeg', 87603, 'arthafit-img1.jpg', '[]', '2023-03-16 12:42:07', '2023-03-16 12:42:07', NULL),
(993, 1, 'sarsa img1 (1)', 0, 'image/jpeg', 162191, 'sarsa-img1-1.jpg', '[]', '2023-03-16 12:42:07', '2023-03-16 12:42:07', NULL),
(994, 1, 'LDD Bioscience Astacus Fluviatilis ', 0, 'image/jpeg', 62454, 'ldd-bioscience-astacus-fluviatilis.jpg', '[]', '2023-03-28 10:40:31', '2023-03-28 10:40:31', NULL),
(995, 1, 'Teucrium M V', 0, 'image/jpeg', 61487, 'teucrium-m-v.jpg', '[]', '2023-03-28 10:42:05', '2023-03-28 10:42:05', NULL),
(996, 1, 'lemna minor', 0, 'image/jpeg', 61410, 'lemna-minor.jpg', '[]', '2023-03-28 10:43:16', '2023-03-28 10:43:16', NULL),
(997, 1, 'lemna minor (1)', 0, 'image/jpeg', 62035, 'lemna-minor-1.jpg', '[]', '2023-03-28 10:43:56', '2023-03-28 10:43:56', NULL),
(998, 1, 'Teucrium M V (1)', 0, 'image/jpeg', 62112, 'teucrium-m-v-1.jpg', '[]', '2023-03-28 10:46:21', '2023-03-28 10:46:21', NULL),
(999, 1, 'arnica oil', 0, 'image/png', 11744817, 'arnica-oil.png', '[]', '2023-04-05 06:12:45', '2023-04-05 06:12:45', NULL),
(1000, 1, 'hair oil', 0, 'image/jpeg', 114544, 'hair-oil.jpg', '[]', '2023-04-05 06:12:51', '2023-04-05 06:12:51', NULL),
(1001, 1, 'Ocimum Santctum', 0, 'image/jpeg', 59204, 'ocimum-santctum.jpg', '[]', '2023-04-07 04:05:10', '2023-04-07 04:05:10', NULL),
(1002, 1, 'Ocimum canum', 0, 'image/jpeg', 59029, 'ocimum-canum.jpg', '[]', '2023-04-07 04:10:21', '2023-04-07 04:10:21', NULL),
(1003, 1, 'IMG-20230419-WA0007', 0, 'image/jpeg', 199084, 'img-20230419-wa0007.jpg', '[]', '2023-04-19 05:59:51', '2023-04-19 05:59:51', NULL),
(1004, 1, 'IMG-20230419-WA0007-1', 0, 'image/jpeg', 199084, 'img-20230419-wa0007-1.jpg', '[]', '2023-04-19 05:59:55', '2023-04-19 05:59:55', NULL),
(1005, 1, 'ACONITUM NAPELLUS MOTHER TINCTURE 30ML', 0, 'image/png', 482568, 'aconitum-napellus-mother-tincture-30ml.png', '[]', '2023-04-21 05:37:08', '2023-04-21 05:37:08', NULL),
(1006, 1, 'Hydrastis Canadensis Q 100ml ', 0, 'image/jpeg', 59700, 'hydrastis-canadensis-q-100ml.jpg', '[]', '2023-05-17 05:40:41', '2023-05-17 05:40:41', NULL),
(1007, 1, '779241', 0, 'image/jpeg', 47348, '779241.jpg', '[]', '2023-05-29 05:56:09', '2023-05-29 05:56:09', NULL),
(1008, 1, '61LE13mv1vL._SL1080_ (1)', 12, 'image/jpeg', 115752, 'products/61le13mv1vl-sl1080-1.jpg', '[]', '2023-05-29 06:22:43', '2023-05-29 06:22:43', NULL),
(1009, 1, 'livkare-1', 0, 'image/jpeg', 72102, 'livkare-1.jpeg', '[]', '2023-05-30 08:19:57', '2023-05-30 08:19:57', NULL),
(1010, 1, 'image', 0, 'image/png', 396596, 'image.png', '[]', '2023-05-30 10:08:49', '2023-05-30 10:08:49', NULL),
(1011, 1, 'image-1', 0, 'image/png', 192652, 'image-1.png', '[]', '2023-06-01 08:22:05', '2023-06-01 08:22:05', NULL),
(1012, 1, 'image-2', 0, 'image/png', 285090, 'image-2.png', '[]', '2023-06-01 09:04:44', '2023-06-01 09:04:44', NULL),
(1013, 1, 'Chelidonium Majus 100ml', 0, 'image/png', 301142, 'chelidonium-majus-100ml.png', '[]', '2023-06-13 09:20:53', '2023-06-13 09:20:53', NULL),
(1014, 1, 'Carduus Marianus', 0, 'image/png', 300886, 'carduus-marianus.png', '[]', '2023-06-13 09:23:18', '2023-06-13 09:23:18', NULL),
(1015, 1, 'ldd-bioscience-canthazol-anti-dandruff-shampoo-100-ml-0-0 (2)', 0, 'image/png', 293376, 'ldd-bioscience-canthazol-anti-dandruff-shampoo-100-ml-0-0-2.png', '[]', '2023-07-01 08:56:54', '2023-07-01 08:56:54', NULL),
(1016, 1, 'Hitekare', 0, 'image/png', 708696, 'hitekare.png', '[]', '2023-07-07 07:32:37', '2023-07-07 07:32:37', NULL),
(1017, 1, 'osteonipp', 0, 'image/png', 840772, 'osteonipp.png', '[]', '2023-07-07 07:33:25', '2023-07-07 07:33:25', NULL),
(1018, 1, 'ARNICA-SHAMPOO-200-ML (1)', 0, 'image/jpeg', 67866, 'arnica-shampoo-200-ml-1.jpg', '[]', '2023-07-12 10:07:08', '2023-07-12 10:07:08', NULL),
(1019, 1, 'BD', 0, 'image/png', 492158, 'bd.png', '[]', '2023-07-19 06:49:47', '2023-07-19 06:49:47', NULL),
(1020, 1, '85 (1)', 12, 'image/jpeg', 85364, 'products/85-1.jpg', '[]', '2023-07-22 09:36:48', '2023-07-22 09:36:48', NULL),
(1021, 1, 'Screenshot 2023-08-19 170820', 0, 'image/jpeg', 63545, 'screenshot-2023-08-19-170820.jpg', '[]', '2023-08-19 11:38:41', '2023-08-19 11:38:41', NULL),
(1022, 0, 'Arun Photo 10 KB', 13, 'image/jpeg', 9766, 'customers/arun-photo-10-kb.jpg', '[]', '2023-09-02 16:58:58', '2023-09-02 16:58:58', NULL),
(1023, 1, 'LIPOMA BOTH PNG', 0, 'image/png', 1167382, 'lipoma-both-png.png', '[]', '2023-09-14 06:39:52', '2023-09-14 06:51:13', '2023-09-14 06:51:13'),
(1024, 1, 'CURARE 6 CH 30 ML NEW', 0, 'image/jpeg', 111727, 'curare-6-ch-30-ml-new.jpg', '[]', '2023-09-14 06:51:07', '2023-09-14 06:51:07', NULL),
(1025, 1, 'orthonip-1', 0, 'image/jpeg', 94474, 'orthonip-1.jpg', '[]', '2023-09-29 10:09:29', '2023-09-29 10:09:29', NULL),
(1026, 1, 'ortho', 0, 'image/jpeg', 78254, 'ortho.jpg', '[]', '2023-09-29 10:11:00', '2023-09-29 10:11:00', NULL),
(1027, 1, 'orthon', 0, 'image/jpeg', 103625, 'orthon.jpg', '[]', '2023-09-29 10:12:48', '2023-09-29 10:12:48', NULL),
(1028, 1, 'orthoni', 0, 'image/jpeg', 95792, 'orthoni.jpg', '[]', '2023-09-29 10:14:05', '2023-09-29 10:14:05', NULL),
(1029, 1, 'Ova-01', 0, 'image/jpeg', 71164, 'ova-01.jpg', '[]', '2023-10-25 06:27:52', '2023-10-25 06:27:52', NULL),
(1030, 1, 'Ova-01-1', 0, 'image/png', 135613, 'ova-01-1.png', '[]', '2023-10-25 06:28:56', '2023-10-25 06:28:56', NULL),
(1031, 1, 'Ova-02', 0, 'image/jpeg', 75361, 'ova-02.jpg', '[]', '2023-10-25 06:29:49', '2023-10-25 06:29:49', NULL),
(1032, 1, 'image-3', 0, 'image/jpeg', 16324, 'image-3.jpeg', '[]', '2023-11-25 06:23:55', '2023-11-25 06:23:55', NULL),
(1033, 1, 'image-3', 0, 'image/jpeg', 16324, 'image-3.jpeg', '[]', '2023-11-25 06:23:55', '2023-11-25 06:23:55', NULL),
(1034, 1, 'image-4', 0, 'image/jpeg', 22075, 'image-4.jpeg', '[]', '2023-11-25 06:23:55', '2023-11-25 06:23:55', NULL),
(1035, 1, 'image-5', 0, 'image/jpeg', 22892, 'image-5.jpeg', '[]', '2023-11-25 06:23:55', '2023-11-25 06:23:55', NULL),
(1036, 1, 'image-6', 0, 'image/png', 135349, 'image-6.png', '[]', '2023-11-25 06:23:55', '2023-11-25 06:23:55', NULL),
(1037, 1, 'image-7', 0, 'image/png', 146684, 'image-7.png', '[]', '2023-11-25 06:23:55', '2023-11-25 06:23:55', NULL),
(1038, 1, 'FUNGIKREM NEW PNG', 0, 'image/png', 603056, 'fungikrem-new-png.png', '[]', '2023-11-25 06:27:09', '2023-11-25 06:27:09', NULL),
(1039, 1, 'Fungikrem', 0, 'image/jpeg', 73489, 'fungikrem.jpg', '[]', '2023-11-25 06:30:15', '2023-11-25 06:30:15', NULL),
(1040, 1, 'WhatsApp Image 2024-01-03 at 13.42.23', 0, 'image/jpeg', 160711, 'whatsapp-image-2024-01-03-at-134223.jpeg', '[]', '2024-01-06 04:19:50', '2024-01-06 04:19:50', NULL),
(1041, 1, 'Vitamin D c', 0, 'image/jpeg', 115752, 'vitamin-d-c.jpg', '[]', '2024-01-27 10:28:33', '2024-01-27 10:28:33', NULL),
(1042, 1, '71d1Mtjvu3L._SL1080_', 0, 'image/jpeg', 138705, '71d1mtjvu3l-sl1080.jpg', '[]', '2024-01-27 10:48:05', '2024-01-27 10:48:05', NULL),
(1043, 1, 'hitekare-400x400', 0, 'image/png', 133718, 'hitekare-400x400.png', '[]', '2024-03-04 04:38:05', '2024-03-04 04:38:05', NULL),
(1044, 1, '112', 0, 'image/jpeg', 1794251, '112.jpg', '[]', '2024-03-04 04:44:55', '2024-03-04 04:44:55', NULL),
(1045, 1, 'ldd_bioscience_phytolacca_berry_tablet_25_gm_0_0', 0, 'image/jpeg', 1440054, 'ldd-bioscience-phytolacca-berry-tablet-25-gm-0-0.jpg', '[]', '2024-03-04 05:04:32', '2024-03-04 05:04:32', NULL),
(1046, 1, '361acb2163b147fdbc3e4a10dbdb4694', 0, 'image/webp', 44104, '361acb2163b147fdbc3e4a10dbdb4694.webp', '[]', '2024-03-20 06:42:19', '2024-03-20 06:42:19', NULL),
(1047, 1, 'osteonipp-1', 0, 'image/png', 840772, 'osteonipp-1.png', '[]', '2024-03-20 06:43:43', '2024-03-20 06:43:43', NULL),
(1048, 1, 'screenshot-2023-08-19-170820', 0, 'image/jpeg', 63545, 'screenshot-2023-08-19-170820.jpg', '[]', '2024-03-20 06:44:31', '2024-03-20 06:44:31', NULL),
(1049, 1, 'bger6l6jw1qxvwmkxqgl', 0, 'image/jpeg', 267496, 'bger6l6jw1qxvwmkxqgl.jpg', '[]', '2024-03-20 06:45:49', '2024-03-20 06:45:49', NULL),
(1050, 1, 'Arthafit - Truly Restores free movements of joints and cartilages', 0, 'image/jpeg', 17722, 'arthafit-truly-restores-free-movements-of-joints-and-cartilages.jpg', '[]', '2024-03-20 06:48:48', '2024-03-20 06:48:48', NULL),
(1051, 1, 'WhatsApp Image 2024-04-01 at 15.53.29_143cfcc5', 0, 'image/jpeg', 411220, 'whatsapp-image-2024-04-01-at-155329-143cfcc5.jpg', '[]', '2024-04-01 10:25:01', '2024-04-01 10:25:01', NULL),
(1052, 1, 'WhatsApp Image 2024-04-01 at 15.54.45_22630bf8', 0, 'image/jpeg', 361992, 'whatsapp-image-2024-04-01-at-155445-22630bf8.jpg', '[]', '2024-04-01 10:30:26', '2024-04-01 10:30:26', NULL),
(1053, 1, 'WhatsApp Image 2024-04-01 at 16.04.03_f72da5dc', 0, 'image/jpeg', 23955, 'whatsapp-image-2024-04-01-at-160403-f72da5dc.jpg', '[]', '2024-04-01 10:35:09', '2024-04-01 10:35:09', NULL),
(1054, 1, 'WhatsApp Image 2024-04-01 at 15.57.32_2f306ec6', 0, 'image/jpeg', 315665, 'whatsapp-image-2024-04-01-at-155732-2f306ec6.jpg', '[]', '2024-04-01 10:35:36', '2024-04-01 10:35:36', NULL),
(1055, 1, 'WhatsApp Image 2024-04-01 at 16.07.58_096ef8cb', 0, 'image/jpeg', 348604, 'whatsapp-image-2024-04-01-at-160758-096ef8cb.jpg', '[]', '2024-04-01 10:38:40', '2024-04-01 10:38:40', NULL),
(1056, 1, 'WhatsApp Image 2024-04-01 at 15.56.10_6b26ed43', 0, 'image/jpeg', 301179, 'whatsapp-image-2024-04-01-at-155610-6b26ed43.jpg', '[]', '2024-04-01 10:47:57', '2024-04-01 10:47:57', NULL),
(1057, 1, 'WhatsApp Image 2024-04-01 at 15.59.22_516711da', 0, 'image/jpeg', 409900, 'whatsapp-image-2024-04-01-at-155922-516711da.jpg', '[]', '2024-04-01 10:59:59', '2024-04-01 10:59:59', NULL),
(1058, 1, 'WhatsApp Image 2024-04-01 at 16.00.08_f676de1b', 0, 'image/jpeg', 379090, 'whatsapp-image-2024-04-01-at-160008-f676de1b.jpg', '[]', '2024-04-01 11:26:38', '2024-04-01 11:26:38', NULL),
(1059, 1, 'ldd-bioscinece', 0, 'image/jpeg', 35862, 'ldd-bioscinece.jpg', '[]', '2024-04-17 17:27:07', '2024-04-17 17:27:07', NULL),
(1060, 1, 'img-ldd', 0, 'image/jpeg', 48420, 'img-ldd.jpg', '[]', '2024-04-17 17:28:27', '2024-04-17 17:28:27', NULL),
(1061, 1, 'ldd2', 0, 'image/jpeg', 7131, 'ldd2.jpg', '[]', '2024-04-17 17:29:10', '2024-04-17 17:29:10', NULL),
(1062, 1, 'herbal-food-supplements', 0, 'image/png', 61868, 'herbal-food-supplements.png', '[]', '2024-04-17 17:29:29', '2024-04-17 17:29:29', NULL),
(1063, 1, 'cosfactory', 0, 'image/jpeg', 16229, 'cosfactory.jpg', '[]', '2024-04-17 17:30:22', '2024-04-17 17:30:22', NULL),
(1064, 1, 'cosmetic', 0, 'image/jpeg', 84077, 'cosmetic.jpg', '[]', '2024-04-17 17:30:53', '2024-04-17 17:30:53', NULL),
(1065, 1, 'img-ldd2', 0, 'image/jpeg', 21322, 'img-ldd2.jpg', '[]', '2024-04-17 17:31:31', '2024-04-17 17:31:31', NULL),
(1066, 1, 'lddbioscienceproductsld-43-acne-drops', 0, 'image/jpeg', 109816, 'lddbioscienceproductsld-43-acne-drops.jpg', '[]', '2024-04-19 06:58:19', '2024-04-19 06:58:19', NULL),
(1067, 1, 'lddbioscienceproductsld-43-acne-drops-1', 0, 'image/jpeg', 109816, 'lddbioscienceproductsld-43-acne-drops-1.jpg', '[]', '2024-04-19 06:59:43', '2024-04-19 06:59:43', NULL),
(1068, 1, 'ld-43-acne-drops', 0, 'image/jpeg', 23524, 'ld-43-acne-drops.jpg', '[]', '2024-04-19 07:01:21', '2024-04-19 07:01:21', NULL),
(1069, 1, 'ldddoctorback', 0, 'image/jpeg', 118661, 'ldddoctorback.jpeg', '[]', '2024-04-22 04:09:44', '2024-04-22 04:09:44', NULL),
(1070, 1, 'image-8', 0, 'image/png', 6178, 'image-8.png', '[]', '2024-05-01 07:14:40', '2024-05-01 07:14:40', NULL),
(1071, 1, 'arnica sampoo', 0, 'image/jpeg', 98859, 'arnica-sampoo.jpg', '[]', '2024-05-04 08:12:10', '2024-05-04 08:12:10', NULL),
(1072, 1, 'fungi krem and fungiqure post', 0, 'image/jpeg', 322867, 'fungi-krem-and-fungiqure-post.jpg', '[]', '2024-05-11 07:21:00', '2024-05-11 07:21:00', NULL),
(1073, 1, 'WhatsApp Image 2024-05-11 at 12.46.32_eb936bb2', 0, 'image/jpeg', 209910, 'whatsapp-image-2024-05-11-at-124632-eb936bb2.jpg', '[]', '2024-05-11 07:21:01', '2024-05-11 07:21:01', NULL),
(1074, 1, 'fungi krem and fungiqure post-1', 0, 'image/jpeg', 322867, 'fungi-krem-and-fungiqure-post-1.jpg', '[]', '2024-05-11 07:21:21', '2024-05-11 07:21:21', NULL),
(1075, 1, 'WhatsApp Image 2024-05-23 at 14.41.24_eb3463cf', 0, 'image/jpeg', 81349, 'whatsapp-image-2024-05-23-at-144124-eb3463cf.jpg', '[]', '2024-05-23 09:33:01', '2024-05-23 09:33:01', NULL),
(1076, 1, 'WhatsApp Image 2024-05-23 at 14.41.24_8c4b1ea5', 0, 'image/jpeg', 56530, 'whatsapp-image-2024-05-23-at-144124-8c4b1ea5.jpg', '[]', '2024-05-23 09:49:00', '2024-05-23 09:49:00', NULL),
(1077, 1, 'WhatsApp Image 2024-05-23 at 14.41.24_78de94fb', 0, 'image/jpeg', 79934, 'whatsapp-image-2024-05-23-at-144124-78de94fb.jpg', '[]', '2024-05-23 09:49:01', '2024-05-23 09:49:01', NULL),
(1078, 0, 'delete-gmail-account', 13, 'image/png', 7096, 'customers/delete-gmail-account.png', '[]', '2024-05-30 10:41:05', '2024-05-30 10:41:05', NULL),
(1079, 0, 'delete-gmail-account-1', 13, 'image/png', 7096, 'customers/delete-gmail-account-1.png', '[]', '2024-05-30 10:44:07', '2024-05-30 10:44:07', NULL),
(1080, 0, 'delete-gmail-account-2', 13, 'image/png', 7096, 'customers/delete-gmail-account-2.png', '[]', '2024-05-30 10:44:35', '2024-05-30 10:44:35', NULL),
(1081, 0, 'delete-gmail-account.php', 13, 'image/png', 7096, 'customers/delete-gmail-accountphp.png', '[]', '2024-05-30 10:44:43', '2024-05-30 10:44:43', NULL),
(1082, 0, 'delete-gmail-account.%00.php', 13, 'image/png', 7096, 'customers/delete-gmail-account00php.png', '[]', '2024-05-30 10:44:55', '2024-05-30 10:44:55', NULL),
(1083, 0, 'delete-gmail-account-3', 13, 'text/plain', 7096, 'customers/delete-gmail-account-3.txt', '[]', '2024-05-30 10:45:17', '2024-05-30 10:45:17', NULL),
(1084, 0, 'delete-gmail-account-4', 13, 'application/pdf', 7096, 'customers/delete-gmail-account-4.pdf', '[]', '2024-05-30 10:45:48', '2024-05-30 10:45:48', NULL),
(1085, 0, '1-1', 13, 'text/plain', 7096, 'customers/1-1.txt', '[]', '2024-05-30 10:46:28', '2024-05-30 10:46:28', NULL),
(1086, 0, '1-2', 13, 'text/plain', 7096, 'customers/1-2.txt', '[]', '2024-05-30 10:46:38', '2024-05-30 10:46:38', NULL),
(1087, 1, 'LDD BIOSCIENCE Understanding Your Menstrual Cycle Tips for a Healthier Period', 0, 'image/jpeg', 316186, 'ldd-bioscience-understanding-your-menstrual-cycle-tips-for-a-healthier-period.jpeg', '[]', '2024-05-31 05:30:30', '2024-05-31 05:30:30', NULL),
(1088, 1, 'Understanding Your Menstrual Cycle Tips for a Healthier Period', 0, 'image/jpeg', 197042, 'understanding-your-menstrual-cycle-tips-for-a-healthier-period.jpg', '[]', '2024-06-04 06:14:22', '2024-06-04 06:14:22', NULL),
(1089, 1, 'ldd bioscience arnica gold and arnica hair oil', 0, 'image/jpeg', 714715, 'ldd-bioscience-arnica-gold-and-arnica-hair-oil.jpg', '[]', '2024-07-01 11:17:55', '2024-07-01 11:17:55', NULL),
(1090, 1, 'WhatsApp Image 2024-06-20 at 16.11.53_9d52c0be', 0, 'image/jpeg', 553702, 'whatsapp-image-2024-06-20-at-161153-9d52c0be.jpg', '[]', '2024-07-04 09:19:24', '2024-07-04 09:19:24', NULL),
(1091, 1, 'Black Gold Glitter Luxury New Cosmetic Product Banner (1920 x 800 px)', 0, 'image/jpeg', 1043869, 'black-gold-glitter-luxury-new-cosmetic-product-banner-1920-x-800-px.jpg', '[]', '2024-10-24 09:00:59', '2024-10-24 09:00:59', NULL),
(1092, 1, 'Green and White Minimalist New Release Perfume Features Instagram Post', 0, 'image/jpeg', 975294, 'green-and-white-minimalist-new-release-perfume-features-instagram-post.jpg', '[]', '2024-10-25 10:18:31', '2024-10-25 10:18:31', NULL),
(1093, 1, 'Organic Cosmetic New Product Instagram Post', 0, 'image/jpeg', 538690, 'organic-cosmetic-new-product-instagram-post.jpg', '[]', '2024-10-25 10:19:34', '2024-10-25 10:19:34', NULL),
(1094, 0, '1729230909922', 13, 'image/jpeg', 7743, 'customers/1729230909922.jpg', '[]', '2024-10-28 02:19:58', '2024-10-28 02:19:58', NULL),
(1095, 1, 'anas-barbariae', 0, 'image/jpeg', 24277, 'anas-barbariae.jpg', '[]', '2024-11-26 06:17:55', '2024-11-26 06:17:55', NULL),
(1096, 1, 'ortho-150x150', 0, 'image/jpeg', 9329, 'ortho-150x150.jpg', '[]', '2024-12-14 08:32:21', '2024-12-14 08:32:21', NULL),
(1097, 1, 'ldd-biosciences-orthonip-for-maintaining-strength-flexibility-of-bone-cartilages-60-tab-po1-60-tablets-product-images-orvbfstu2xm-p609553255-1-202407221149', 0, 'image/jpeg', 49245, 'ldd-biosciences-orthonip-for-maintaining-strength-flexibility-of-bone-cartilages-60-tab-po1-60-tablets-product-images-orvbfstu2xm-p609553255-1-202407221149.jpg', '[]', '2024-12-14 08:34:10', '2024-12-14 08:34:10', NULL),
(1098, 1, 'WhatsApp Image 2024-12-14 at 14.07.51_f20af70d', 0, 'image/jpeg', 196526, 'whatsapp-image-2024-12-14-at-140751-f20af70d.jpg', '[]', '2024-12-14 08:39:27', '2024-12-14 08:39:27', NULL),
(1099, 1, 'Blog Banner for Website Content', 0, 'image/png', 2920729, 'blog-banner-for-website-content.png', '[]', '2025-01-27 12:03:41', '2025-01-27 12:03:41', NULL),
(1100, 1, 'WhatsApp Image 2025-01-28 at 11.03.46_375238d3', 0, 'image/jpeg', 403031, 'whatsapp-image-2025-01-28-at-110346-375238d3.jpg', '[]', '2025-01-28 05:36:15', '2025-01-28 05:36:15', NULL),
(1101, 1, 'WhatsApp Image 2025-01-28 at 11.20.30_26e2e47b', 0, 'image/jpeg', 395015, 'whatsapp-image-2025-01-28-at-112030-26e2e47b.jpg', '[]', '2025-01-28 06:27:51', '2025-01-28 06:27:51', NULL),
(1102, 1, 'Deprokare', 0, 'image/png', 864729, 'deprokare.png', '[]', '2025-04-24 11:20:49', '2025-04-24 11:20:49', NULL),
(1103, 1, 'Deprokare-1', 0, 'image/jpeg', 103770, 'deprokare-1.jpg', '[]', '2025-04-24 12:01:42', '2025-04-24 12:01:42', NULL),
(1104, 1, 'cocmed crtn', 0, 'image/jpeg', 224567, 'cocmed-crtn.jpg', '[]', '2025-04-25 06:42:07', '2025-04-25 06:42:07', NULL),
(1105, 1, 'cocmed crtn_', 0, 'image/jpeg', 165960, 'cocmed-crtn.jpg', '[]', '2025-04-25 06:42:08', '2025-04-25 06:42:08', NULL),
(1106, 1, 'cocmed crtn-1', 0, 'image/jpeg', 224567, 'cocmed-crtn-1.jpg', '[]', '2025-04-25 06:42:29', '2025-04-25 06:42:29', NULL),
(1107, 1, 'fabi syrup crtn', 0, 'image/jpeg', 215093, 'fabi-syrup-crtn.jpg', '[]', '2025-04-25 07:09:54', '2025-04-25 07:09:54', NULL),
(1108, 1, 'fabi syrup crtn_', 0, 'image/jpeg', 186094, 'fabi-syrup-crtn.jpg', '[]', '2025-04-25 07:09:54', '2025-04-25 07:09:54', NULL),
(1109, 1, 'fabi syrup crtn-1', 0, 'image/jpeg', 215093, 'fabi-syrup-crtn-1.jpg', '[]', '2025-04-25 07:12:22', '2025-04-25 07:12:22', NULL),
(1110, 1, 'RAIZI E Drops_', 0, 'image/jpeg', 184461, 'raizi-e-drops.jpg', '[]', '2025-04-25 07:43:49', '2025-04-25 07:43:49', NULL),
(1111, 1, 'RAIZI E Drops', 0, 'image/jpeg', 247947, 'raizi-e-drops.jpg', '[]', '2025-04-25 07:43:54', '2025-04-25 07:43:54', NULL),
(1112, 1, 'RAIZI E Drops-1', 0, 'image/jpeg', 247947, 'raizi-e-drops-1.jpg', '[]', '2025-04-25 07:44:06', '2025-04-25 07:44:06', NULL),
(1113, 1, 'Stonokid crtn', 0, 'image/jpeg', 174702, 'stonokid-crtn.jpg', '[]', '2025-04-25 08:38:02', '2025-04-25 08:38:02', NULL),
(1114, 1, 'Prostasynk crtn', 0, 'image/jpeg', 175747, 'prostasynk-crtn.jpg', '[]', '2025-04-25 09:32:11', '2025-04-25 09:32:11', NULL),
(1115, 1, 'Deprokare Crtn', 0, 'image/jpeg', 163878, 'deprokare-crtn.jpg', '[]', '2025-04-25 10:03:18', '2025-04-25 10:03:18', NULL),
(1116, 1, 'flamekid (3)', 0, 'image/png', 5870926, 'flamekid-3.png', '[]', '2025-04-29 09:52:54', '2025-04-29 09:53:37', '2025-04-29 09:53:37'),
(1117, 1, 'flamekid (3)-1', 0, 'image/jpeg', 2050614, 'flamekid-3-1.jpg', '[]', '2025-04-29 09:58:10', '2025-04-29 09:58:10', NULL),
(1118, 1, 'flamekid (3)-2', 0, 'image/jpeg', 2050614, 'flamekid-3-2.jpg', '[]', '2025-04-29 09:58:27', '2025-04-29 09:58:27', NULL),
(1119, 1, 'sinurid_', 0, 'image/png', 8368687, 'sinurid.png', '[]', '2025-04-29 10:15:53', '2025-04-29 10:18:05', '2025-04-29 10:18:05'),
(1120, 1, 'sinurid_-1', 0, 'image/jpeg', 2929561, 'sinurid-1.jpg', '[]', '2025-04-29 10:18:01', '2025-04-29 10:18:01', NULL),
(1121, 1, 'PNG (2)', 0, 'image/png', 1247562, 'png-2.png', '[]', '2025-04-29 10:44:54', '2025-04-29 10:44:54', NULL),
(1122, 1, 'APPETISER (3)', 0, 'image/png', 4481278, 'appetiser-3.png', '[]', '2025-04-29 11:39:12', '2025-04-29 11:39:12', NULL),
(1123, 1, 'image-1-1', 0, 'image/png', 192652, 'image-1-1.png', '[]', '2025-04-29 11:49:02', '2025-04-29 11:49:02', NULL),
(1124, 1, 'LDD Bioscience Koughfix Syrup 100ml', 0, 'image/jpeg', 88855, 'ldd-bioscience-koughfix-syrup-100ml.jpg', '[]', '2025-04-30 06:42:57', '2025-04-30 07:17:03', '2025-04-30 07:17:03'),
(1125, 1, 'LDD Bioscience Koughfix Syrup 100ml (1)', 0, 'image/jpeg', 110539, 'ldd-bioscience-koughfix-syrup-100ml-1.jpg', '[]', '2025-04-30 06:47:11', '2025-04-30 07:16:57', '2025-04-30 07:16:57'),
(1126, 1, 'LDD Bioscience Koughfix Syrup 100ml (2)', 0, 'image/jpeg', 88889, 'ldd-bioscience-koughfix-syrup-100ml-2.jpg', '[]', '2025-04-30 06:52:35', '2025-04-30 07:16:44', '2025-04-30 07:16:44'),
(1127, 1, 'LDD Bioscience Koughfix Syrup 100ml (3)', 0, 'image/jpeg', 110400, 'ldd-bioscience-koughfix-syrup-100ml-3.jpg', '[]', '2025-04-30 07:16:36', '2025-04-30 07:16:36', NULL),
(1128, 1, 'LDD Bioscience Koughfix Syrup 100ml (4)', 0, 'image/jpeg', 88852, 'ldd-bioscience-koughfix-syrup-100ml-4.jpg', '[]', '2025-04-30 07:17:11', '2025-04-30 07:17:11', NULL),
(1129, 1, 'LDD Bioscience Koughfix Syrup 100ml (5)', 0, 'image/jpeg', 85485, 'ldd-bioscience-koughfix-syrup-100ml-5.jpg', '[]', '2025-04-30 08:32:05', '2025-04-30 08:32:05', NULL),
(1130, 1, 'LDD Bioscience Koughfix Syrup 100ml (6)', 0, 'image/jpeg', 116784, 'ldd-bioscience-koughfix-syrup-100ml-6.jpg', '[]', '2025-04-30 09:17:39', '2025-04-30 09:17:39', NULL),
(1131, 1, 'LDD Bioscience Koughfix Syrup 100ml (7)', 0, 'image/jpeg', 103285, 'ldd-bioscience-koughfix-syrup-100ml-7.jpg', '[]', '2025-04-30 10:18:02', '2025-04-30 10:18:02', NULL),
(1132, 1, 'LDD Bioscience Koughfix Syrup 100ml (8)', 0, 'image/jpeg', 126421, 'ldd-bioscience-koughfix-syrup-100ml-8.jpg', '[]', '2025-04-30 11:07:19', '2025-04-30 11:07:19', NULL),
(1133, 1, 'Shilajit PNG', 0, 'image/png', 406428, 'shilajit-png.png', '[]', '2025-06-27 09:33:29', '2025-06-27 09:33:29', NULL),
(1134, 1, 'Folic plus advance', 0, 'image/png', 363190, 'folic-plus-advance.png', '[]', '2025-06-27 11:52:32', '2025-06-27 11:52:32', NULL),
(1135, 1, 'B12', 0, 'image/png', 167649, 'b12.png', '[]', '2025-06-27 11:56:59', '2025-06-27 11:56:59', NULL),
(1136, 1, 'PILOVEX', 0, 'image/png', 465758, 'pilovex.png', '[]', '2025-06-27 12:00:40', '2025-06-27 12:00:40', NULL),
(1137, 1, 'LDDBIOSCIENCESHILAJITGOLD', 0, 'image/jpeg', 101883, 'lddbioscienceshilajitgold.jpeg', '[]', '2025-08-28 09:21:53', '2025-08-28 09:21:53', NULL),
(1138, 1, 'Buy Cardiac Care Products Online- What You Need to Know', 0, 'image/jpeg', 68577, 'buy-cardiac-care-products-online-what-you-need-to-know.jpg', '[]', '2025-09-11 05:38:45', '2025-09-11 05:38:45', NULL);
INSERT INTO `media_files` (`id`, `user_id`, `name`, `folder_id`, `mime_type`, `size`, `url`, `options`, `created_at`, `updated_at`, `deleted_at`) VALUES
(1139, 0, 'FB_IMG_1625130310907', 13, 'image/jpeg', 45056, 'customers/fb-img-1625130310907.jpg', '[]', '2025-10-02 21:25:18', '2025-10-02 21:25:18', NULL);

-- --------------------------------------------------------

--
